INSERT INTO `global_cities` (`id`, `name`, `state_id`, `state_code`, `country_id`, `country_code`, `latitude`, `longitude`, `created_at`, `updated_on`, `flag`, `wikiDataId`) VALUES
(146114, 'Tiep', 1324, 'ABR', 174, 'PH', '16.23833333', '119.86083333', '2020-10-24 14:38:07', '2022-03-08 16:22:31', 1, 'Q31555457'),
(146115, 'Toboy', 1324, 'ABR', 174, 'PH', '16.02722222', '120.63694444', '2020-10-24 14:38:07', '2022-03-08 16:22:31', 1, 'Q31557872'),
(146116, 'Tobuan', 1324, 'ABR', 174, 'PH', '16.05555556', '120.11027778', '2020-10-24 14:38:07', '2022-03-08 16:22:31', 1, 'Q31557889'),
(146117, 'Tococ East', 1324, 'ABR', 174, 'PH', '15.82500000', '120.42611111', '2020-10-24 14:38:07', '2022-03-08 16:22:31', 1, 'Q31557905'),
(146118, 'Tocok', 1324, 'ABR', 174, 'PH', '15.75000000', '120.30000000', '2020-10-24 14:38:07', '2022-03-08 16:22:31', 1, 'Q31557941'),
(146119, 'Tombod', 1324, 'ABR', 174, 'PH', '15.93166667', '120.56722222', '2020-10-24 14:38:07', '2022-03-08 16:22:31', 1, 'Q31558640'),
(146120, 'Tondol', 1324, 'ABR', 174, 'PH', '16.31027778', '120.01305556', '2020-10-24 14:38:07', '2022-03-08 16:22:31', 1, 'Q31558917'),
(146121, 'Toritori', 1324, 'ABR', 174, 'PH', '16.23833333', '119.99555556', '2020-10-24 14:38:07', '2022-03-08 16:22:31', 1, 'Q31559209'),
(146122, 'Tubao', 1324, 'ABR', 174, 'PH', '16.35000000', '120.41666667', '2020-10-24 14:38:07', '2022-03-08 16:22:31', 1, 'Q40562'),
(146123, 'Umanday Centro', 1324, 'ABR', 174, 'PH', '15.93805556', '120.21527778', '2020-10-24 14:38:07', '2022-03-08 16:22:31', 1, 'Q31567634'),
(146124, 'Umingan', 1324, 'ABR', 174, 'PH', '15.90000000', '120.80000000', '2020-10-24 14:38:07', '2022-03-08 16:22:31', 1, 'Q43152'),
(146125, 'Unzad', 1324, 'ABR', 174, 'PH', '15.91888889', '120.53916667', '2020-10-24 14:38:07', '2022-03-08 16:22:31', 1, 'Q31568647'),
(146126, 'Urbiztondo', 1324, 'ABR', 174, 'PH', '15.82270000', '120.32950000', '2020-10-24 14:38:07', '2022-03-08 16:22:31', 1, 'Q43154'),
(146127, 'Urdaneta', 1324, 'ABR', 174, 'PH', '15.97611111', '120.57111111', '2020-10-24 14:38:07', '2022-03-08 16:22:31', 1, 'Q43168'),
(146128, 'Uyong', 1324, 'ABR', 174, 'PH', '16.05000000', '120.12083333', '2020-10-24 14:38:07', '2022-03-08 16:22:31', 1, 'Q31570082'),
(146129, 'Vigan', 1324, 'ABR', 174, 'PH', '17.57472000', '120.38694000', '2020-10-24 14:38:07', '2022-03-08 16:22:31', 1, 'Q235004'),
(146130, 'Villasis', 1324, 'ABR', 174, 'PH', '15.90000000', '120.58333333', '2020-10-24 14:38:07', '2022-03-08 16:22:31', 1, 'Q43157'),
(146131, 'Vintar', 1324, 'ABR', 174, 'PH', '18.22500000', '120.65000000', '2020-10-24 14:38:07', '2022-03-08 16:22:31', 1, 'Q39694'),
(146132, 'Zaragoza', 1324, 'ABR', 174, 'PH', '16.38722222', '119.94416667', '2020-10-24 14:38:07', '2022-03-08 16:22:31', 1, 'Q31596321');

-- --------------------------------------------------------

--
-- Table structure for table `global_configuration`
--

CREATE TABLE `global_configuration` (
  `relative` varchar(50) NOT NULL COMMENT 'UUID data',
  `users_sid` varchar(50) NOT NULL COMMENT 'Related to users table',
  `enable_register` enum('Y','N') CHARACTER SET utf8mb3 COLLATE utf8mb3_general_ci NOT NULL DEFAULT 'N',
  `area_id` int DEFAULT NULL COMMENT 'Related to catalogs	= AREA',
  `cargo_id` int DEFAULT NULL COMMENT 'Related to catalogs	= CARGO',
  `status` enum('A','X') NOT NULL DEFAULT 'A',
  `created_at` datetime NOT NULL DEFAULT CURRENT_TIMESTAMP,
  `updated_at` datetime DEFAULT NULL
) ENGINE=InnoDB DEFAULT CHARSET=utf8mb3;

--
-- Dumping data for table `global_configuration`
--

INSERT INTO `global_configuration` (`relative`, `users_sid`, `enable_register`, `area_id`, `cargo_id`, `status`, `created_at`, `updated_at`) VALUES
('e9bdc4b7-5470-4ac3-87ff-4aae279cc9b3', '69abe0de-7812-41bd-9124-6a7238aee7d1', 'Y', 54, 180, 'A', '2022-12-24 15:30:45', '2022-12-24 15:30:45');

-- --------------------------------------------------------

--
-- Table structure for table `global_countries`
--

CREATE TABLE `global_countries` (
  `id` mediumint UNSIGNED NOT NULL,
  `name` varchar(100) CHARACTER SET utf8mb4 COLLATE utf8mb4_unicode_ci NOT NULL,
  `iso3` char(3) CHARACTER SET utf8mb4 COLLATE utf8mb4_unicode_ci DEFAULT NULL,
  `iso2` char(2) CHARACTER SET utf8mb4 COLLATE utf8mb4_unicode_ci DEFAULT NULL,
  `phonecode` varchar(255) CHARACTER SET utf8mb4 COLLATE utf8mb4_unicode_ci DEFAULT NULL,
  `capital` varchar(255) CHARACTER SET utf8mb4 COLLATE utf8mb4_unicode_ci DEFAULT NULL,
  `currency` varchar(255) CHARACTER SET utf8mb4 COLLATE utf8mb4_unicode_ci DEFAULT NULL,
  `native` varchar(255) CHARACTER SET utf8mb4 COLLATE utf8mb4_unicode_ci DEFAULT NULL,
  `emoji` varchar(191) CHARACTER SET utf8mb4 COLLATE utf8mb4_unicode_ci DEFAULT NULL,
  `emojiU` varchar(191) CHARACTER SET utf8mb4 COLLATE utf8mb4_unicode_ci DEFAULT NULL,
  `created_at` timestamp NULL DEFAULT NULL,
  `updated_at` timestamp NOT NULL DEFAULT CURRENT_TIMESTAMP ON UPDATE CURRENT_TIMESTAMP,
  `flag` tinyint(1) NOT NULL DEFAULT '1',
  `wikiDataId` varchar(255) CHARACTER SET utf8mb4 COLLATE utf8mb4_unicode_ci DEFAULT NULL COMMENT 'Rapid API GeoDB Cities'
) ENGINE=InnoDB DEFAULT CHARSET=utf8mb4 COLLATE=utf8mb4_unicode_ci;

--
-- Dumping data for table `global_countries`
--

INSERT INTO `global_countries` (`id`, `name`, `iso3`, `iso2`, `phonecode`, `capital`, `currency`, `native`, `emoji`, `emojiU`, `created_at`, `updated_at`, `flag`, `wikiDataId`) VALUES
(1, 'Afghanistan', 'AFG', 'AF', '93', 'Kabul', 'AFN', 'افغانستان', '🇦🇫', 'U+1F1E6 U+1F1EB', '2018-07-20 20:11:03', '2022-03-08 16:22:31', 1, 'Q889'),
(2, 'Aland Islands', 'ALA', 'AX', '+358-18', 'Mariehamn', 'EUR', 'Åland', '🇦🇽', 'U+1F1E6 U+1F1FD', '2018-07-20 20:11:03', '2022-03-08 16:22:31', 1, NULL),
(3, 'Albania', 'ALB', 'AL', '355', 'Tirana', 'ALL', 'Shqipëria', '🇦🇱', 'U+1F1E6 U+1F1F1', '2018-07-20 20:11:03', '2022-03-08 16:22:31', 1, 'Q222'),
(4, 'Algeria', 'DZA', 'DZ', '213', 'Algiers', 'DZD', 'الجزائر', '🇩🇿', 'U+1F1E9 U+1F1FF', '2018-07-20 20:11:03', '2022-03-08 16:22:31', 1, 'Q262'),
(5, 'American Samoa', 'ASM', 'AS', '+1-684', 'Pago Pago', 'USD', 'American Samoa', '🇦🇸', 'U+1F1E6 U+1F1F8', '2018-07-20 20:11:03', '2022-03-08 16:22:31', 1, NULL),
(6, 'Andorra', 'AND', 'AD', '376', 'Andorra la Vella', 'EUR', 'Andorra', '🇦🇩', 'U+1F1E6 U+1F1E9', '2018-07-20 20:11:03', '2022-03-08 16:22:31', 1, 'Q228'),
(7, 'Angola', 'AGO', 'AO', '244', 'Luanda', 'AOA', 'Angola', '🇦🇴', 'U+1F1E6 U+1F1F4', '2018-07-20 20:11:03', '2022-03-08 16:22:31', 1, 'Q916'),
(8, 'Anguilla', 'AIA', 'AI', '+1-264', 'The Valley', 'XCD', 'Anguilla', '🇦🇮', 'U+1F1E6 U+1F1EE', '2018-07-20 20:11:03', '2022-03-08 16:22:31', 1, NULL),
(9, 'Antarctica', 'ATA', 'AQ', '', '', '', 'Antarctica', '🇦🇶', 'U+1F1E6 U+1F1F6', '2018-07-20 20:11:03', '2022-03-08 16:22:31', 1, NULL),
(10, 'Antigua And Barbuda', 'ATG', 'AG', '+1-268', 'St. John\'s', 'XCD', 'Antigua and Barbuda', '🇦🇬', 'U+1F1E6 U+1F1EC', '2018-07-20 20:11:03', '2022-03-08 16:22:31', 1, 'Q781'),
(11, 'Argentina', 'ARG', 'AR', '54', 'Buenos Aires', 'ARS', 'Argentina', '🇦🇷', 'U+1F1E6 U+1F1F7', '2018-07-20 20:11:03', '2022-03-08 16:22:31', 1, 'Q414'),
(12, 'Armenia', 'ARM', 'AM', '374', 'Yerevan', 'AMD', 'Հայաստան', '🇦🇲', 'U+1F1E6 U+1F1F2', '2018-07-20 20:11:03', '2022-03-08 16:22:31', 1, 'Q399'),
(13, 'Aruba', 'ABW', 'AW', '297', 'Oranjestad', 'AWG', 'Aruba', '🇦🇼', 'U+1F1E6 U+1F1FC', '2018-07-20 20:11:03', '2022-03-08 16:22:31', 1, NULL),
(14, 'Australia', 'AUS', 'AU', '61', 'Canberra', 'AUD', 'Australia', '🇦🇺', 'U+1F1E6 U+1F1FA', '2018-07-20 20:11:03', '2022-03-08 16:22:31', 1, 'Q408'),
(15, 'Austria', 'AUT', 'AT', '43', 'Vienna', 'EUR', 'Österreich', '🇦🇹', 'U+1F1E6 U+1F1F9', '2018-07-20 20:11:03', '2022-03-08 16:22:31', 1, 'Q40'),
(16, 'Azerbaijan', 'AZE', 'AZ', '994', 'Baku', 'AZN', 'Azərbaycan', '🇦🇿', 'U+1F1E6 U+1F1FF', '2018-07-20 20:11:03', '2022-03-08 16:22:31', 1, 'Q227'),
(17, 'Bahamas The', 'BHS', 'BS', '+1-242', 'Nassau', 'BSD', 'Bahamas', '🇧🇸', 'U+1F1E7 U+1F1F8', '2018-07-20 20:11:03', '2022-03-08 16:22:31', 1, 'Q778'),
(18, 'Bahrain', 'BHR', 'BH', '973', 'Manama', 'BHD', '‏البحرين', '🇧🇭', 'U+1F1E7 U+1F1ED', '2018-07-20 20:11:03', '2022-03-08 16:22:31', 1, 'Q398'),
(19, 'Bangladesh', 'BGD', 'BD', '880', 'Dhaka', 'BDT', 'Bangladesh', '🇧🇩', 'U+1F1E7 U+1F1E9', '2018-07-20 20:11:03', '2022-03-08 16:22:31', 1, 'Q902'),
(20, 'Barbados', 'BRB', 'BB', '+1-246', 'Bridgetown', 'BBD', 'Barbados', '🇧🇧', 'U+1F1E7 U+1F1E7', '2018-07-20 20:11:03', '2022-03-08 16:22:31', 1, 'Q244'),
(21, 'Belarus', 'BLR', 'BY', '375', 'Minsk', 'BYN', 'Белару́сь', '🇧🇾', 'U+1F1E7 U+1F1FE', '2018-07-20 20:11:03', '2022-03-08 16:22:31', 1, 'Q184'),
(22, 'Belgium', 'BEL', 'BE', '32', 'Brussels', 'EUR', 'België', '🇧🇪', 'U+1F1E7 U+1F1EA', '2018-07-20 20:11:03', '2022-03-08 16:22:31', 1, 'Q31'),
(23, 'Belize', 'BLZ', 'BZ', '501', 'Belmopan', 'BZD', 'Belize', '🇧🇿', 'U+1F1E7 U+1F1FF', '2018-07-20 20:11:03', '2022-03-08 16:22:31', 1, 'Q242'),
(24, 'Benin', 'BEN', 'BJ', '229', 'Porto-Novo', 'XOF', 'Bénin', '🇧🇯', 'U+1F1E7 U+1F1EF', '2018-07-20 20:11:03', '2022-03-08 16:22:31', 1, 'Q962'),
(25, 'Bermuda', 'BMU', 'BM', '+1-441', 'Hamilton', 'BMD', 'Bermuda', '🇧🇲', 'U+1F1E7 U+1F1F2', '2018-07-20 20:11:03', '2022-03-08 16:22:31', 1, NULL),
(26, 'Bhutan', 'BTN', 'BT', '975', 'Thimphu', 'BTN', 'ʼbrug-yul', '🇧🇹', 'U+1F1E7 U+1F1F9', '2018-07-20 20:11:03', '2022-03-08 16:22:31', 1, 'Q917'),
(27, 'Bolivia', 'BOL', 'BO', '591', 'Sucre', 'BOB', 'Bolivia', '🇧🇴', 'U+1F1E7 U+1F1F4', '2018-07-20 20:11:03', '2022-03-08 16:22:31', 1, 'Q750'),
(28, 'Bosnia and Herzegovina', 'BIH', 'BA', '387', 'Sarajevo', 'BAM', 'Bosna i Hercegovina', '🇧🇦', 'U+1F1E7 U+1F1E6', '2018-07-20 20:11:03', '2022-03-08 16:22:31', 1, 'Q225'),
(29, 'Botswana', 'BWA', 'BW', '267', 'Gaborone', 'BWP', 'Botswana', '🇧🇼', 'U+1F1E7 U+1F1FC', '2018-07-20 20:11:03', '2022-03-08 16:22:31', 1, 'Q963'),
(30, 'Bouvet Island', 'BVT', 'BV', '', '', 'NOK', 'Bouvetøya', '🇧🇻', 'U+1F1E7 U+1F1FB', '2018-07-20 20:11:03', '2022-03-08 16:22:31', 1, NULL),
(31, 'Brazil', 'BRA', 'BR', '55', 'Brasilia', 'BRL', 'Brasil', '🇧🇷', 'U+1F1E7 U+1F1F7', '2018-07-20 20:11:03', '2022-03-08 16:22:31', 1, 'Q155'),
(32, 'British Indian Ocean Territory', 'IOT', 'IO', '246', 'Diego Garcia', 'USD', 'British Indian Ocean Territory', '🇮🇴', 'U+1F1EE U+1F1F4', '2018-07-20 20:11:03', '2022-03-08 16:22:31', 1, NULL),
(33, 'Brunei', 'BRN', 'BN', '673', 'Bandar Seri Begawan', 'BND', 'Negara Brunei Darussalam', '🇧🇳', 'U+1F1E7 U+1F1F3', '2018-07-20 20:11:03', '2022-03-08 16:22:31', 1, 'Q921'),
(34, 'Bulgaria', 'BGR', 'BG', '359', 'Sofia', 'BGN', 'България', '🇧🇬', 'U+1F1E7 U+1F1EC', '2018-07-20 20:11:03', '2022-03-08 16:22:31', 1, 'Q219'),
(35, 'Burkina Faso', 'BFA', 'BF', '226', 'Ouagadougou', 'XOF', 'Burkina Faso', '🇧🇫', 'U+1F1E7 U+1F1EB', '2018-07-20 20:11:03', '2022-03-08 16:22:31', 1, 'Q965'),
(36, 'Burundi', 'BDI', 'BI', '257', 'Bujumbura', 'BIF', 'Burundi', '🇧🇮', 'U+1F1E7 U+1F1EE', '2018-07-20 20:11:03', '2022-03-08 16:22:31', 1, 'Q967'),
(37, 'Cambodia', 'KHM', 'KH', '855', 'Phnom Penh', 'KHR', 'Kâmpŭchéa', '🇰🇭', 'U+1F1F0 U+1F1ED', '2018-07-20 20:11:03', '2022-03-08 16:22:31', 1, 'Q424'),
(38, 'Cameroon', 'CMR', 'CM', '237', 'Yaounde', 'XAF', 'Cameroon', '🇨🇲', 'U+1F1E8 U+1F1F2', '2018-07-20 20:11:03', '2022-03-08 16:22:31', 1, 'Q1009'),
(39, 'Canada', 'CAN', 'CA', '1', 'Ottawa', 'CAD', 'Canada', '🇨🇦', 'U+1F1E8 U+1F1E6', '2018-07-20 20:11:03', '2022-03-08 16:22:31', 1, 'Q16'),
(40, 'Cape Verde', 'CPV', 'CV', '238', 'Praia', 'CVE', 'Cabo Verde', '🇨🇻', 'U+1F1E8 U+1F1FB', '2018-07-20 20:11:03', '2022-03-08 16:22:31', 1, 'Q1011'),
(41, 'Cayman Islands', 'CYM', 'KY', '+1-345', 'George Town', 'KYD', 'Cayman Islands', '🇰🇾', 'U+1F1F0 U+1F1FE', '2018-07-20 20:11:03', '2022-03-08 16:22:31', 1, NULL),
(42, 'Central African Republic', 'CAF', 'CF', '236', 'Bangui', 'XAF', 'Ködörösêse tî Bêafrîka', '🇨🇫', 'U+1F1E8 U+1F1EB', '2018-07-20 20:11:03', '2022-03-08 16:22:31', 1, 'Q929'),
(43, 'Chad', 'TCD', 'TD', '235', 'N\'Djamena', 'XAF', 'Tchad', '🇹🇩', 'U+1F1F9 U+1F1E9', '2018-07-20 20:11:03', '2022-03-08 16:22:31', 1, 'Q657'),
(44, 'Chile', 'CHL', 'CL', '56', 'Santiago', 'CLP', 'Chile', '🇨🇱', 'U+1F1E8 U+1F1F1', '2018-07-20 20:11:03', '2022-03-08 16:22:31', 1, 'Q298'),
(45, 'China', 'CHN', 'CN', '86', 'Beijing', 'CNY', '中国', '🇨🇳', 'U+1F1E8 U+1F1F3', '2018-07-20 20:11:03', '2022-03-08 16:22:31', 1, 'Q148'),
(46, 'Christmas Island', 'CXR', 'CX', '61', 'Flying Fish Cove', 'AUD', 'Christmas Island', '🇨🇽', 'U+1F1E8 U+1F1FD', '2018-07-20 20:11:03', '2022-03-08 16:22:31', 1, NULL),
(47, 'Cocos (Keeling) Islands', 'CCK', 'CC', '61', 'West Island', 'AUD', 'Cocos (Keeling) Islands', '🇨🇨', 'U+1F1E8 U+1F1E8', '2018-07-20 20:11:03', '2022-03-08 16:22:31', 1, NULL),
(48, 'Colombia', 'COL', 'CO', '57', 'Bogota', 'COP', 'Colombia', '🇨🇴', 'U+1F1E8 U+1F1F4', '2018-07-20 20:11:03', '2022-03-08 16:22:31', 1, 'Q739'),
(49, 'Comoros', 'COM', 'KM', '269', 'Moroni', 'KMF', 'Komori', '🇰🇲', 'U+1F1F0 U+1F1F2', '2018-07-20 20:11:03', '2022-03-08 16:22:31', 1, 'Q970'),
(50, 'Congo', 'COG', 'CG', '242', 'Brazzaville', 'XAF', 'République du Congo', '🇨🇬', 'U+1F1E8 U+1F1EC', '2018-07-20 20:11:03', '2022-03-08 16:22:31', 1, 'Q971'),
(51, 'Congo The Democratic Republic Of The', 'COD', 'CD', '243', 'Kinshasa', 'CDF', 'République démocratique du Congo', '🇨🇩', 'U+1F1E8 U+1F1E9', '2018-07-20 20:11:03', '2022-03-08 16:22:31', 1, 'Q974'),
(52, 'Cook Islands', 'COK', 'CK', '682', 'Avarua', 'NZD', 'Cook Islands', '🇨🇰', 'U+1F1E8 U+1F1F0', '2018-07-20 20:11:03', '2022-03-08 16:22:31', 1, 'Q26988'),
(53, 'Costa Rica', 'CRI', 'CR', '506', 'San Jose', 'CRC', 'Costa Rica', '🇨🇷', 'U+1F1E8 U+1F1F7', '2018-07-20 20:11:03', '2022-03-08 16:22:31', 1, 'Q800'),
(54, 'Cote D\'Ivoire (Ivory Coast)', 'CIV', 'CI', '225', 'Yamoussoukro', 'XOF', NULL, '🇨🇮', 'U+1F1E8 U+1F1EE', '2018-07-20 20:11:03', '2022-03-08 16:22:31', 1, 'Q1008'),
(55, 'Croatia (Hrvatska)', 'HRV', 'HR', '385', 'Zagreb', 'HRK', 'Hrvatska', '🇭🇷', 'U+1F1ED U+1F1F7', '2018-07-20 20:11:03', '2022-03-08 16:22:31', 1, 'Q224'),
(56, 'Cuba', 'CUB', 'CU', '53', 'Havana', 'CUP', 'Cuba', '🇨🇺', 'U+1F1E8 U+1F1FA', '2018-07-20 20:11:03', '2022-03-08 16:22:31', 1, 'Q241'),
(57, 'Cyprus', 'CYP', 'CY', '357', 'Nicosia', 'EUR', 'Κύπρος', '🇨🇾', 'U+1F1E8 U+1F1FE', '2018-07-20 20:11:03', '2022-03-08 16:22:31', 1, 'Q229'),
(58, 'Czech Republic', 'CZE', 'CZ', '420', 'Prague', 'CZK', 'Česká republika', '🇨🇿', 'U+1F1E8 U+1F1FF', '2018-07-20 20:11:03', '2022-03-08 16:22:31', 1, 'Q213'),
(59, 'Denmark', 'DNK', 'DK', '45', 'Copenhagen', 'DKK', 'Danmark', '🇩🇰', 'U+1F1E9 U+1F1F0', '2018-07-20 20:11:03', '2022-03-08 16:22:31', 1, 'Q35'),
(60, 'Djibouti', 'DJI', 'DJ', '253', 'Djibouti', 'DJF', 'Djibouti', '🇩🇯', 'U+1F1E9 U+1F1EF', '2018-07-20 20:11:03', '2022-03-08 16:22:31', 1, 'Q977'),
(61, 'Dominica', 'DMA', 'DM', '+1-767', 'Roseau', 'XCD', 'Dominica', '🇩🇲', 'U+1F1E9 U+1F1F2', '2018-07-20 20:11:03', '2022-03-08 16:22:31', 1, 'Q784'),
(62, 'Dominican Republic', 'DOM', 'DO', '+1-809 and 1-829', 'Santo Domingo', 'DOP', 'República Dominicana', '🇩🇴', 'U+1F1E9 U+1F1F4', '2018-07-20 20:11:03', '2022-03-08 16:22:31', 1, 'Q786'),
(63, 'East Timor', 'TLS', 'TL', '670', 'Dili', 'USD', 'Timor-Leste', '🇹🇱', 'U+1F1F9 U+1F1F1', '2018-07-20 20:11:03', '2022-03-08 16:22:31', 1, 'Q574'),
(64, 'Ecuador', 'ECU', 'EC', '593', 'Quito', 'USD', 'Ecuador', '🇪🇨', 'U+1F1EA U+1F1E8', '2018-07-20 20:11:03', '2022-03-08 16:22:31', 1, 'Q736'),
(65, 'Egypt', 'EGY', 'EG', '20', 'Cairo', 'EGP', 'مصر‎', '🇪🇬', 'U+1F1EA U+1F1EC', '2018-07-20 20:11:03', '2022-03-08 16:22:31', 1, 'Q79'),
(66, 'El Salvador', 'SLV', 'SV', '503', 'San Salvador', 'USD', 'El Salvador', '🇸🇻', 'U+1F1F8 U+1F1FB', '2018-07-20 20:11:03', '2022-03-08 16:22:31', 1, 'Q792'),
(67, 'Equatorial Guinea', 'GNQ', 'GQ', '240', 'Malabo', 'XAF', 'Guinea Ecuatorial', '🇬🇶', 'U+1F1EC U+1F1F6', '2018-07-20 20:11:03', '2022-03-08 16:22:31', 1, 'Q983'),
(68, 'Eritrea', 'ERI', 'ER', '291', 'Asmara', 'ERN', 'ኤርትራ', '🇪🇷', 'U+1F1EA U+1F1F7', '2018-07-20 20:11:03', '2022-03-08 16:22:31', 1, 'Q986'),
(69, 'Estonia', 'EST', 'EE', '372', 'Tallinn', 'EUR', 'Eesti', '🇪🇪', 'U+1F1EA U+1F1EA', '2018-07-20 20:11:03', '2022-03-08 16:22:31', 1, 'Q191'),
(70, 'Ethiopia', 'ETH', 'ET', '251', 'Addis Ababa', 'ETB', 'ኢትዮጵያ', '🇪🇹', 'U+1F1EA U+1F1F9', '2018-07-20 20:11:03', '2022-03-08 16:22:31', 1, 'Q115'),
(71, 'Falkland Islands', 'FLK', 'FK', '500', 'Stanley', 'FKP', 'Falkland Islands', '🇫🇰', 'U+1F1EB U+1F1F0', '2018-07-20 20:11:03', '2022-03-08 16:22:31', 1, NULL),
(72, 'Faroe Islands', 'FRO', 'FO', '298', 'Torshavn', 'DKK', 'Føroyar', '🇫🇴', 'U+1F1EB U+1F1F4', '2018-07-20 20:11:03', '2022-03-08 16:22:31', 1, NULL),
(73, 'Fiji Islands', 'FJI', 'FJ', '679', 'Suva', 'FJD', 'Fiji', '🇫🇯', 'U+1F1EB U+1F1EF', '2018-07-20 20:11:03', '2022-03-08 16:22:31', 1, 'Q712'),
(74, 'Finland', 'FIN', 'FI', '358', 'Helsinki', 'EUR', 'Suomi', '🇫🇮', 'U+1F1EB U+1F1EE', '2018-07-20 20:11:03', '2022-03-08 16:22:31', 1, 'Q33'),
(75, 'France', 'FRA', 'FR', '33', 'Paris', 'EUR', 'France', '🇫🇷', 'U+1F1EB U+1F1F7', '2018-07-20 20:11:03', '2022-03-08 16:22:31', 1, 'Q142'),
(76, 'French Guiana', 'GUF', 'GF', '594', 'Cayenne', 'EUR', 'Guyane française', '🇬🇫', 'U+1F1EC U+1F1EB', '2018-07-20 20:11:03', '2022-03-08 16:22:31', 1, NULL),
(77, 'French Polynesia', 'PYF', 'PF', '689', 'Papeete', 'XPF', 'Polynésie française', '🇵🇫', 'U+1F1F5 U+1F1EB', '2018-07-20 20:11:03', '2022-03-08 16:22:31', 1, NULL),
(78, 'French Southern Territories', 'ATF', 'TF', '', 'Port-aux-Francais', 'EUR', 'Territoire des Terres australes et antarctiques fr', '🇹🇫', 'U+1F1F9 U+1F1EB', '2018-07-20 20:11:03', '2022-03-08 16:22:31', 1, NULL),
(79, 'Gabon', 'GAB', 'GA', '241', 'Libreville', 'XAF', 'Gabon', '🇬🇦', 'U+1F1EC U+1F1E6', '2018-07-20 20:11:03', '2022-03-08 16:22:31', 1, 'Q1000'),
(80, 'Gambia The', 'GMB', 'GM', '220', 'Banjul', 'GMD', 'Gambia', '🇬🇲', 'U+1F1EC U+1F1F2', '2018-07-20 20:11:03', '2022-03-08 16:22:31', 1, 'Q1005'),
(81, 'Georgia', 'GEO', 'GE', '995', 'Tbilisi', 'GEL', 'საქართველო', '🇬🇪', 'U+1F1EC U+1F1EA', '2018-07-20 20:11:03', '2022-03-08 16:22:31', 1, 'Q230'),
(82, 'Germany', 'DEU', 'DE', '49', 'Berlin', 'EUR', 'Deutschland', '🇩🇪', 'U+1F1E9 U+1F1EA', '2018-07-20 20:11:03', '2022-03-08 16:22:31', 1, 'Q183'),
(83, 'Ghana', 'GHA', 'GH', '233', 'Accra', 'GHS', 'Ghana', '🇬🇭', 'U+1F1EC U+1F1ED', '2018-07-20 20:11:03', '2022-03-08 16:22:31', 1, 'Q117'),
(84, 'Gibraltar', 'GIB', 'GI', '350', 'Gibraltar', 'GIP', 'Gibraltar', '🇬🇮', 'U+1F1EC U+1F1EE', '2018-07-20 20:11:03', '2022-03-08 16:22:31', 1, NULL),
(85, 'Greece', 'GRC', 'GR', '30', 'Athens', 'EUR', 'Ελλάδα', '🇬🇷', 'U+1F1EC U+1F1F7', '2018-07-20 20:11:03', '2022-03-08 16:22:31', 1, 'Q41'),
(86, 'Greenland', 'GRL', 'GL', '299', 'Nuuk', 'DKK', 'Kalaallit Nunaat', '🇬🇱', 'U+1F1EC U+1F1F1', '2018-07-20 20:11:03', '2022-03-08 16:22:31', 1, NULL),
(87, 'Grenada', 'GRD', 'GD', '+1-473', 'St. George\'s', 'XCD', 'Grenada', '🇬🇩', 'U+1F1EC U+1F1E9', '2018-07-20 20:11:03', '2022-03-08 16:22:31', 1, 'Q769'),
(88, 'Guadeloupe', 'GLP', 'GP', '590', 'Basse-Terre', 'EUR', 'Guadeloupe', '🇬🇵', 'U+1F1EC U+1F1F5', '2018-07-20 20:11:03', '2022-03-08 16:22:31', 1, NULL),
(89, 'Guam', 'GUM', 'GU', '+1-671', 'Hagatna', 'USD', 'Guam', '🇬🇺', 'U+1F1EC U+1F1FA', '2018-07-20 20:11:03', '2022-03-08 16:22:31', 1, NULL),
(90, 'Guatemala', 'GTM', 'GT', '502', 'Guatemala City', 'GTQ', 'Guatemala', '🇬🇹', 'U+1F1EC U+1F1F9', '2018-07-20 20:11:03', '2022-03-08 16:22:31', 1, 'Q774'),
(91, 'Guernsey and Alderney', 'GGY', 'GG', '+44-1481', 'St Peter Port', 'GBP', 'Guernsey', '🇬🇬', 'U+1F1EC U+1F1EC', '2018-07-20 20:11:03', '2022-03-08 16:22:31', 1, NULL),
(92, 'Guinea', 'GIN', 'GN', '224', 'Conakry', 'GNF', 'Guinée', '🇬🇳', 'U+1F1EC U+1F1F3', '2018-07-20 20:11:03', '2022-03-08 16:22:31', 1, 'Q1006'),
(93, 'Guinea-Bissau', 'GNB', 'GW', '245', 'Bissau', 'XOF', 'Guiné-Bissau', '🇬🇼', 'U+1F1EC U+1F1FC', '2018-07-20 20:11:03', '2022-03-08 16:22:31', 1, 'Q1007'),
(94, 'Guyana', 'GUY', 'GY', '592', 'Georgetown', 'GYD', 'Guyana', '🇬🇾', 'U+1F1EC U+1F1FE', '2018-07-20 20:11:03', '2022-03-08 16:22:31', 1, 'Q734'),
(95, 'Haiti', 'HTI', 'HT', '509', 'Port-au-Prince', 'HTG', 'Haïti', '🇭🇹', 'U+1F1ED U+1F1F9', '2018-07-20 20:11:03', '2022-03-08 16:22:31', 1, 'Q790'),
(96, 'Heard and McDonald Islands', 'HMD', 'HM', ' ', '', 'AUD', 'Heard Island and McDonald Islands', '🇭🇲', 'U+1F1ED U+1F1F2', '2018-07-20 20:11:03', '2022-03-08 16:22:31', 1, NULL),
(97, 'Honduras', 'HND', 'HN', '504', 'Tegucigalpa', 'HNL', 'Honduras', '🇭🇳', 'U+1F1ED U+1F1F3', '2018-07-20 20:11:03', '2022-03-08 16:22:31', 1, 'Q783'),
(98, 'Hong Kong S.A.R.', 'HKG', 'HK', '852', 'Hong Kong', 'HKD', '香港', '🇭🇰', 'U+1F1ED U+1F1F0', '2018-07-20 20:11:03', '2022-03-08 16:22:31', 1, NULL),
(99, 'Hungary', 'HUN', 'HU', '36', 'Budapest', 'HUF', 'Magyarország', '🇭🇺', 'U+1F1ED U+1F1FA', '2018-07-20 20:11:03', '2022-03-08 16:22:31', 1, 'Q28'),
(100, 'Iceland', 'ISL', 'IS', '354', 'Reykjavik', 'ISK', 'Ísland', '🇮🇸', 'U+1F1EE U+1F1F8', '2018-07-20 20:11:03', '2022-03-08 16:22:31', 1, 'Q189'),
(101, 'India', 'IND', 'IN', '91', 'New Delhi', 'INR', 'भारत', '🇮🇳', 'U+1F1EE U+1F1F3', '2018-07-20 20:11:03', '2022-03-08 16:22:31', 1, 'Q668'),
(102, 'Indonesia', 'IDN', 'ID', '62', 'Jakarta', 'IDR', 'Indonesia', '🇮🇩', 'U+1F1EE U+1F1E9', '2018-07-20 20:11:03', '2022-03-08 16:22:31', 1, 'Q252'),
(103, 'Iran', 'IRN', 'IR', '98', 'Tehran', 'IRR', 'ایران', '🇮🇷', 'U+1F1EE U+1F1F7', '2018-07-20 20:11:03', '2022-03-08 16:22:31', 1, 'Q794'),
(104, 'Iraq', 'IRQ', 'IQ', '964', 'Baghdad', 'IQD', 'العراق', '🇮🇶', 'U+1F1EE U+1F1F6', '2018-07-20 20:11:03', '2022-03-08 16:22:31', 1, 'Q796'),
(105, 'Ireland', 'IRL', 'IE', '353', 'Dublin', 'EUR', 'Éire', '🇮🇪', 'U+1F1EE U+1F1EA', '2018-07-20 20:11:03', '2022-03-08 16:22:31', 1, 'Q27'),
(106, 'Israel', 'ISR', 'IL', '972', 'Jerusalem', 'ILS', 'יִשְׂרָאֵל', '🇮🇱', 'U+1F1EE U+1F1F1', '2018-07-20 20:11:03', '2022-03-08 16:22:31', 1, 'Q801'),
(107, 'Italy', 'ITA', 'IT', '39', 'Rome', 'EUR', 'Italia', '🇮🇹', 'U+1F1EE U+1F1F9', '2018-07-20 20:11:03', '2022-03-08 16:22:31', 1, 'Q38'),
(108, 'Jamaica', 'JAM', 'JM', '+1-876', 'Kingston', 'JMD', 'Jamaica', '🇯🇲', 'U+1F1EF U+1F1F2', '2018-07-20 20:11:03', '2022-03-08 16:22:31', 1, 'Q766'),
(109, 'Japan', 'JPN', 'JP', '81', 'Tokyo', 'JPY', '日本', '🇯🇵', 'U+1F1EF U+1F1F5', '2018-07-20 20:11:03', '2022-03-08 16:22:31', 1, 'Q17'),
(110, 'Jersey', 'JEY', 'JE', '+44-1534', 'Saint Helier', 'GBP', 'Jersey', '🇯🇪', 'U+1F1EF U+1F1EA', '2018-07-20 20:11:03', '2022-03-08 16:22:31', 1, 'Q785'),
(111, 'Jordan', 'JOR', 'JO', '962', 'Amman', 'JOD', 'الأردن', '🇯🇴', 'U+1F1EF U+1F1F4', '2018-07-20 20:11:03', '2022-03-08 16:22:31', 1, 'Q810'),
(112, 'Kazakhstan', 'KAZ', 'KZ', '7', 'Astana', 'KZT', 'Қазақстан', '🇰🇿', 'U+1F1F0 U+1F1FF', '2018-07-20 20:11:03', '2022-03-08 16:22:31', 1, 'Q232'),
(113, 'Kenya', 'KEN', 'KE', '254', 'Nairobi', 'KES', 'Kenya', '🇰🇪', 'U+1F1F0 U+1F1EA', '2018-07-20 20:11:03', '2022-03-08 16:22:31', 1, 'Q114'),
(114, 'Kiribati', 'KIR', 'KI', '686', 'Tarawa', 'AUD', 'Kiribati', '🇰🇮', 'U+1F1F0 U+1F1EE', '2018-07-20 20:11:03', '2022-03-08 16:22:31', 1, 'Q710'),
(115, 'Korea North', 'PRK', 'KP', '850', 'Pyongyang', 'KPW', '북한', '🇰🇵', 'U+1F1F0 U+1F1F5', '2018-07-20 20:11:03', '2022-03-08 16:22:31', 1, 'Q423'),
(116, 'Korea South', 'KOR', 'KR', '82', 'Seoul', 'KRW', '대한민국', '🇰🇷', 'U+1F1F0 U+1F1F7', '2018-07-20 20:11:03', '2022-03-08 16:22:31', 1, 'Q884'),
(117, 'Kuwait', 'KWT', 'KW', '965', 'Kuwait City', 'KWD', 'الكويت', '🇰🇼', 'U+1F1F0 U+1F1FC', '2018-07-20 20:11:03', '2022-03-08 16:22:31', 1, 'Q817'),
(118, 'Kyrgyzstan', 'KGZ', 'KG', '996', 'Bishkek', 'KGS', 'Кыргызстан', '🇰🇬', 'U+1F1F0 U+1F1EC', '2018-07-20 20:11:03', '2022-03-08 16:22:31', 1, 'Q813'),
(119, 'Laos', 'LAO', 'LA', '856', 'Vientiane', 'LAK', 'ສປປລາວ', '🇱🇦', 'U+1F1F1 U+1F1E6', '2018-07-20 20:11:03', '2022-03-08 16:22:31', 1, 'Q819'),
(120, 'Latvia', 'LVA', 'LV', '371', 'Riga', 'EUR', 'Latvija', '🇱🇻', 'U+1F1F1 U+1F1FB', '2018-07-20 20:11:03', '2022-03-08 16:22:31', 1, 'Q211'),
(121, 'Lebanon', 'LBN', 'LB', '961', 'Beirut', 'LBP', 'لبنان', '🇱🇧', 'U+1F1F1 U+1F1E7', '2018-07-20 20:11:03', '2022-03-08 16:22:31', 1, 'Q822'),
(122, 'Lesotho', 'LSO', 'LS', '266', 'Maseru', 'LSL', 'Lesotho', '🇱🇸', 'U+1F1F1 U+1F1F8', '2018-07-20 20:11:03', '2022-03-08 16:22:31', 1, 'Q1013'),
(123, 'Liberia', 'LBR', 'LR', '231', 'Monrovia', 'LRD', 'Liberia', '🇱🇷', 'U+1F1F1 U+1F1F7', '2018-07-20 20:11:03', '2022-03-08 16:22:31', 1, 'Q1014'),
(124, 'Libya', 'LBY', 'LY', '218', 'Tripolis', 'LYD', '‏ليبيا', '🇱🇾', 'U+1F1F1 U+1F1FE', '2018-07-20 20:11:03', '2022-03-08 16:22:31', 1, 'Q1016'),
(125, 'Liechtenstein', 'LIE', 'LI', '423', 'Vaduz', 'CHF', 'Liechtenstein', '🇱🇮', 'U+1F1F1 U+1F1EE', '2018-07-20 20:11:03', '2022-03-08 16:22:31', 1, 'Q347'),
(126, 'Lithuania', 'LTU', 'LT', '370', 'Vilnius', 'EUR', 'Lietuva', '🇱🇹', 'U+1F1F1 U+1F1F9', '2018-07-20 20:11:03', '2022-03-08 16:22:31', 1, 'Q37'),
(127, 'Luxembourg', 'LUX', 'LU', '352', 'Luxembourg', 'EUR', 'Luxembourg', '🇱🇺', 'U+1F1F1 U+1F1FA', '2018-07-20 20:11:03', '2022-03-08 16:22:31', 1, 'Q32'),
(128, 'Macau S.A.R.', 'MAC', 'MO', '853', 'Macao', 'MOP', '澳門', '🇲🇴', 'U+1F1F2 U+1F1F4', '2018-07-20 20:11:03', '2022-03-08 16:22:31', 1, NULL),
(129, 'Macedonia', 'MKD', 'MK', '389', 'Skopje', 'MKD', 'Северна Македонија', '🇲🇰', 'U+1F1F2 U+1F1F0', '2018-07-20 20:11:03', '2022-03-08 16:22:31', 1, 'Q221'),
(130, 'Madagascar', 'MDG', 'MG', '261', 'Antananarivo', 'MGA', 'Madagasikara', '🇲🇬', 'U+1F1F2 U+1F1EC', '2018-07-20 20:11:03', '2022-03-08 16:22:31', 1, 'Q1019'),
(131, 'Malawi', 'MWI', 'MW', '265', 'Lilongwe', 'MWK', 'Malawi', '🇲🇼', 'U+1F1F2 U+1F1FC', '2018-07-20 20:11:03', '2022-03-08 16:22:31', 1, 'Q1020'),
(132, 'Malaysia', 'MYS', 'MY', '60', 'Kuala Lumpur', 'MYR', 'Malaysia', '🇲🇾', 'U+1F1F2 U+1F1FE', '2018-07-20 20:11:03', '2022-03-08 16:22:31', 1, 'Q833'),
(133, 'Maldives', 'MDV', 'MV', '960', 'Male', 'MVR', 'Maldives', '🇲🇻', 'U+1F1F2 U+1F1FB', '2018-07-20 20:11:03', '2022-03-08 16:22:31', 1, 'Q826'),
(134, 'Mali', 'MLI', 'ML', '223', 'Bamako', 'XOF', 'Mali', '🇲🇱', 'U+1F1F2 U+1F1F1', '2018-07-20 20:11:03', '2022-03-08 16:22:31', 1, 'Q912'),
(135, 'Malta', 'MLT', 'MT', '356', 'Valletta', 'EUR', 'Malta', '🇲🇹', 'U+1F1F2 U+1F1F9', '2018-07-20 20:11:03', '2022-03-08 16:22:31', 1, 'Q233'),
(136, 'Man (Isle of)', 'IMN', 'IM', '+44-1624', 'Douglas, Isle of Man', 'GBP', 'Isle of Man', '🇮🇲', 'U+1F1EE U+1F1F2', '2018-07-20 20:11:03', '2022-03-08 16:22:31', 1, NULL),
(137, 'Marshall Islands', 'MHL', 'MH', '692', 'Majuro', 'USD', 'M̧ajeļ', '🇲🇭', 'U+1F1F2 U+1F1ED', '2018-07-20 20:11:03', '2022-03-08 16:22:31', 1, 'Q709'),
(138, 'Martinique', 'MTQ', 'MQ', '596', 'Fort-de-France', 'EUR', 'Martinique', '🇲🇶', 'U+1F1F2 U+1F1F6', '2018-07-20 20:11:03', '2022-03-08 16:22:31', 1, NULL),
(139, 'Mauritania', 'MRT', 'MR', '222', 'Nouakchott', 'MRO', 'موريتانيا', '🇲🇷', 'U+1F1F2 U+1F1F7', '2018-07-20 20:11:03', '2022-03-08 16:22:31', 1, 'Q1025'),
(140, 'Mauritius', 'MUS', 'MU', '230', 'Port Louis', 'MUR', 'Maurice', '🇲🇺', 'U+1F1F2 U+1F1FA', '2018-07-20 20:11:03', '2022-03-08 16:22:31', 1, 'Q1027'),
(141, 'Mayotte', 'MYT', 'YT', '262', 'Mamoudzou', 'EUR', 'Mayotte', '🇾🇹', 'U+1F1FE U+1F1F9', '2018-07-20 20:11:03', '2022-03-08 16:22:31', 1, NULL),
(142, 'Mexico', 'MEX', 'MX', '52', 'Mexico City', 'MXN', 'México', '🇲🇽', 'U+1F1F2 U+1F1FD', '2018-07-20 20:11:03', '2022-03-08 16:22:31', 1, 'Q96'),
(143, 'Micronesia', 'FSM', 'FM', '691', 'Palikir', 'USD', 'Micronesia', '🇫🇲', 'U+1F1EB U+1F1F2', '2018-07-20 20:11:03', '2022-03-08 16:22:31', 1, 'Q702'),
(144, 'Moldova', 'MDA', 'MD', '373', 'Chisinau', 'MDL', 'Moldova', '🇲🇩', 'U+1F1F2 U+1F1E9', '2018-07-20 20:11:03', '2022-03-08 16:22:31', 1, 'Q217'),
(145, 'Monaco', 'MCO', 'MC', '377', 'Monaco', 'EUR', 'Monaco', '🇲🇨', 'U+1F1F2 U+1F1E8', '2018-07-20 20:11:03', '2022-03-08 16:22:31', 1, NULL),
(146, 'Mongolia', 'MNG', 'MN', '976', 'Ulan Bator', 'MNT', 'Монгол улс', '🇲🇳', 'U+1F1F2 U+1F1F3', '2018-07-20 20:11:03', '2022-03-08 16:22:31', 1, 'Q711'),
(147, 'Montenegro', 'MNE', 'ME', '382', 'Podgorica', 'EUR', 'Црна Гора', '🇲🇪', 'U+1F1F2 U+1F1EA', '2018-07-20 20:11:03', '2022-03-08 16:22:31', 1, 'Q236'),
(148, 'Montserrat', 'MSR', 'MS', '+1-664', 'Plymouth', 'XCD', 'Montserrat', '🇲🇸', 'U+1F1F2 U+1F1F8', '2018-07-20 20:11:03', '2022-03-08 16:22:31', 1, NULL),
(149, 'Morocco', 'MAR', 'MA', '212', 'Rabat', 'MAD', 'المغرب', '🇲🇦', 'U+1F1F2 U+1F1E6', '2018-07-20 20:11:03', '2022-03-08 16:22:31', 1, 'Q1028'),
(150, 'Mozambique', 'MOZ', 'MZ', '258', 'Maputo', 'MZN', 'Moçambique', '🇲🇿', 'U+1F1F2 U+1F1FF', '2018-07-20 20:11:03', '2022-03-08 16:22:31', 1, 'Q1029'),
(151, 'Myanmar', 'MMR', 'MM', '95', 'Nay Pyi Taw', 'MMK', 'မြန်မာ', '🇲🇲', 'U+1F1F2 U+1F1F2', '2018-07-20 20:11:03', '2022-03-08 16:22:31', 1, 'Q836'),
(152, 'Namibia', 'NAM', 'NA', '264', 'Windhoek', 'NAD', 'Namibia', '🇳🇦', 'U+1F1F3 U+1F1E6', '2018-07-20 20:11:03', '2022-03-08 16:22:31', 1, 'Q1030'),
(153, 'Nauru', 'NRU', 'NR', '674', 'Yaren', 'AUD', 'Nauru', '🇳🇷', 'U+1F1F3 U+1F1F7', '2018-07-20 20:11:03', '2022-03-08 16:22:31', 1, 'Q697'),
(154, 'Nepal', 'NPL', 'NP', '977', 'Kathmandu', 'NPR', 'नपल', '🇳🇵', 'U+1F1F3 U+1F1F5', '2018-07-20 20:11:03', '2022-03-08 16:22:31', 1, 'Q837'),
(155, 'Netherlands Antilles', 'ANT', 'AN', '', '', '', NULL, NULL, NULL, '2018-07-20 20:11:03', '2022-03-08 16:22:31', 1, NULL),
(156, 'Netherlands The', 'NLD', 'NL', '31', 'Amsterdam', 'EUR', 'Nederland', '🇳🇱', 'U+1F1F3 U+1F1F1', '2018-07-20 20:11:03', '2022-03-08 16:22:31', 1, 'Q55'),
(157, 'New Caledonia', 'NCL', 'NC', '687', 'Noumea', 'XPF', 'Nouvelle-Calédonie', '🇳🇨', 'U+1F1F3 U+1F1E8', '2018-07-20 20:11:03', '2022-03-08 16:22:31', 1, NULL),
(158, 'New Zealand', 'NZL', 'NZ', '64', 'Wellington', 'NZD', 'New Zealand', '🇳🇿', 'U+1F1F3 U+1F1FF', '2018-07-20 20:11:03', '2022-03-08 16:22:31', 1, 'Q664'),
(159, 'Nicaragua', 'NIC', 'NI', '505', 'Managua', 'NIO', 'Nicaragua', '🇳🇮', 'U+1F1F3 U+1F1EE', '2018-07-20 20:11:03', '2022-03-08 16:22:31', 1, 'Q811'),
(160, 'Niger', 'NER', 'NE', '227', 'Niamey', 'XOF', 'Niger', '🇳🇪', 'U+1F1F3 U+1F1EA', '2018-07-20 20:11:03', '2022-03-08 16:22:31', 1, 'Q1032'),
(161, 'Nigeria', 'NGA', 'NG', '234', 'Abuja', 'NGN', 'Nigeria', '🇳🇬', 'U+1F1F3 U+1F1EC', '2018-07-20 20:11:03', '2022-03-08 16:22:31', 1, 'Q1033'),
(162, 'Niue', 'NIU', 'NU', '683', 'Alofi', 'NZD', 'Niuē', '🇳🇺', 'U+1F1F3 U+1F1FA', '2018-07-20 20:11:03', '2022-03-08 16:22:31', 1, 'Q34020'),
(163, 'Norfolk Island', 'NFK', 'NF', '672', 'Kingston', 'AUD', 'Norfolk Island', '🇳🇫', 'U+1F1F3 U+1F1EB', '2018-07-20 20:11:03', '2022-03-08 16:22:31', 1, NULL),
(164, 'Northern Mariana Islands', 'MNP', 'MP', '+1-670', 'Saipan', 'USD', 'Northern Mariana Islands', '🇲🇵', 'U+1F1F2 U+1F1F5', '2018-07-20 20:11:03', '2022-03-08 16:22:31', 1, NULL),
(165, 'Norway', 'NOR', 'NO', '47', 'Oslo', 'NOK', 'Norge', '🇳🇴', 'U+1F1F3 U+1F1F4', '2018-07-20 20:11:03', '2022-03-08 16:22:31', 1, 'Q20'),
(166, 'Oman', 'OMN', 'OM', '968', 'Muscat', 'OMR', 'عمان', '🇴🇲', 'U+1F1F4 U+1F1F2', '2018-07-20 20:11:03', '2022-03-08 16:22:31', 1, 'Q842'),
(167, 'Pakistan', 'PAK', 'PK', '92', 'Islamabad', 'PKR', 'Pakistan', '🇵🇰', 'U+1F1F5 U+1F1F0', '2018-07-20 20:11:03', '2022-03-08 16:22:31', 1, 'Q843'),
(168, 'Palau', 'PLW', 'PW', '680', 'Melekeok', 'USD', 'Palau', '🇵🇼', 'U+1F1F5 U+1F1FC', '2018-07-20 20:11:03', '2022-03-08 16:22:31', 1, 'Q695'),
(169, 'Palestinian Territory Occupied', 'PSE', 'PS', '970', 'East Jerusalem', 'ILS', 'فلسطين', '🇵🇸', 'U+1F1F5 U+1F1F8', '2018-07-20 20:11:03', '2022-03-08 16:22:31', 1, NULL),
(170, 'Panama', 'PAN', 'PA', '507', 'Panama City', 'PAB', 'Panamá', '🇵🇦', 'U+1F1F5 U+1F1E6', '2018-07-20 20:11:03', '2022-03-08 16:22:31', 1, 'Q804'),
(171, 'Papua new Guinea', 'PNG', 'PG', '675', 'Port Moresby', 'PGK', 'Papua Niugini', '🇵🇬', 'U+1F1F5 U+1F1EC', '2018-07-20 20:11:03', '2022-03-08 16:22:31', 1, 'Q691'),
(172, 'Paraguay', 'PRY', 'PY', '595', 'Asuncion', 'PYG', 'Paraguay', '🇵🇾', 'U+1F1F5 U+1F1FE', '2018-07-20 20:11:03', '2022-03-08 16:22:31', 1, 'Q733'),
(173, 'Peru', 'PER', 'PE', '51', 'Lima', 'PEN', 'Perú', '🇵🇪', 'U+1F1F5 U+1F1EA', '2018-07-20 20:11:03', '2022-03-08 16:22:31', 1, 'Q419'),
(174, 'Philippines', 'PHL', 'PH', '63', 'Manila', 'PHP', 'Pilipinas', '🇵🇭', 'U+1F1F5 U+1F1ED', '2018-07-20 20:11:03', '2022-03-08 16:22:31', 1, 'Q928'),
(175, 'Pitcairn Island', 'PCN', 'PN', '870', 'Adamstown', 'NZD', 'Pitcairn Islands', '🇵🇳', 'U+1F1F5 U+1F1F3', '2018-07-20 20:11:03', '2022-03-08 16:22:31', 1, NULL),
(176, 'Poland', 'POL', 'PL', '48', 'Warsaw', 'PLN', 'Polska', '🇵🇱', 'U+1F1F5 U+1F1F1', '2018-07-20 20:11:03', '2022-03-08 16:22:31', 1, 'Q36'),
(177, 'Portugal', 'PRT', 'PT', '351', 'Lisbon', 'EUR', 'Portugal', '🇵🇹', 'U+1F1F5 U+1F1F9', '2018-07-20 20:11:03', '2022-03-08 16:22:31', 1, 'Q45'),
(178, 'Puerto Rico', 'PRI', 'PR', '+1-787 and 1-939', 'San Juan', 'USD', 'Puerto Rico', '🇵🇷', 'U+1F1F5 U+1F1F7', '2018-07-20 20:11:03', '2022-03-08 16:22:31', 1, NULL),
(179, 'Qatar', 'QAT', 'QA', '974', 'Doha', 'QAR', 'قطر', '🇶🇦', 'U+1F1F6 U+1F1E6', '2018-07-20 20:11:03', '2022-03-08 16:22:31', 1, 'Q846'),
(180, 'Reunion', 'REU', 'RE', '262', 'Saint-Denis', 'EUR', 'La Réunion', '🇷🇪', 'U+1F1F7 U+1F1EA', '2018-07-20 20:11:03', '2022-03-08 16:22:31', 1, NULL),
(181, 'Romania', 'ROU', 'RO', '40', 'Bucharest', 'RON', 'România', '🇷🇴', 'U+1F1F7 U+1F1F4', '2018-07-20 20:11:03', '2022-03-08 16:22:31', 1, 'Q218'),
(182, 'Russia', 'RUS', 'RU', '7', 'Moscow', 'RUB', 'Россия', '🇷🇺', 'U+1F1F7 U+1F1FA', '2018-07-20 20:11:03', '2022-03-08 16:22:31', 1, 'Q159'),
(183, 'Rwanda', 'RWA', 'RW', '250', 'Kigali', 'RWF', 'Rwanda', '🇷🇼', 'U+1F1F7 U+1F1FC', '2018-07-20 20:11:03', '2022-03-08 16:22:31', 1, 'Q1037'),
(184, 'Saint Helena', 'SHN', 'SH', '290', 'Jamestown', 'SHP', 'Saint Helena', '🇸🇭', 'U+1F1F8 U+1F1ED', '2018-07-20 20:11:03', '2022-03-08 16:22:31', 1, NULL),
(185, 'Saint Kitts And Nevis', 'KNA', 'KN', '+1-869', 'Basseterre', 'XCD', 'Saint Kitts and Nevis', '🇰🇳', 'U+1F1F0 U+1F1F3', '2018-07-20 20:11:03', '2022-03-08 16:22:31', 1, 'Q763'),
(186, 'Saint Lucia', 'LCA', 'LC', '+1-758', 'Castries', 'XCD', 'Saint Lucia', '🇱🇨', 'U+1F1F1 U+1F1E8', '2018-07-20 20:11:03', '2022-03-08 16:22:31', 1, 'Q760'),
(187, 'Saint Pierre and Miquelon', 'SPM', 'PM', '508', 'Saint-Pierre', 'EUR', 'Saint-Pierre-et-Miquelon', '🇵🇲', 'U+1F1F5 U+1F1F2', '2018-07-20 20:11:03', '2022-03-08 16:22:31', 1, NULL),
(188, 'Saint Vincent And The Grenadines', 'VCT', 'VC', '+1-784', 'Kingstown', 'XCD', 'Saint Vincent and the Grenadines', '🇻🇨', 'U+1F1FB U+1F1E8', '2018-07-20 20:11:03', '2022-03-08 16:22:31', 1, 'Q757'),
(189, 'Saint-Barthelemy', 'BLM', 'BL', '590', 'Gustavia', 'EUR', 'Saint-Barthélemy', '🇧🇱', 'U+1F1E7 U+1F1F1', '2018-07-20 20:11:03', '2022-03-08 16:22:31', 1, NULL),
(190, 'Saint-Martin (French part)', 'MAF', 'MF', '590', 'Marigot', 'EUR', 'Saint-Martin', '🇲🇫', 'U+1F1F2 U+1F1EB', '2018-07-20 20:11:03', '2022-03-08 16:22:31', 1, NULL),
(191, 'Samoa', 'WSM', 'WS', '685', 'Apia', 'WST', 'Samoa', '🇼🇸', 'U+1F1FC U+1F1F8', '2018-07-20 20:11:03', '2022-03-08 16:22:31', 1, 'Q683'),
(192, 'San Marino', 'SMR', 'SM', '378', 'San Marino', 'EUR', 'San Marino', '🇸🇲', 'U+1F1F8 U+1F1F2', '2018-07-20 20:11:03', '2022-03-08 16:22:31', 1, 'Q238'),
(193, 'Sao Tome and Principe', 'STP', 'ST', '239', 'Sao Tome', 'STD', 'São Tomé e Príncipe', '🇸🇹', 'U+1F1F8 U+1F1F9', '2018-07-20 20:11:03', '2022-03-08 16:22:31', 1, 'Q1039'),
(194, 'Saudi Arabia', 'SAU', 'SA', '966', 'Riyadh', 'SAR', 'العربية السعودية', '🇸🇦', 'U+1F1F8 U+1F1E6', '2018-07-20 20:11:03', '2022-03-08 16:22:31', 1, 'Q851'),
(195, 'Senegal', 'SEN', 'SN', '221', 'Dakar', 'XOF', 'Sénégal', '🇸🇳', 'U+1F1F8 U+1F1F3', '2018-07-20 20:11:03', '2022-03-08 16:22:31', 1, 'Q1041'),
(196, 'Serbia', 'SRB', 'RS', '381', 'Belgrade', 'RSD', 'Србија', '🇷🇸', 'U+1F1F7 U+1F1F8', '2018-07-20 20:11:03', '2022-03-08 16:22:31', 1, 'Q403'),
(197, 'Seychelles', 'SYC', 'SC', '248', 'Victoria', 'SCR', 'Seychelles', '🇸🇨', 'U+1F1F8 U+1F1E8', '2018-07-20 20:11:03', '2022-03-08 16:22:31', 1, 'Q1042'),
(198, 'Sierra Leone', 'SLE', 'SL', '232', 'Freetown', 'SLL', 'Sierra Leone', '🇸🇱', 'U+1F1F8 U+1F1F1', '2018-07-20 20:11:03', '2022-03-08 16:22:31', 1, 'Q1044'),
(199, 'Singapore', 'SGP', 'SG', '65', 'Singapur', 'SGD', 'Singapore', '🇸🇬', 'U+1F1F8 U+1F1EC', '2018-07-20 20:11:03', '2022-03-08 16:22:31', 1, 'Q334'),
(200, 'Slovakia', 'SVK', 'SK', '421', 'Bratislava', 'EUR', 'Slovensko', '🇸🇰', 'U+1F1F8 U+1F1F0', '2018-07-20 20:11:03', '2022-03-08 16:22:31', 1, 'Q214'),
(201, 'Slovenia', 'SVN', 'SI', '386', 'Ljubljana', 'EUR', 'Slovenija', '🇸🇮', 'U+1F1F8 U+1F1EE', '2018-07-20 20:11:03', '2022-03-08 16:22:31', 1, 'Q215'),
(202, 'Solomon Islands', 'SLB', 'SB', '677', 'Honiara', 'SBD', 'Solomon Islands', '🇸🇧', 'U+1F1F8 U+1F1E7', '2018-07-20 20:11:03', '2022-03-08 16:22:31', 1, 'Q685'),
(203, 'Somalia', 'SOM', 'SO', '252', 'Mogadishu', 'SOS', 'Soomaaliya', '🇸🇴', 'U+1F1F8 U+1F1F4', '2018-07-20 20:11:03', '2022-03-08 16:22:31', 1, 'Q1045'),
(204, 'South Africa', 'ZAF', 'ZA', '27', 'Pretoria', 'ZAR', 'South Africa', '🇿🇦', 'U+1F1FF U+1F1E6', '2018-07-20 20:11:03', '2022-03-08 16:22:31', 1, 'Q258'),
(205, 'South Georgia', 'SGS', 'GS', '', 'Grytviken', 'GBP', 'South Georgia', '🇬🇸', 'U+1F1EC U+1F1F8', '2018-07-20 20:11:03', '2022-03-08 16:22:31', 1, NULL),
(206, 'South Sudan', 'SSD', 'SS', '211', 'Juba', 'SSP', 'South Sudan', '🇸🇸', 'U+1F1F8 U+1F1F8', '2018-07-20 20:11:03', '2022-03-08 16:22:31', 1, 'Q958'),
(207, 'Spain', 'ESP', 'ES', '34', 'Madrid', 'EUR', 'España', '🇪🇸', 'U+1F1EA U+1F1F8', '2018-07-20 20:11:03', '2022-03-08 16:22:31', 1, 'Q29'),
(208, 'Sri Lanka', 'LKA', 'LK', '94', 'Colombo', 'LKR', 'śrī laṃkāva', '🇱🇰', 'U+1F1F1 U+1F1F0', '2018-07-20 20:11:03', '2022-03-08 16:22:31', 1, 'Q854'),
(209, 'Sudan', 'SDN', 'SD', '249', 'Khartoum', 'SDG', 'السودان', '🇸🇩', 'U+1F1F8 U+1F1E9', '2018-07-20 20:11:03', '2022-03-08 16:22:31', 1, 'Q1049'),
(210, 'Suriname', 'SUR', 'SR', '597', 'Paramaribo', 'SRD', 'Suriname', '🇸🇷', 'U+1F1F8 U+1F1F7', '2018-07-20 20:11:03', '2022-03-08 16:22:31', 1, 'Q730'),
(211, 'Svalbard And Jan Mayen Islands', 'SJM', 'SJ', '47', 'Longyearbyen', 'NOK', 'Svalbard og Jan Mayen', '🇸🇯', 'U+1F1F8 U+1F1EF', '2018-07-20 20:11:03', '2022-03-08 16:22:31', 1, NULL),
(212, 'Swaziland', 'SWZ', 'SZ', '268', 'Mbabane', 'SZL', 'Swaziland', '🇸🇿', 'U+1F1F8 U+1F1FF', '2018-07-20 20:11:03', '2022-03-08 16:22:31', 1, 'Q1050'),
(213, 'Sweden', 'SWE', 'SE', '46', 'Stockholm', 'SEK', 'Sverige', '🇸🇪', 'U+1F1F8 U+1F1EA', '2018-07-20 20:11:03', '2022-03-08 16:22:31', 1, 'Q34'),
(214, 'Switzerland', 'CHE', 'CH', '41', 'Berne', 'CHF', 'Schweiz', '🇨🇭', 'U+1F1E8 U+1F1ED', '2018-07-20 20:11:03', '2022-03-08 16:22:31', 1, 'Q39'),
(215, 'Syria', 'SYR', 'SY', '963', 'Damascus', 'SYP', 'سوريا', '🇸🇾', 'U+1F1F8 U+1F1FE', '2018-07-20 20:11:03', '2022-03-08 16:22:31', 1, 'Q858'),
(216, 'Taiwan', 'TWN', 'TW', '886', 'Taipei', 'TWD', '臺灣', '🇹🇼', 'U+1F1F9 U+1F1FC', '2018-07-20 20:11:03', '2022-03-08 16:22:31', 1, 'Q865'),
(217, 'Tajikistan', 'TJK', 'TJ', '992', 'Dushanbe', 'TJS', 'Тоҷикистон', '🇹🇯', 'U+1F1F9 U+1F1EF', '2018-07-20 20:11:03', '2022-03-08 16:22:31', 1, 'Q863'),
(218, 'Tanzania', 'TZA', 'TZ', '255', 'Dodoma', 'TZS', 'Tanzania', '🇹🇿', 'U+1F1F9 U+1F1FF', '2018-07-20 20:11:03', '2022-03-08 16:22:31', 1, 'Q924'),
(219, 'Thailand', 'THA', 'TH', '66', 'Bangkok', 'THB', 'ประเทศไทย', '🇹🇭', 'U+1F1F9 U+1F1ED', '2018-07-20 20:11:03', '2022-03-08 16:22:31', 1, 'Q869'),
(220, 'Togo', 'TGO', 'TG', '228', 'Lome', 'XOF', 'Togo', '🇹🇬', 'U+1F1F9 U+1F1EC', '2018-07-20 20:11:03', '2022-03-08 16:22:31', 1, 'Q945'),
(221, 'Tokelau', 'TKL', 'TK', '690', '', 'NZD', 'Tokelau', '🇹🇰', 'U+1F1F9 U+1F1F0', '2018-07-20 20:11:03', '2022-03-08 16:22:31', 1, NULL),
(222, 'Tonga', 'TON', 'TO', '676', 'Nuku\'alofa', 'TOP', 'Tonga', '🇹🇴', 'U+1F1F9 U+1F1F4', '2018-07-20 20:11:03', '2022-03-08 16:22:31', 1, 'Q678'),
(223, 'Trinidad And Tobago', 'TTO', 'TT', '+1-868', 'Port of Spain', 'TTD', 'Trinidad and Tobago', '🇹🇹', 'U+1F1F9 U+1F1F9', '2018-07-20 20:11:03', '2022-03-08 16:22:31', 1, 'Q754'),
(224, 'Tunisia', 'TUN', 'TN', '216', 'Tunis', 'TND', 'تونس', '🇹🇳', 'U+1F1F9 U+1F1F3', '2018-07-20 20:11:03', '2022-03-08 16:22:31', 1, 'Q948'),
(225, 'Turkey', 'TUR', 'TR', '90', 'Ankara', 'TRY', 'Türkiye', '🇹🇷', 'U+1F1F9 U+1F1F7', '2018-07-20 20:11:03', '2022-03-08 16:22:31', 1, 'Q43'),
(226, 'Turkmenistan', 'TKM', 'TM', '993', 'Ashgabat', 'TMT', 'Türkmenistan', '🇹🇲', 'U+1F1F9 U+1F1F2', '2018-07-20 20:11:03', '2022-03-08 16:22:31', 1, 'Q874'),
(227, 'Turks And Caicos Islands', 'TCA', 'TC', '+1-649', 'Cockburn Town', 'USD', 'Turks and Caicos Islands', '🇹🇨', 'U+1F1F9 U+1F1E8', '2018-07-20 20:11:03', '2022-03-08 16:22:31', 1, NULL),
(228, 'Tuvalu', 'TUV', 'TV', '688', 'Funafuti', 'AUD', 'Tuvalu', '🇹🇻', 'U+1F1F9 U+1F1FB', '2018-07-20 20:11:03', '2022-03-08 16:22:31', 1, 'Q672'),
(229, 'Uganda', 'UGA', 'UG', '256', 'Kampala', 'UGX', 'Uganda', '🇺🇬', 'U+1F1FA U+1F1EC', '2018-07-20 20:11:03', '2022-03-08 16:22:31', 1, 'Q1036'),
(230, 'Ukraine', 'UKR', 'UA', '380', 'Kiev', 'UAH', 'Україна', '🇺🇦', 'U+1F1FA U+1F1E6', '2018-07-20 20:11:03', '2022-03-08 16:22:31', 1, 'Q212'),
(231, 'United Arab Emirates', 'ARE', 'AE', '971', 'Abu Dhabi', 'AED', 'دولة الإمارات العربية المتحدة', '🇦🇪', 'U+1F1E6 U+1F1EA', '2018-07-20 20:11:03', '2022-03-08 16:22:31', 1, 'Q878'),
(232, 'United Kingdom', 'GBR', 'GB', '44', 'London', 'GBP', 'United Kingdom', '🇬🇧', 'U+1F1EC U+1F1E7', '2018-07-20 20:11:03', '2022-03-08 16:22:31', 1, 'Q145'),
(233, 'United States', 'USA', 'US', '1', 'Washington', 'USD', 'United States', '🇺🇸', 'U+1F1FA U+1F1F8', '2018-07-20 20:11:03', '2022-03-08 16:22:31', 1, 'Q30'),
(234, 'United States Minor Outlying Islands', 'UMI', 'UM', '1', '', 'USD', 'United States Minor Outlying Islands', '🇺🇲', 'U+1F1FA U+1F1F2', '2018-07-20 20:11:03', '2022-03-08 16:22:31', 1, NULL),
(235, 'Uruguay', 'URY', 'UY', '598', 'Montevideo', 'UYU', 'Uruguay', '🇺🇾', 'U+1F1FA U+1F1FE', '2018-07-20 20:11:03', '2022-03-08 16:22:31', 1, 'Q77'),
(236, 'Uzbekistan', 'UZB', 'UZ', '998', 'Tashkent', 'UZS', 'O‘zbekiston', '🇺🇿', 'U+1F1FA U+1F1FF', '2018-07-20 20:11:03', '2022-03-08 16:22:31', 1, 'Q265'),
(237, 'Vanuatu', 'VUT', 'VU', '678', 'Port Vila', 'VUV', 'Vanuatu', '🇻🇺', 'U+1F1FB U+1F1FA', '2018-07-20 20:11:03', '2022-03-08 16:22:31', 1, 'Q686'),
(238, 'Vatican City State (Holy See)', 'VAT', 'VA', '379', 'Vatican City', 'EUR', 'Vaticano', '🇻🇦', 'U+1F1FB U+1F1E6', '2018-07-20 20:11:03', '2022-03-08 16:22:31', 1, 'Q237'),
(239, 'Venezuela', 'VEN', 'VE', '58', 'Caracas', 'VEF', 'Venezuela', '🇻🇪', 'U+1F1FB U+1F1EA', '2018-07-20 20:11:03', '2022-03-08 16:22:31', 1, 'Q717'),
(240, 'Vietnam', 'VNM', 'VN', '84', 'Hanoi', 'VND', 'Việt Nam', '🇻🇳', 'U+1F1FB U+1F1F3', '2018-07-20 20:11:03', '2022-03-08 16:22:31', 1, 'Q881'),
(241, 'Virgin Islands (British)', 'VGB', 'VG', '+1-284', 'Road Town', 'USD', 'British Virgin Islands', '🇻🇬', 'U+1F1FB U+1F1EC', '2018-07-20 20:11:03', '2022-03-08 16:22:31', 1, NULL),
(242, 'Virgin Islands (US)', 'VIR', 'VI', '+1-340', 'Charlotte Amalie', 'USD', 'United States Virgin Islands', '🇻🇮', 'U+1F1FB U+1F1EE', '2018-07-20 20:11:03', '2022-03-08 16:22:31', 1, NULL),
(243, 'Wallis And Futuna Islands', 'WLF', 'WF', '681', 'Mata Utu', 'XPF', 'Wallis et Futuna', '🇼🇫', 'U+1F1FC U+1F1EB', '2018-07-20 20:11:03', '2022-03-08 16:22:31', 1, NULL),
(244, 'Western Sahara', 'ESH', 'EH', '212', 'El-Aaiun', 'MAD', 'الصحراء الغربية', '🇪🇭', 'U+1F1EA U+1F1ED', '2018-07-20 20:11:03', '2022-03-08 16:22:31', 1, NULL),
(245, 'Yemen', 'YEM', 'YE', '967', 'Sanaa', 'YER', 'اليَمَن', '🇾🇪', 'U+1F1FE U+1F1EA', '2018-07-20 20:11:03', '2022-03-08 16:22:31', 1, 'Q805'),
(246, 'Zambia', 'ZMB', 'ZM', '260', 'Lusaka', 'ZMW', 'Zambia', '🇿🇲', 'U+1F1FF U+1F1F2', '2018-07-20 20:11:03', '2022-03-08 16:22:31', 1, 'Q953'),
(247, 'Zimbabwe', 'ZWE', 'ZW', '263', 'Harare', 'ZWL', 'Zimbabwe', '🇿🇼', 'U+1F1FF U+1F1FC', '2018-07-20 20:11:03', '2022-03-08 16:22:31', 1, 'Q954'),
(248, 'Kosovo', 'XKX', 'XK', '383', 'Pristina', 'EUR', 'Republika e Kosovës', '🇽🇰', 'U+1F1FD U+1F1F0', '2020-08-15 15:33:50', '2022-03-08 16:22:31', 1, 'Q1246');

-- --------------------------------------------------------

--
-- Table structure for table `global_currency`
--

CREATE TABLE `global_currency` (
  `id` int NOT NULL,
  `users_sid` varchar(50) NOT NULL,
  `currency` varchar(50) NOT NULL,
  `code` varchar(15) NOT NULL,
  `codigoClasificador` smallint NOT NULL DEFAULT '1',
  `usd_dollar` enum('Y','N') NOT NULL DEFAULT 'N',
  `global_countries_id` int NOT NULL COMMENT 'global_countries',
  `status` enum('A','X') NOT NULL DEFAULT 'A',
  `created_at` datetime NOT NULL DEFAULT CURRENT_TIMESTAMP,
  `updated_at` datetime DEFAULT NULL
) ENGINE=InnoDB DEFAULT CHARSET=latin1;

--
-- Dumping data for table `global_currency`
--

INSERT INTO `global_currency` (`id`, `users_sid`, `currency`, `code`, `codigoClasificador`, `usd_dollar`, `global_countries_id`, `status`, `created_at`, `updated_at`) VALUES
(1, '69abe0de-7812-41bd-9124-6a7238aee7d1', 'Dolar', '$USD', 2, 'Y', 233, 'A', '2021-07-11 13:21:50', '2022-12-15 03:21:46'),
(2, '69abe0de-7812-41bd-9124-6a7238aee7d1', 'Bolivianos', 'Bs', 1, 'N', 27, 'A', '2021-07-11 13:22:16', '2022-12-15 04:06:31'),
(3, '69abe0de-7812-41bd-9124-6a7238aee7d1', 'Real', 'R$', 23, 'N', 31, 'X', '2021-07-11 13:23:32', '2021-07-11 17:22:18'),
(4, '69abe0de-7812-41bd-9124-6a7238aee7d1', 'Peso Chileno', '$CLP', 33, 'N', 44, 'X', '2021-08-20 11:17:34', '2021-11-16 08:08:02'),
(5, '69abe0de-7812-41bd-9124-6a7238aee7d1', 'YUAN, RENMINBI', '¥ CNY', 34, 'N', 45, 'A', '2022-09-29 23:47:48', '2022-09-30 00:12:04');

-- --------------------------------------------------------

--
-- Table structure for table `global_dosage`
--

CREATE TABLE `global_dosage` (
  `id` int NOT NULL,
  `users_sid` varchar(50) NOT NULL,
  `global_branch_office_id` varchar(50) NOT NULL COMMENT 'global_branch_office',
  `nit` varchar(50) NOT NULL,
  `autorizacion` varchar(75) NOT NULL,
  `inicio` date NOT NULL,
  `limite` date NOT NULL,
  `llave` text NOT NULL,
  `rubro` text NOT NULL,
  `leyenda` text NOT NULL,
  `status` enum('A','X') NOT NULL DEFAULT 'A',
  `created_at` datetime NOT NULL,
  `updated_at` datetime NOT NULL
) ENGINE=InnoDB DEFAULT CHARSET=latin1;

--
-- Dumping data for table `global_dosage`
--

INSERT INTO `global_dosage` (`id`, `users_sid`, `global_branch_office_id`, `nit`, `autorizacion`, `inicio`, `limite`, `llave`, `rubro`, `leyenda`, `status`, `created_at`, `updated_at`) VALUES
(1, '69abe0de-7812-41bd-9124-6a7238aee7d1', 'd408ca98-cd00-4d66-84ea-7ef5b7469d96', '4807414019', '369401600011766', '2020-08-24', '2021-02-26', 'JUplXFYqKHFcS1RKRm1TTCQ9SD0rZ0BdamZ2QU5BakFtUzZfayNNOWgrKU5lYzNDMnFFWGtnJSpCLTczVlc4QQ==', 'Desarrollo de Sistemas, Servicios informáticos en general, compra y venta de equipos informáticos.', 'Ley N° 453: Tienes derecho a recibir información sobre las características y contenidos de los productos que consumes.', 'A', '2020-08-25 10:48:51', '2020-08-25 13:17:08'),
(2, '69abe0de-7812-41bd-9124-6a7238aee7d1', 'd408ca98-cd00-4d66-84ea-7ef5b7469d96', '4807414019', '3216549876565', '2021-08-20', '2022-02-22', 'i4y2t34iyu23t4iu2y3t4iu2y34ti2yu34it23u42', 'Desarrollo de Sistemas, Servicios informáticos en general, compra y venta de equipos informáticos.', 'Ley N° 453: Tienes derecho a recibir información sobre las características y contenidos de los productos que consumes.', 'A', '2021-08-20 13:54:57', '2021-08-20 14:10:22');

-- --------------------------------------------------------

--
-- Table structure for table `global_exchange_rate`
--

CREATE TABLE `global_exchange_rate` (
  `id` int NOT NULL,
  `users_sid` varchar(50) NOT NULL,
  `exchange_date` date NOT NULL,
  `global_currency_id` int NOT NULL COMMENT 'global_currency',
  `exchange` decimal(10,5) NOT NULL,
  `status` enum('A','X') NOT NULL DEFAULT 'A',
  `created_at` datetime NOT NULL DEFAULT CURRENT_TIMESTAMP,
  `updated_at` datetime DEFAULT NULL
) ENGINE=InnoDB DEFAULT CHARSET=latin1;

--
-- Dumping data for table `global_exchange_rate`
--

INSERT INTO `global_exchange_rate` (`id`, `users_sid`, `exchange_date`, `global_currency_id`, `exchange`, `status`, `created_at`, `updated_at`) VALUES
(1, '69abe0de-7812-41bd-9124-6a7238aee7d1', '2022-12-15', 1, '6.96000', 'A', '2022-12-15 01:10:47', '2022-12-15 01:10:47'),
(2, '69abe0de-7812-41bd-9124-6a7238aee7d1', '2022-12-15', 34, '6.96000', 'A', '2022-12-15 01:12:07', '2022-12-15 01:12:07'),
(3, '69abe0de-7812-41bd-9124-6a7238aee7d1', '2022-12-15', 2, '1.00000', 'A', '2022-12-15 01:10:47', '2022-12-15 01:10:47');

-- --------------------------------------------------------

--
-- Table structure for table `global_history`
--

CREATE TABLE `global_history` (
  `id` int NOT NULL,
  `ss` varchar(200) NOT NULL,
  `sss` varchar(200) NOT NULL
) ENGINE=InnoDB DEFAULT CHARSET=utf8mb4 COLLATE=utf8mb4_0900_ai_ci;

--
-- Dumping data for table `global_history`
--

INSERT INTO `global_history` (`id`, `ss`, `sss`) VALUES
(2, '518f7714-c323-11ed-91ac-046c59bc949a', '4697d0987b2736e1690e339127e47b39a88e8d3c');

-- --------------------------------------------------------

--
-- Table structure for table `global_holidays`
--

CREATE TABLE `global_holidays` (
  `id` int NOT NULL,
  `users_sid` varchar(50) NOT NULL COMMENT 'Related to users table',
  `holiday_date` date NOT NULL,
  `holiday_name` varchar(200) NOT NULL,
  `status` enum('A','X') NOT NULL DEFAULT 'A',
  `created_at` datetime NOT NULL,
  `updated_at` datetime NOT NULL
) ENGINE=InnoDB DEFAULT CHARSET=latin1;

--
-- Dumping data for table `global_holidays`
--

INSERT INTO `global_holidays` (`id`, `users_sid`, `holiday_date`, `holiday_name`, `status`, `created_at`, `updated_at`) VALUES
(1, '69abe0de-7812-41bd-9124-6a7238aee7d1', '2021-01-01', 'Año nuevo', 'A', '2021-12-14 11:40:33', '2021-12-14 12:00:02'),
(2, '69abe0de-7812-41bd-9124-6a7238aee7d1', '2021-01-22', 'Fundación del Estado Plurinacional de Bolivia', 'A', '2021-12-14 11:48:38', '2021-12-14 11:48:38'),
(3, '69abe0de-7812-41bd-9124-6a7238aee7d1', '2021-02-15', 'Carnaval', 'A', '2021-12-14 11:54:06', '2021-12-14 11:54:06'),
(4, '69abe0de-7812-41bd-9124-6a7238aee7d1', '2021-02-16', 'Carnaval', 'A', '2021-12-14 11:54:24', '2021-12-14 11:54:24'),
(5, '69abe0de-7812-41bd-9124-6a7238aee7d1', '2021-04-02', 'Viernes Santo', 'A', '2021-12-14 11:55:49', '2021-12-14 11:55:49'),
(6, '69abe0de-7812-41bd-9124-6a7238aee7d1', '2021-05-01', 'Día del Trabajador', 'A', '2021-12-14 11:55:59', '2021-12-14 11:55:59'),
(7, '69abe0de-7812-41bd-9124-6a7238aee7d1', '2021-06-03', 'Corpus Christi', 'A', '2021-12-14 11:56:13', '2021-12-14 11:56:13'),
(8, '69abe0de-7812-41bd-9124-6a7238aee7d1', '2021-06-21', 'Año Nuevo Aymara', 'A', '2021-12-14 11:56:27', '2021-12-14 11:56:27'),
(9, '69abe0de-7812-41bd-9124-6a7238aee7d1', '2021-07-16', 'Aniversario de La Paz', 'A', '2021-12-14 11:56:48', '2021-12-14 11:56:48'),
(10, '69abe0de-7812-41bd-9124-6a7238aee7d1', '2021-08-06', 'Día de la Independencia', 'A', '2021-12-14 11:57:00', '2021-12-14 11:57:00'),
(11, '69abe0de-7812-41bd-9124-6a7238aee7d1', '2021-11-02', 'Día de los Difuntos', 'A', '2021-12-14 11:57:12', '2021-12-14 11:57:12'),
(12, '69abe0de-7812-41bd-9124-6a7238aee7d1', '2021-12-25', 'Navidad', 'A', '2021-12-14 11:57:21', '2021-12-14 11:57:21'),
(13, '69abe0de-7812-41bd-9124-6a7238aee7d1', '2022-01-01', 'Año Nuevo', 'A', '2022-04-21 02:14:47', '2022-04-21 02:14:47'),
(14, '69abe0de-7812-41bd-9124-6a7238aee7d1', '2022-01-22', 'Día del Estado Plurinacional', 'A', '2022-04-21 02:15:02', '2022-04-21 02:15:02'),
(15, '69abe0de-7812-41bd-9124-6a7238aee7d1', '2022-02-28', 'Carnaval', 'A', '2022-04-21 02:15:15', '2022-04-21 02:15:15'),
(16, '69abe0de-7812-41bd-9124-6a7238aee7d1', '2022-03-01', 'Carnaval', 'A', '2022-04-21 02:15:21', '2022-04-21 02:15:21'),
(17, '69abe0de-7812-41bd-9124-6a7238aee7d1', '2022-04-15', 'Viernes Santo', 'A', '2022-04-21 02:15:31', '2022-04-21 02:15:31'),
(18, '69abe0de-7812-41bd-9124-6a7238aee7d1', '2022-05-01', 'Día del Trabajo', 'A', '2022-04-21 02:15:47', '2022-04-21 02:15:47'),
(19, '69abe0de-7812-41bd-9124-6a7238aee7d1', '2022-06-16', 'Corpus Christi', 'A', '2022-04-21 02:16:05', '2022-04-21 02:16:05'),
(20, '69abe0de-7812-41bd-9124-6a7238aee7d1', '2022-06-21', 'Año Nuevo Aymara', 'A', '2022-04-21 02:16:17', '2022-04-21 02:16:17'),
(21, '69abe0de-7812-41bd-9124-6a7238aee7d1', '2022-08-06', 'Día de la Independencia', 'A', '2022-04-21 02:16:31', '2022-04-21 02:16:31'),
(22, '69abe0de-7812-41bd-9124-6a7238aee7d1', '2022-11-02', 'Día de Todos los Difuntos', 'A', '2022-04-21 02:16:43', '2022-04-21 02:16:43'),
(23, '69abe0de-7812-41bd-9124-6a7238aee7d1', '2022-12-25', 'Navidad', 'A', '2022-04-21 02:16:54', '2022-04-21 02:16:54');

-- --------------------------------------------------------

--
-- Table structure for table `global_license_server`
--

CREATE TABLE `global_license_server` (
  `id` smallint NOT NULL,
  `users_sid` varchar(50) NOT NULL,
  `email` varchar(75) NOT NULL,
  `license` varchar(50) NOT NULL,
  `systems_enabled` text,
  `how_many` varchar(10) NOT NULL,
  `expiration_date` date DEFAULT NULL,
  `status` enum('A','X') NOT NULL DEFAULT 'A',
  `created_at` datetime NOT NULL DEFAULT CURRENT_TIMESTAMP,
  `updated_at` datetime DEFAULT NULL
) ENGINE=InnoDB DEFAULT CHARSET=latin1;

--
-- Dumping data for table `global_license_server`
--

INSERT INTO `global_license_server` (`id`, `users_sid`, `email`, `license`, `systems_enabled`, `how_many`, `expiration_date`, `status`, `created_at`, `updated_at`) VALUES
(1, '69abe0de-7812-41bd-9124-6a7238aee7d1', 'ohkmalganis@gmail.com', '69abe0de-7812-41bd-9124-6a7238aee7d1', '*', '!', '2026-12-31', 'X', '2021-08-18 16:26:30', '2021-08-18 16:26:30'),
(14, '69abe0de-7812-41bd-9124-6a7238aee7d1', 'contactos@sivir.co', '518f7714-c323-11ed-91ac-046c59bc949a', 'sivir, customers, supplier', '1', '2023-03-21', 'A', '2023-03-15 08:42:38', '2023-03-20 07:58:12');

-- --------------------------------------------------------

--
-- Table structure for table `global_person`
--

CREATE TABLE `global_person` (
  `id` int NOT NULL,
  `users_sid` varchar(50) NOT NULL,
  `first_name` varchar(50) NOT NULL COMMENT 'The first and middle name',
  `last_name` varchar(75) CHARACTER SET utf8mb3 COLLATE utf8mb3_general_ci DEFAULT NULL COMMENT 'Last name',
  `phone_number` varchar(200) DEFAULT NULL,
  `intern` varchar(75) DEFAULT NULL COMMENT '	Intern number',
  `cargo_id` int NOT NULL COMMENT 'Related to catalogs',
  `area_id` int NOT NULL COMMENT 'Related to catalogs',
  `country_id` int DEFAULT NULL COMMENT 'Related to country table',
  `status` enum('A','X') NOT NULL DEFAULT 'A',
  `created_at` datetime NOT NULL DEFAULT CURRENT_TIMESTAMP,
  `updated_at` datetime DEFAULT CURRENT_TIMESTAMP
) ENGINE=InnoDB DEFAULT CHARSET=utf8mb3;

--
-- Dumping data for table `global_person`
--

INSERT INTO `global_person` (`id`, `users_sid`, `first_name`, `last_name`, `phone_number`, `intern`, `cargo_id`, `area_id`, `country_id`, `status`, `created_at`, `updated_at`) VALUES
(1, '69abe0de-7812-41bd-9124-6a7238aee7d1', 'José', 'Aparicio', '76108443', '0', 76, 7, 27, 'A', '2021-06-24 16:09:51', '2021-10-22 09:39:28'),
(2, '69abe0de-7812-41bd-9124-6a7238aee7d1', 'Franklin', 'Molina Ortiz', '0', '0', 1, 1, NULL, 'A', '2021-09-01 16:04:53', '2021-10-11 10:19:28'),
(38, '69abe0de-7812-41bd-9124-6a7238aee7d1', 'Mario Alberto', 'Sapiencia Arrieta', '0', '201 - 901', 40, 7, NULL, 'A', '2021-09-01 16:04:53', '2021-09-03 16:48:35'),
(53, '69abe0de-7812-41bd-9124-6a7238aee7d1', 'Mario Gonzalo', 'Aruquipa Lastario', '0', '209', 55, 7, NULL, 'A', '2021-09-01 16:04:53', '2021-09-03 16:27:51'),
(164, '69abe0de-7812-41bd-9124-6a7238aee7d1', 'Bill', 'Gates', '0', '666', 73, 7, NULL, 'A', '2021-10-28 11:58:10', '2021-10-29 15:21:20');

-- --------------------------------------------------------

--
-- Table structure for table `global_rol`
--

CREATE TABLE `global_rol` (
  `id` int NOT NULL,
  `users_sid` varchar(50) NOT NULL COMMENT 'related to users table',
  `global_system_id` int NOT NULL COMMENT 'global_system',
  `rol_name` varchar(50) NOT NULL,
  `rol_description` tinytext,
  `status` enum('A','X') NOT NULL DEFAULT 'A',
  `created_at` datetime NOT NULL DEFAULT CURRENT_TIMESTAMP,
  `updated_at` datetime DEFAULT NULL
) ENGINE=InnoDB DEFAULT CHARSET=latin1;

--
-- Dumping data for table `global_rol`
--

INSERT INTO `global_rol` (`id`, `users_sid`, `global_system_id`, `rol_name`, `rol_description`, `status`, `created_at`, `updated_at`) VALUES
(1, '69abe0de-7812-41bd-9124-6a7238aee7d1', 1, 'sudo_su', 'General Super Admin', 'A', '2021-07-15 14:44:56', '2021-07-15 18:44:32'),
(7, '69abe0de-7812-41bd-9124-6a7238aee7d1', 9, 'helpdesk_systems_manager', 'HelpDesk Manager', 'A', '2021-09-14 11:40:12', '2021-09-14 11:41:45'),
(8, '69abe0de-7812-41bd-9124-6a7238aee7d1', 9, 'helpdesk_systems_technical_support', 'HelpDesk Technical user', 'A', '2021-09-14 11:41:09', '2021-09-14 11:42:51'),
(9, '69abe0de-7812-41bd-9124-6a7238aee7d1', 9, 'helpdesk_user', 'HelpDesk Basic user', 'A', '2021-09-14 11:41:27', '2021-09-14 11:42:56'),
(10, '69abe0de-7812-41bd-9124-6a7238aee7d1', 1, '*', 'Acceso a elegir sucursal', 'A', '2021-09-15 00:01:49', '2021-09-15 00:01:49'),
(11, '937f7af1-55a1-4ecd-a439-364613c75833', 1, 'sudo_people', 'Configurar personas y números de interno', 'A', '2021-11-18 08:24:52', '2021-11-18 08:24:52'),
(12, '69abe0de-7812-41bd-9124-6a7238aee7d1', 10, 'pyv_systems_manager', 'PYV Manager', 'A', '2022-03-10 15:39:53', '2022-03-10 15:39:53'),
(14, '69abe0de-7812-41bd-9124-6a7238aee7d1', 10, 'pyv_incharge', 'PYV In charge', 'A', '2022-03-10 15:40:26', '2022-03-10 15:40:26'),
(15, '69abe0de-7812-41bd-9124-6a7238aee7d1', 10, 'pyv_user', 'Pyv User', 'A', '2022-03-10 15:40:39', '2022-03-10 15:40:39'),
(16, '69abe0de-7812-41bd-9124-6a7238aee7d1', 7, 'hotel_general', 'Hotel general', 'A', '2022-04-18 15:16:25', '2022-04-18 15:16:25'),
(17, '69abe0de-7812-41bd-9124-6a7238aee7d1', 12, 'supplier_root', 'Proveedores control total', 'A', '2022-04-21 08:54:58', '2023-03-20 21:24:30'),
(18, '69abe0de-7812-41bd-9124-6a7238aee7d1', 12, 'supplier_regular', 'Proveedores sin administracion', 'A', '2022-04-21 08:55:16', '2023-03-20 21:25:02'),
(19, '69abe0de-7812-41bd-9124-6a7238aee7d1', 15, 'dna_root', 'dna root', 'A', '2022-12-08 11:43:31', '2022-12-08 11:43:31'),
(20, '69abe0de-7812-41bd-9124-6a7238aee7d1', 16, 'pdv_root', 'Permisos de viaje ROOT', 'A', '2022-12-08 11:43:47', '2022-12-08 11:43:47'),
(21, '69abe0de-7812-41bd-9124-6a7238aee7d1', 3, 'sivir_root', 'Sivir control completo del sistema', 'A', '2023-03-20 18:29:54', '2023-03-20 19:08:08'),
(22, '69abe0de-7812-41bd-9124-6a7238aee7d1', 3, 'sivir_cashier', 'Sivir vender con todos los privilegios, finalizar otras ventas, buscar productos, clientes y proveedores', 'A', '2023-03-20 18:32:01', '2023-03-20 18:37:26'),
(23, '69abe0de-7812-41bd-9124-6a7238aee7d1', 3, 'sivir_seller', 'Sivir ventas y envio a caja, busqueda de productos y clientes', 'A', '2023-03-20 18:33:07', '2023-03-20 18:37:17'),
(24, '69abe0de-7812-41bd-9124-6a7238aee7d1', 3, 'sivir_inventory', 'Sivir control de inventario, ingresos, egresos.', 'A', '2023-03-20 18:35:12', '2023-03-20 18:37:59'),
(25, '69abe0de-7812-41bd-9124-6a7238aee7d1', 3, 'sivir_almost_root', 'Sivir ventas privilegios completos, finalizar otras ventas, alteracion del inventario, clientes, proveedores', 'A', '2023-03-20 18:35:45', '2023-03-20 18:38:38'),
(26, '69abe0de-7812-41bd-9124-6a7238aee7d1', 8, 'customers_root', 'Clientes control total', 'A', '2023-03-20 21:27:58', '2023-03-20 21:27:58'),
(27, '69abe0de-7812-41bd-9124-6a7238aee7d1', 8, 'customers_regular', 'Clientes usuario regular sin adminsitracion', 'A', '2023-03-20 21:28:23', '2023-03-20 21:28:23');

-- --------------------------------------------------------

--
-- Table structure for table `global_rol_perm`
--

CREATE TABLE `global_rol_perm` (
  `id` int NOT NULL,
  `users_sid` varchar(50) NOT NULL COMMENT 'related to users table',
  `global_rol_id` int NOT NULL COMMENT 'global rol',
  `module_uri` varchar(100) NOT NULL,
  `local_uri` varchar(50) NOT NULL,
  `status` enum('A','X') NOT NULL DEFAULT 'A',
  `created_at` datetime NOT NULL DEFAULT CURRENT_TIMESTAMP,
  `updated_at` datetime DEFAULT NULL
) ENGINE=InnoDB DEFAULT CHARSET=latin1;

--
-- Dumping data for table `global_rol_perm`
--

INSERT INTO `global_rol_perm` (`id`, `users_sid`, `global_rol_id`, `module_uri`, `local_uri`, `status`, `created_at`, `updated_at`) VALUES
(1, '69abe0de-7812-41bd-9124-6a7238aee7d1', 1, 'panel', 'home', 'A', '2021-07-15 15:03:44', '2021-08-10 12:58:15'),
(4, '69abe0de-7812-41bd-9124-6a7238aee7d1', 7, 'helpdesk', 'helpdesk', 'A', '2021-09-14 11:42:14', '2021-09-14 11:42:14'),
(5, '69abe0de-7812-41bd-9124-6a7238aee7d1', 8, 'helpdesk', 'helpdesk', 'A', '2021-09-14 11:42:27', '2021-09-14 11:42:27'),
(6, '69abe0de-7812-41bd-9124-6a7238aee7d1', 9, 'helpdesk', 'helpdesk', 'A', '2021-09-14 11:42:35', '2021-09-14 11:42:35'),
(7, '69abe0de-7812-41bd-9124-6a7238aee7d1', 10, 'panel', 'panel', 'A', '2021-09-15 00:02:18', '2021-09-15 00:02:18'),
(8, '937f7af1-55a1-4ecd-a439-364613c75833', 11, 'panel', 'panel', 'A', '2021-11-18 08:25:07', '2021-11-18 08:25:07'),
(9, '69abe0de-7812-41bd-9124-6a7238aee7d1', 12, 'pyv_systems_manager', 'PasajesyViaticos', 'A', '2022-03-10 15:42:09', '2022-03-10 15:42:26'),
(11, '69abe0de-7812-41bd-9124-6a7238aee7d1', 14, 'pyv_incharge', 'PasajesyViaticos', 'A', '2022-03-10 15:42:47', '2022-03-10 15:42:47'),
(12, '69abe0de-7812-41bd-9124-6a7238aee7d1', 15, 'pyv_user', 'PasajesyViaticos', 'A', '2022-03-10 15:42:59', '2022-03-10 15:42:59'),
(13, '69abe0de-7812-41bd-9124-6a7238aee7d1', 16, 'hotel_general', 'hotel_general', 'A', '2022-04-18 15:16:48', '2022-04-18 15:16:48'),
(14, '937f7af1-55a1-4ecd-a439-364613c75833', 17, 'supplier_systems_manager', 'supplier_systems_manager', 'A', '2022-04-21 08:55:48', '2022-04-21 10:21:56'),
(15, '937f7af1-55a1-4ecd-a439-364613c75833', 18, 'supplier_regular_user', 'supplier_regular_user', 'A', '2022-04-21 08:56:00', '2022-04-21 10:22:06');

-- --------------------------------------------------------

--
-- Table structure for table `global_system`
--

CREATE TABLE `global_system` (
  `id` int NOT NULL,
  `system` varchar(250) NOT NULL,
  `code` varchar(30) NOT NULL,
  `exp` date DEFAULT NULL COMMENT 'hide',
  `status` enum('A','X') NOT NULL DEFAULT 'A',
  `created_at` datetime NOT NULL DEFAULT CURRENT_TIMESTAMP,
  `updated_at` datetime DEFAULT NULL
) ENGINE=InnoDB DEFAULT CHARSET=latin1;

--
-- Dumping data for table `global_system`
--

INSERT INTO `global_system` (`id`, `system`, `code`, `exp`, `status`, `created_at`, `updated_at`) VALUES
(1, 'Administracion general', 'configuracion', NULL, 'X', '2021-07-15 14:58:54', '2023-03-14 18:10:23'),
(2, 'Sistema de control de servicios', 'services', NULL, 'X', '2021-07-15 14:09:15', '2023-03-14 18:10:23'),
(3, 'Sivir 8', 'sivir', NULL, 'X', '2021-07-15 14:09:31', '2023-03-22 13:28:08'),
(4, 'Sistema de control de inventarios', 'inventory', NULL, 'X', '2021-07-15 14:15:48', '2023-03-14 18:10:23'),
(5, 'Sistema de control de activos fijos', 'activosfijos', NULL, 'X', '2021-07-15 14:16:26', '2023-03-14 18:10:23'),
(6, 'Sistema de manejo de procedimientos contables', 'simaproc', NULL, 'X', '2021-07-15 14:17:26', '2023-03-14 18:10:23'),
(7, 'Sistema de control Hotelero', 'hotel', NULL, 'X', '2021-07-15 14:08:55', '2023-03-14 18:10:23'),
(8, 'Sistema de cartera de clientes', 'customers', NULL, 'X', '2021-08-04 11:24:24', '2023-03-22 13:28:08'),
(9, 'Sistema HelpDesk', 'helpdesk', NULL, 'X', '2021-09-14 11:09:01', '2023-03-14 18:10:23'),
(10, 'Sistema de pasajes y viáticos', 'pasajesyviaticos', NULL, 'X', '2021-09-22 09:51:58', '2023-03-14 18:10:23'),
(12, 'Sistema de control de proveedores', 'supplier', NULL, 'X', '2021-11-05 19:00:55', '2023-03-22 13:28:08'),
(13, 'Sistema de control de empleados', 'employee', NULL, 'X', '2021-11-07 22:54:55', '2023-03-14 18:10:23'),
(14, 'Sistema de control de almacenes', 'warehouse', NULL, 'X', '2022-04-24 19:34:56', '2023-03-14 18:10:23'),
(15, 'Defensoría de la niñez', 'dna', NULL, 'X', '2022-11-28 22:07:31', '2023-03-14 18:10:23'),
(16, 'Permisos de viaje', 'pdv', NULL, 'X', '2022-11-28 22:07:50', '2023-03-14 18:10:23');

-- --------------------------------------------------------

--
-- Table structure for table `global_system_behavior`
--

CREATE TABLE `global_system_behavior` (
  `id` int NOT NULL,
  `users_sid` varchar(50) NOT NULL COMMENT 'Related to users table',
  `behavior` enum('core','so') NOT NULL DEFAULT 'core',
  `status` enum('A','X') NOT NULL DEFAULT 'A',
  `created_at` datetime NOT NULL DEFAULT CURRENT_TIMESTAMP,
  `updated_at` datetime DEFAULT NULL
) ENGINE=InnoDB DEFAULT CHARSET=utf8mb3;

--
-- Dumping data for table `global_system_behavior`
--

INSERT INTO `global_system_behavior` (`id`, `users_sid`, `behavior`, `status`, `created_at`, `updated_at`) VALUES
(1, '69abe0de-7812-41bd-9124-6a7238aee7d1', 'core', 'A', '2022-02-19 22:46:46', NULL);

-- --------------------------------------------------------

--
-- Table structure for table `global_ufv`
--

CREATE TABLE `global_ufv` (
  `id` int NOT NULL,
  `users_sid` varchar(50) DEFAULT NULL COMMENT 'global_users',
  `ufv` decimal(10,5) NOT NULL,
  `date_ufv` date NOT NULL,
  `status` enum('A','X') NOT NULL DEFAULT 'A',
  `created_at` datetime NOT NULL DEFAULT CURRENT_TIMESTAMP,
  `updated_at` datetime DEFAULT NULL
) ENGINE=InnoDB DEFAULT CHARSET=latin1;

--
-- Dumping data for table `global_ufv`
--

INSERT INTO `global_ufv` (`id`, `users_sid`, `ufv`, `date_ufv`, `status`, `created_at`, `updated_at`) VALUES
(1, '69abe0de-7812-41bd-9124-6a7238aee7d1', '2.36873', '2021-07-11', 'A', '2021-07-11 13:20:28', '2021-07-11 17:20:05'),
(2, '69abe0de-7812-41bd-9124-6a7238aee7d1', '2.36875', '2021-07-12', 'A', '2021-08-19 14:57:19', '2021-08-19 14:57:19'),
(3, '69abe0de-7812-41bd-9124-6a7238aee7d1', '2.36877', '2021-07-13', 'A', '2021-08-19 16:13:15', '2021-08-19 16:18:20');

-- --------------------------------------------------------

--
-- Table structure for table `global_users`
--

CREATE TABLE `global_users` (
  `id` bigint NOT NULL,
  `sid` varchar(50) CHARACTER SET utf8mb3 COLLATE utf8mb3_general_ci DEFAULT NULL COMMENT 'uuid()',
  `person_id` int NOT NULL COMMENT 'related to person table',
  `global_branch_office_id` varchar(50) DEFAULT NULL COMMENT 'global_branch_office',
  `profile_picture` varchar(50) DEFAULT NULL COMMENT 'The complete filename',
  `email` varchar(255) CHARACTER SET utf8mb3 COLLATE utf8mb3_general_ci NOT NULL COMMENT 'email',
  `password` tinytext CHARACTER SET utf8mb3 COLLATE utf8mb3_general_ci NOT NULL COMMENT 'The password',
  `remember_token` text COMMENT 'The Token',
  `ttl` int NOT NULL DEFAULT '172800' COMMENT 'The time logged in',
  `wrong_login_attempt` tinyint NOT NULL DEFAULT '0' COMMENT 'Times wrong',
  `date_wrong_login_attempt` date DEFAULT NULL COMMENT 'Date when wrong',
  `client_ip` varchar(50) DEFAULT NULL COMMENT 'the clients IP',
  `code` varchar(50) CHARACTER SET latin1 COLLATE latin1_swedish_ci DEFAULT NULL COMMENT 'Code sended for recover password or confirmate the email',
  `status` enum('A','X','B') NOT NULL,
  `created_at` timestamp NOT NULL COMMENT 'When the user were created',
  `updated_at` timestamp NULL DEFAULT NULL COMMENT 'When the user were updated'
) ENGINE=InnoDB DEFAULT CHARSET=latin1;

--
-- Dumping data for table `global_users`
--

INSERT INTO `global_users` (`id`, `sid`, `person_id`, `global_branch_office_id`, `profile_picture`, `email`, `password`, `remember_token`, `ttl`, `wrong_login_attempt`, `date_wrong_login_attempt`, `client_ip`, `code`, `status`, `created_at`, `updated_at`) VALUES
(1, '69abe0de-7812-41bd-9124-6a7238aee7d1', 1, '69abe0de-7812-41bd-9124-6a7238aee7d1', 'profile-5.jpeg', 'ohkmalganis@gmail.com', '$2y$10$b9LgZL6qoVZJpCD7REetU.SXsm6wceG65xl6onkjwTy6QMxB4iIOq', 'eyJ0eXAiOiJKV1QiLCJhbGciOiJIUzI1NiJ9.eyJpc3MiOiJodHRwOi8vMTI3LjAuMC4xOjgwMDEvYXBpL2xvZ2luIiwiaWF0IjoxNjc5NTcxMjEwLCJleHAiOjE2Nzk2NTc2MTAsIm5iZiI6MTY3OTU3MTIxMCwianRpIjoiVUZuT045NGxaZlNVVzRScCIsInN1YiI6IjEiLCJwcnYiOiIyM2JkNWM4OTQ5ZjYwMGFkYjM5ZTcwMWM0MDA4NzJkYjdhNTk3NmY3In0.IMJgoTKZehiv3_ZN4bE7-3fHyyAlmPnquBJ6En2u12Q', 86400, 0, '2022-09-12', '127.0.0.1', '613686', 'A', '2021-11-30 14:51:40', '2023-03-23 11:33:30'),
(7, '2d26be27-1fcb-4ee7-a2e6-2df956717ec9', 2, '69abe0de-7812-41bd-9124-6a7238aee7d1', NULL, 'fmolina@hidrocarburos.gob.bo', '$2y$10$ESMLnyVzefc.SELEEecoPuPc9tD0XbiIGTvG5WIerC5G4.ANBoCHS', 'eyJ0eXAiOiJKV1QiLCJhbGciOiJIUzI1NiJ9.eyJpc3MiOiJodHRwOlwvXC8xMjcuMC4wLjE6ODAwMVwvYXBpXC9sb2dpbiIsImlhdCI6MTY1NTIxMTc4MywiZXhwIjoxNjU1Mjk4MTgzLCJuYmYiOjE2NTUyMTE3ODMsImp0aSI6Ikwwek1TVElPUWpkRlpWTHEiLCJzdWIiOjcsInBydiI6IjIzYmQ1Yzg5NDlmNjAwYWRiMzllNzAxYzQwMDg3MmRiN2E1OTc2ZjcifQ.nvUP8Elt0Ap3NUON_L_78KWP8GtcfCyinEK7WI1zHa8', 86400, 0, '2021-11-03', '127.0.0.1', NULL, 'A', '2021-11-03 18:26:40', '2022-06-14 13:03:05'),
(9, '937f7af1-55a1-4ecd-a439-364613c75833', 164, '69abe0de-7812-41bd-9124-6a7238aee7d1', 'profile-25.jpeg', 'lenin.aparicio@gmail.com', '$2y$10$FIESxxSv/3/ECOI16ASwm.4zGd0.Ybk4FiMrE0yplU0ciD8YyfIU6', 'eyJ0eXAiOiJKV1QiLCJhbGciOiJIUzI1NiJ9.eyJpc3MiOiJodHRwOlwvXC8xMjcuMC4wLjE6ODAwMVwvYXBpXC9sb2dpbiIsImlhdCI6MTY2OTA1NjAwMiwiZXhwIjoxNjY5MTQyNDAyLCJuYmYiOjE2NjkwNTYwMDIsImp0aSI6IklUUDRLT3A3TFk1b1JwM0IiLCJzdWIiOjksInBydiI6IjIzYmQ1Yzg5NDlmNjAwYWRiMzllNzAxYzQwMDg3MmRiN2E1OTc2ZjcifQ.OA1gzGlCS-XBHKdQF76AvEuVqwMnFxO0gZVawuGOMh0', 86400, 0, '2022-11-21', '127.0.0.1', NULL, 'A', '2022-01-24 12:47:52', '2022-11-21 18:40:02'),
(45, '7ce7a7a9-5ddf-4727-8d0b-1ec2dc2cf8cb', 38, '69abe0de-7812-41bd-9124-6a7238aee7d1', 'profile-25.jpeg', 'msapiencia@hidrocarburos.gob.bo', '$2y$10$V3VHEXL1Vvj4FwBfgNOEQeTQVC4pbPliefiBL9IH1K0dzPB03SDRi', 'eyJ0eXAiOiJKV1QiLCJhbGciOiJIUzI1NiJ9.eyJpc3MiOiJodHRwOlwvXC8xMjcuMC4wLjE6ODAwMVwvYXBpXC9sb2dpbiIsImlhdCI6MTY3MTExOTUwMiwiZXhwIjoxNjcxMjA1OTAyLCJuYmYiOjE2NzExMTk1MDIsImp0aSI6InExVEMybnZvN0VwWlB3OGsiLCJzdWIiOjQ1LCJwcnYiOiIyM2JkNWM4OTQ5ZjYwMGFkYjM5ZTcwMWM0MDA4NzJkYjdhNTk3NmY3In0.zFF9AR3WVtRvbCmE1qMb-l_qZPVr9_KwoKkheDq1CW0', 86400, 0, NULL, '127.0.0.1', NULL, 'A', '2021-11-03 13:20:34', '2022-12-15 15:51:45'),
(59, 'eeef3815-11de-4a4a-a6ac-8619b4e9b4ca', 53, '69abe0de-7812-41bd-9124-6a7238aee7d1', 'profile-9.jpeg', 'garuquipa@hidrocarburos.gob.bo', '$2y$10$mHjOk92O/7Nwg7x06Ei1UOjjLt/3mpZihxTr0oX1K4l9FS4aLlM4i', 'eyJ0eXAiOiJKV1QiLCJhbGciOiJIUzI1NiJ9.eyJpc3MiOiJodHRwOlwvXC8xMjcuMC4wLjE6ODAwMVwvYXBpXC9sb2dpbiIsImlhdCI6MTY2OTA1NTIwMCwiZXhwIjoxNjY5MTQxNjAwLCJuYmYiOjE2NjkwNTUyMDAsImp0aSI6ImV6UEdkWWk2R3E4MEwxZkwiLCJzdWIiOjU5LCJwcnYiOiIyM2JkNWM4OTQ5ZjYwMGFkYjM5ZTcwMWM0MDA4NzJkYjdhNTk3NmY3In0.y3eDn9IKlB5vLv9j0MF1ohCee_Zpq2LyDFxhRF-lnRM', 86400, 0, '2022-04-28', '127.0.0.1', NULL, 'A', '2021-11-25 14:01:41', '2022-11-21 18:26:43');

-- --------------------------------------------------------

--
-- Table structure for table `global_users_passwords`
--

CREATE TABLE `global_users_passwords` (
  `id` int NOT NULL,
  `users_sid` varchar(50) NOT NULL COMMENT 'related to users sid, not who register.',
  `users_id` varchar(50) NOT NULL COMMENT 'related to users table',
  `password` text NOT NULL,
  `status` enum('A','X') NOT NULL DEFAULT 'A',
  `created_at` datetime NOT NULL DEFAULT CURRENT_TIMESTAMP,
  `updated_at` datetime DEFAULT NULL
) ENGINE=InnoDB DEFAULT CHARSET=utf8mb3;

--
-- Dumping data for table `global_users_passwords`
--

INSERT INTO `global_users_passwords` (`id`, `users_sid`, `users_id`, `password`, `status`, `created_at`, `updated_at`) VALUES
(3, '69abe0de-7812-41bd-9124-6a7238aee7d1', '14a71667-71f0-4805-9df9-6cc90eaaa2db', 'U2FsdGVkX1/PenmY5bUrS1SGBHBR0xxEFk154fuUKLE=', 'A', '2021-10-27 12:41:48', '2021-12-29 09:43:56'),
(4, '69abe0de-7812-41bd-9124-6a7238aee7d1', 'c975eb43-957b-48b2-8ccb-f72b93d890e6', 'U2FsdGVkX1+sF9uQWXXnL70JtOqeFFjNNIKpAhHY9kU=', 'A', '2021-10-27 14:07:22', '2021-11-01 08:36:32'),
(5, '69abe0de-7812-41bd-9124-6a7238aee7d1', 'cabff428-0e49-42c8-a0f9-7e7f1218e7c5', 'U2FsdGVkX1/vKujf48dooClhglKsqoy4DPOX4Zz5ids=', 'A', '2021-10-27 14:07:59', '2021-11-05 14:31:17'),
(6, '69abe0de-7812-41bd-9124-6a7238aee7d1', '2d26be27-1fcb-4ee7-a2e6-2df956717ec9', 'U2FsdGVkX1+CNCQcI4TOx/ixmHOAlB8YYsPUxwdG9kU=', 'A', '2021-10-27 14:57:19', '2021-11-01 08:37:39'),
(7, '14a71667-71f0-4805-9df9-6cc90eaaa2db', '71858578-ea28-481f-9e2f-c6925f15e6da', 'U2FsdGVkX19sL0s+gpAZzlEQJD8CvDbNuBCdm3PBMDI=', 'A', '2021-10-27 16:28:26', '2021-10-27 16:28:26'),
(8, '69abe0de-7812-41bd-9124-6a7238aee7d1', '937f7af1-55a1-4ecd-a439-364613c75833', 'U2FsdGVkX196+UBsrrQXDelHXIwrk7Mk4Ju9VerLELY=', 'A', '2021-10-28 11:58:35', '2022-05-12 12:51:18'),
(9, '937f7af1-55a1-4ecd-a439-364613c75833', '9b94969d-14e5-4202-8802-9f3520e8f707', 'U2FsdGVkX1+4vAtNh7a2qXW5saZUMcgLBSm9Odx9I7M=', 'A', '2021-11-03 09:07:03', '2021-11-03 09:07:03'),
(10, '937f7af1-55a1-4ecd-a439-364613c75833', '5da9307f-522c-4254-93ca-cba73c8e618e', 'U2FsdGVkX1/Jnh+/uJ/OqbRvxpf1YkNrSGNoTWOeoSk=', 'A', '2021-11-03 09:08:13', '2021-11-03 09:08:13'),
(11, '937f7af1-55a1-4ecd-a439-364613c75833', '81b90741-2d3f-4b5d-9f3f-36140df648ae', 'U2FsdGVkX18MRhN11+I8kGr9Kcp52u39MXcac0fDQyU=', 'A', '2021-11-03 09:08:27', '2021-11-03 09:08:27'),
(12, '937f7af1-55a1-4ecd-a439-364613c75833', 'cfb645f9-7394-4c24-a38a-6305dd5eeaca', 'U2FsdGVkX1/bypvXGw/7/Kppm23EcUxSpi1mKnNovUU=', 'A', '2021-11-03 09:08:39', '2021-11-03 09:08:39'),
(13, '937f7af1-55a1-4ecd-a439-364613c75833', 'f3146ad1-989d-4f05-95c5-c30c804ea561', 'U2FsdGVkX18OEDf0AJ/ZOX3AFSPQxMBSKJEMxLoXix8=', 'A', '2021-11-03 09:08:49', '2021-11-03 09:08:49'),
(14, '937f7af1-55a1-4ecd-a439-364613c75833', 'dcf612c1-ce71-42bb-ac46-75fa71b8e20a', 'U2FsdGVkX1/i6cwICl+Mct6LXP4XHWmwFlYzc67afAA=', 'A', '2021-11-03 09:09:03', '2021-11-03 09:09:03'),
(15, '937f7af1-55a1-4ecd-a439-364613c75833', '600ce7a2-c154-47ee-9317-1c1c515b3ef2', 'U2FsdGVkX1+Q6nr05KKajOSbfFTe+cvxh+oKtIbeJuE=', 'A', '2021-11-03 09:09:14', '2021-11-03 09:09:14'),
(16, '937f7af1-55a1-4ecd-a439-364613c75833', '4f24fa60-04b7-4c2f-8829-e02fdd19fb6d', 'U2FsdGVkX1+HQfrab1Zr1sS3lfxXEh4c06z1M/RDbbE=', 'A', '2021-11-03 09:09:34', '2021-11-03 09:09:34'),
(17, '937f7af1-55a1-4ecd-a439-364613c75833', '42f6a2de-42e2-4ea3-8d54-6faec98c886c', 'U2FsdGVkX1/wQGkS0FgT+t0PSwLVMTVsgMtzHtXJ13Q=', 'A', '2021-11-03 09:09:49', '2021-11-03 09:09:49'),
(18, '937f7af1-55a1-4ecd-a439-364613c75833', '816cf283-2c47-4f58-a1c8-7565980eb8b1', 'U2FsdGVkX18xS75src+62DWMeGiXK9+DXdDqC+m9TW0=', 'A', '2021-11-03 09:10:05', '2021-11-03 09:10:05'),
(19, '937f7af1-55a1-4ecd-a439-364613c75833', '95081202-a377-434f-bee6-d3abf38aa416', 'U2FsdGVkX1/DNfRmv5upAG+fVKF6mIod9/PRwq2AdYo=', 'A', '2021-11-03 09:10:16', '2021-11-03 09:10:16'),
(20, '937f7af1-55a1-4ecd-a439-364613c75833', 'f5f98588-e7a0-4024-86d4-2a348e3e2e34', 'U2FsdGVkX1822Ncmr/OPnfplLBQ37uMOz3pTa/cTAYA=', 'A', '2021-11-03 09:10:31', '2021-11-03 09:10:31'),
(21, '937f7af1-55a1-4ecd-a439-364613c75833', '8a1d7ca3-3073-444f-a4ee-d70144512f06', 'U2FsdGVkX1+TzZH1rhqgeKlQQUJYWSNxZHDmof9YcMc=', 'A', '2021-11-03 09:10:47', '2021-11-03 09:10:47'),
(22, '937f7af1-55a1-4ecd-a439-364613c75833', '78d206d9-4c88-4bbe-9960-f9f138d1db13', 'U2FsdGVkX19uRNDVmCHr2i1gWpn5OAK5kyddcdGZCw0=', 'A', '2021-11-03 09:11:58', '2021-11-03 09:11:58'),
(23, '937f7af1-55a1-4ecd-a439-364613c75833', 'ce59b3ce-7178-40ee-b632-13d1dc60027b', 'U2FsdGVkX182B+KECcKddlXza/LllEz4H5nBcW21jZc=', 'A', '2021-11-03 09:12:12', '2021-11-03 09:12:12'),
(24, '937f7af1-55a1-4ecd-a439-364613c75833', 'a8bb1f15-22f6-428a-a04b-995a315e77e2', 'U2FsdGVkX18EBlyV6BvGgZgrB24MGodOe4dP/eUSXC0=', 'A', '2021-11-03 09:14:10', '2021-11-03 09:14:10'),
(25, '937f7af1-55a1-4ecd-a439-364613c75833', '789c38d8-38d5-4f2e-86a3-b841e008507c', 'U2FsdGVkX18D/YgQSePVeGfI4ZNoJw7RiOXJmqjKK34=', 'A', '2021-11-03 09:14:38', '2021-11-03 09:14:38'),
(26, '937f7af1-55a1-4ecd-a439-364613c75833', '36581922-b5cf-4d64-9068-2ade0a8190eb', 'U2FsdGVkX1/MP2kaHeKJ5DW8HhzL+akGr2nt0UH5FPI=', 'A', '2021-11-03 09:14:50', '2021-11-03 09:14:50'),
(27, '937f7af1-55a1-4ecd-a439-364613c75833', '00c47e99-9947-44a6-a88c-e30b6573c42b', 'U2FsdGVkX19B2Ur/vc5cgMSHmmVBLf5Z3gve+2C3D/I=', 'A', '2021-11-03 09:15:02', '2021-11-03 09:15:02'),
(28, '937f7af1-55a1-4ecd-a439-364613c75833', 'd4c85551-d573-4b50-be63-990d9f4d309a', 'U2FsdGVkX1/TX1O27DST6bzfGdAolkWU9UUlmdX+n5A=', 'A', '2021-11-03 09:15:17', '2021-11-03 09:15:17'),
(29, '937f7af1-55a1-4ecd-a439-364613c75833', 'e77737b0-8d9b-459b-bdef-37f235d19a4d', 'U2FsdGVkX18Ri67N+KrPFcOw31G5NEJ0ksMAaaJLP5o=', 'A', '2021-11-03 09:15:29', '2021-11-03 09:15:29'),
(30, '937f7af1-55a1-4ecd-a439-364613c75833', '736af057-c6c3-47c5-8374-2ab6bb552f97', 'U2FsdGVkX18y41Qdd0UCihBiq5uVNrmUdYhjyLKU7gQ=', 'A', '2021-11-03 09:15:39', '2021-11-03 09:15:39'),
(31, '937f7af1-55a1-4ecd-a439-364613c75833', 'c4235847-31d0-4fc5-bbf2-9374cee703a1', 'U2FsdGVkX19iP1402QlPq0yOd+Hun6d1f3HFZaWu1J4=', 'A', '2021-11-03 09:15:49', '2021-11-03 09:15:49'),
(32, '937f7af1-55a1-4ecd-a439-364613c75833', 'b14b4c74-8bbf-4eef-ad39-1acc27189185', 'U2FsdGVkX19JKAMiBlvn95plbW5tUXlEKDTPeIu5cqg=', 'A', '2021-11-03 09:16:01', '2021-11-03 09:16:01'),
(33, '937f7af1-55a1-4ecd-a439-364613c75833', '5cd7a7ae-5bc5-40f8-b68b-dcbef168704e', 'U2FsdGVkX19V7ta8cixpvJUhIIl4K35Tl5j5LEmzoC0=', 'A', '2021-11-03 09:18:25', '2021-11-03 09:18:25'),
(34, '937f7af1-55a1-4ecd-a439-364613c75833', '20ad7c4c-d135-4ec9-a02a-d8107e212ca4', 'U2FsdGVkX1/viDh8aGWNF+FSY6WwWC6w8cRQ9+0V1U0=', 'A', '2021-11-03 09:18:36', '2021-11-03 09:18:36'),
(35, '937f7af1-55a1-4ecd-a439-364613c75833', '37514a88-3846-4997-aca7-ecfd35ac9411', 'U2FsdGVkX1/Ng9yFo7bfvqthRtDUgSIR1Qyy0NAx7M8=', 'A', '2021-11-03 09:18:48', '2021-11-03 09:18:48'),
(36, '937f7af1-55a1-4ecd-a439-364613c75833', 'd3c9c727-138b-41cf-84c2-ce80394eee71', 'U2FsdGVkX1+OiwdmPg4D8dQ1oz2UbbYGpwZVz0RhrPg=', 'A', '2021-11-03 09:18:59', '2021-11-03 09:18:59'),
(37, '937f7af1-55a1-4ecd-a439-364613c75833', '9a82b7c1-b189-4705-8bb8-696d3b57e8ba', 'U2FsdGVkX1+H7irV+YW6uAomLFJ3ROi+d0JX9juMOCE=', 'A', '2021-11-03 09:19:09', '2021-11-03 09:19:09'),
(38, '937f7af1-55a1-4ecd-a439-364613c75833', '4ab35425-dba6-4100-b0f2-cf0dae57b276', 'U2FsdGVkX18DhfNq8Dup3G5DdyeWlOqMhtmdjOLMX7w=', 'A', '2021-11-03 09:19:20', '2021-11-03 09:19:20'),
(39, '937f7af1-55a1-4ecd-a439-364613c75833', 'e262a84b-edbf-4437-b7e0-0daa472f499f', 'U2FsdGVkX19UXFyHYfF0Ouj2CJpnveEJIqBy0Wh7kVs=', 'A', '2021-11-03 09:19:31', '2021-11-03 09:19:31'),
(40, '937f7af1-55a1-4ecd-a439-364613c75833', '71453d9c-4589-425b-a4bd-f5904606ca1a', 'U2FsdGVkX1/SYJYCzsdpEUOXotlJnfpQoJDQpl+BtY4=', 'A', '2021-11-03 09:19:43', '2021-11-03 09:19:43'),
(41, '937f7af1-55a1-4ecd-a439-364613c75833', '2253ceed-729a-4571-b67f-8f986db14c9c', 'U2FsdGVkX1/PyaMny81FJJwvLiF3cAfkVRbvH9JQVAE=', 'A', '2021-11-03 09:19:54', '2021-11-03 09:19:54'),
(42, '937f7af1-55a1-4ecd-a439-364613c75833', '2ba71105-c07e-4e36-b724-9269a7539492', 'U2FsdGVkX1+6kzJL+1ez6pLDt3O7Gzcp4xl0t+b5hAk=', 'A', '2021-11-03 09:20:06', '2021-11-03 09:20:06'),
(43, '937f7af1-55a1-4ecd-a439-364613c75833', '59326160-0e94-4481-9882-88dd04cc5cfa', 'U2FsdGVkX18dGBKBKrP6L92yx/vV7dxfCZUjHIaMdwI=', 'A', '2021-11-03 09:20:20', '2021-11-03 09:20:20'),
(44, '937f7af1-55a1-4ecd-a439-364613c75833', '7ce7a7a9-5ddf-4727-8d0b-1ec2dc2cf8cb', 'U2FsdGVkX1/KhP7uHFS7i2eAlQPP4U90/eKL8ijpUQQ=', 'A', '2021-11-03 09:20:34', '2021-11-03 09:20:34'),
(45, '937f7af1-55a1-4ecd-a439-364613c75833', '2794e4ae-64d0-419f-973e-15965170f4bf', 'U2FsdGVkX1/sLb9uhTzOJYVkt+S/ZxtLUkJLPrHt0Yc=', 'A', '2021-11-03 09:20:53', '2021-11-03 09:20:53'),
(46, '937f7af1-55a1-4ecd-a439-364613c75833', '42a331ff-2a85-4e45-8f3a-99800fd27cd7', 'U2FsdGVkX182VtMb32aJ+cUOl9ffb6TH9ZzsTIAlaq8=', 'A', '2021-11-03 09:21:07', '2021-11-03 09:21:07'),
(47, '937f7af1-55a1-4ecd-a439-364613c75833', '86d04906-053d-438b-8e0b-ddf0a2b0b9da', 'U2FsdGVkX18SpPkQ8wIJWH+NwkXKrXBtDyOrhwx/2XE=', 'A', '2021-11-03 09:21:19', '2021-11-03 09:21:19'),
(48, '937f7af1-55a1-4ecd-a439-364613c75833', '21858a3c-26b9-4239-89be-33ffef856197', 'U2FsdGVkX1+xzcecgG9C30VibSttln+uZLIL4g3VxXc=', 'A', '2021-11-03 09:21:35', '2021-11-03 09:21:35'),
(49, '937f7af1-55a1-4ecd-a439-364613c75833', 'aaf858c4-77f2-4baa-8a27-a1b8e466c56f', 'U2FsdGVkX1+WM7rU7jjbtimusDbtEGbFWaFPQwsDgdE=', 'A', '2021-11-03 09:21:53', '2021-11-03 09:21:53'),
(50, '937f7af1-55a1-4ecd-a439-364613c75833', 'ef01ebdd-ebda-471c-b22d-0005af59a032', 'U2FsdGVkX1+i4a5iqepU9a0vNjoQysqDHlr+znrhHo4=', 'A', '2021-11-03 09:22:02', '2021-11-03 09:22:02'),
(51, '937f7af1-55a1-4ecd-a439-364613c75833', 'ce3e26de-06ce-4d7f-beb2-b9eb73853d15', 'U2FsdGVkX18w/36hHZEmEqBqiTD0PaoZcmUQBwyPMBY=', 'A', '2021-11-03 09:22:16', '2021-11-03 09:22:16'),
(52, '937f7af1-55a1-4ecd-a439-364613c75833', '534e4050-0907-4aa8-9907-53c7c4f7c34e', 'U2FsdGVkX18wiky2tlVzkbNkjR4WtevN2sKbRoZ4VR4=', 'A', '2021-11-03 09:22:29', '2021-11-03 09:22:29'),
(53, '937f7af1-55a1-4ecd-a439-364613c75833', '3fa1163d-9304-4493-bb8a-e63e88b814c3', 'U2FsdGVkX18DcwNxE7FyFZS84SN4YgrdsmHyUczby0c=', 'A', '2021-11-03 09:22:47', '2021-11-03 09:22:47'),
(54, '937f7af1-55a1-4ecd-a439-364613c75833', 'ffb87c97-8ea0-4898-a518-9e488b91d091', 'U2FsdGVkX19iKX3+vvltJQUG9+l3wm8Hic4kP2oohBE=', 'A', '2021-11-03 09:23:03', '2021-11-03 09:23:03'),
(55, '937f7af1-55a1-4ecd-a439-364613c75833', 'a89a4cd2-ac48-459a-b63b-41d7c62de4b2', 'U2FsdGVkX1/mD3KLoCtM9kBx9dcWaLd4IaafAEE+awM=', 'A', '2021-11-03 09:23:16', '2021-11-03 09:23:16'),
(56, '937f7af1-55a1-4ecd-a439-364613c75833', '646d754a-cd3f-4e31-a7cc-e2e8c35ce61a', 'U2FsdGVkX1+6ySmGg9pq6MSX6Qjm4z7b/wDcCQo/J6Y=', 'A', '2021-11-03 09:23:25', '2021-11-03 09:23:25'),
(57, '937f7af1-55a1-4ecd-a439-364613c75833', '1f7c14ed-c971-4fe5-b29a-447a728b0fe9', 'U2FsdGVkX19ZJcN1fvff4MHHDo7MYb2wuz4UmzrYPJk=', 'A', '2021-11-03 09:23:40', '2021-11-03 09:23:40'),
(58, '937f7af1-55a1-4ecd-a439-364613c75833', 'eeef3815-11de-4a4a-a6ac-8619b4e9b4ca', 'U2FsdGVkX19s4HaPwa/XHjY3fHFa7+rSbsA7eVvoGDo=', 'A', '2021-11-03 09:24:07', '2021-11-03 09:24:07'),
(59, '937f7af1-55a1-4ecd-a439-364613c75833', '7935e70a-7e78-47fe-ae11-39e5043edf67', 'U2FsdGVkX19WTSUynBTU2XiLuPzRnX6tlWp4mEg89to=', 'A', '2021-11-03 09:24:20', '2021-11-03 09:24:20'),
(60, '937f7af1-55a1-4ecd-a439-364613c75833', '684840ef-8099-4354-a146-4596f1bc85f2', 'U2FsdGVkX1/lKzK/neG3Ehae9AywhbKUrcyYwdTwdPI=', 'A', '2021-11-03 09:24:35', '2021-11-03 09:24:35'),
(61, '937f7af1-55a1-4ecd-a439-364613c75833', '133076a6-abc4-456a-b3d7-969d71938821', 'U2FsdGVkX1//SWi0P1BD04B6ZdUNscI5p856Cg1Vxos=', 'A', '2021-11-03 09:24:47', '2021-11-03 09:24:47'),
(62, '937f7af1-55a1-4ecd-a439-364613c75833', '1aa53add-321c-4348-9930-937f55f77acc', 'U2FsdGVkX1/fdcm5NeOAgT4ODm6ovHfYAQ7Zlt2io2E=', 'A', '2021-11-03 09:25:00', '2021-11-03 09:25:00'),
(63, '937f7af1-55a1-4ecd-a439-364613c75833', '2f00ae5f-e8c4-40d1-970a-79ad22c77fbd', 'U2FsdGVkX1/sKp0pahjNieI/Mq9noGC5B2qx/DCE4B8=', 'A', '2021-11-03 09:25:12', '2021-11-03 09:25:12'),
(64, '937f7af1-55a1-4ecd-a439-364613c75833', '31859cdf-2211-4657-9f19-1b42d52c74d6', 'U2FsdGVkX18MOAyR/ctcrInYZteqTvtDRfdIfyy3OE4=', 'A', '2021-11-03 09:25:24', '2021-11-03 09:25:24'),
(65, '937f7af1-55a1-4ecd-a439-364613c75833', 'a5bec1fa-3162-4f44-8b08-573aeca76679', 'U2FsdGVkX1+Y9PLXUx7MZNrHmPuQBvW6SgrOFFht5k8=', 'A', '2021-11-03 09:25:33', '2021-11-03 09:25:33'),
(66, '937f7af1-55a1-4ecd-a439-364613c75833', 'c7b8ea84-0fff-4cb0-a706-2a806c10cc13', 'U2FsdGVkX1+ULhueAnRQ/5yokOG5qMfCCQLiwTcO7YU=', 'A', '2021-11-03 09:25:46', '2021-11-03 09:25:46'),
(67, '937f7af1-55a1-4ecd-a439-364613c75833', '0ef9c506-c6ad-4e5f-9152-c9397ddb0486', 'U2FsdGVkX1/g9ik04VwsALYXo8nmRoH+XGJgrUVNs1M=', 'A', '2021-11-03 09:26:00', '2021-11-03 09:26:00'),
(68, '937f7af1-55a1-4ecd-a439-364613c75833', 'c57046f9-f2dc-4b1a-896c-103e7c945252', 'U2FsdGVkX19lAgg+U8X7a0+y1I8rvBE8WLIvMwJGE7Y=', 'A', '2021-11-03 09:26:11', '2021-11-03 09:26:11'),
(69, '937f7af1-55a1-4ecd-a439-364613c75833', 'e92a02fe-6105-4dd2-911d-c0784006916e', 'U2FsdGVkX184SUqjhkRp+dFOBQxr1+nHtZrEeHvKt28=', 'A', '2021-11-03 09:26:21', '2021-11-03 09:26:21'),
(70, '937f7af1-55a1-4ecd-a439-364613c75833', '9c275318-32b0-4297-b7f0-3f7df811b54b', 'U2FsdGVkX1+ooDIQgly75V7IRNXa8xxhS/lJrDm/rAw=', 'A', '2021-11-03 09:26:32', '2021-11-03 09:26:32'),
(71, '937f7af1-55a1-4ecd-a439-364613c75833', 'e5b5bf18-8c4a-47bd-b481-c2e633f941a7', 'U2FsdGVkX1/L7t6s0fwtbE8tDEhylF6LNMquQQZaZeM=', 'A', '2021-11-03 09:26:47', '2021-11-03 09:26:47'),
(72, '937f7af1-55a1-4ecd-a439-364613c75833', 'c5a2b219-6d8e-49bb-851b-d5a33fb2f5ce', 'U2FsdGVkX1+HIe6z/C4xRTK4qILmp6/BuxmtJbTiysg=', 'A', '2021-11-03 09:26:59', '2021-11-03 09:26:59'),
(73, '937f7af1-55a1-4ecd-a439-364613c75833', '118e7068-e442-4946-9598-b81a540e7945', 'U2FsdGVkX1+9KAjNkJZ0bb7xIbrojuX0t2JSfwDmZIk=', 'A', '2021-11-03 09:27:14', '2021-11-03 09:27:14'),
(74, '937f7af1-55a1-4ecd-a439-364613c75833', 'f53a34e5-1b6e-4a94-af1f-e3c56fc262cf', 'U2FsdGVkX18Zh7SNZ0Yn4EVdEPSlBdvIMUeIQMZhsuA=', 'A', '2021-11-03 09:27:26', '2021-11-03 09:27:26'),
(75, '937f7af1-55a1-4ecd-a439-364613c75833', '81b88936-b209-43ae-a0f9-129d0d1ce412', 'U2FsdGVkX19+NDA9bnvwAR/iH2vC/wr9waV2Zz0a51U=', 'A', '2021-11-03 09:27:37', '2021-11-03 09:27:37'),
(76, '937f7af1-55a1-4ecd-a439-364613c75833', '3c545720-f264-4d25-a6b2-f5e67af9774b', 'U2FsdGVkX1/ezGWKCm6zWXh1kcRp+F0NYoQa4hdHThA=', 'A', '2021-11-03 09:27:48', '2021-11-03 09:27:48'),
(77, '937f7af1-55a1-4ecd-a439-364613c75833', '4581f6bd-7871-4787-8e7b-c7d08cb32bb2', 'U2FsdGVkX19vRKd09+gibM9BbFPysq4FdW3uMQEMyF4=', 'A', '2021-11-03 09:28:00', '2021-11-03 09:28:00'),
(78, '937f7af1-55a1-4ecd-a439-364613c75833', '3ac896d1-17a1-462a-aff1-5cb4cb5f05ee', 'U2FsdGVkX18B9dE9nWLqEXrG6Gt3i3MeIOsTehd5n/4=', 'A', '2021-11-03 09:28:12', '2021-11-03 09:28:12'),
(79, '937f7af1-55a1-4ecd-a439-364613c75833', '18f9c244-10df-4ace-b224-579b1fed4a68', 'U2FsdGVkX1/9eVVaGaZdSDD4js6YixSdjCB99X7xe/0=', 'A', '2021-11-03 09:28:24', '2021-11-03 09:28:24'),
(80, '937f7af1-55a1-4ecd-a439-364613c75833', '7bffe07c-d642-4fd7-9ce7-90c62fd1f613', 'U2FsdGVkX1/+DsSiaFY8C30ho328UbPoOIIgv1O/0SU=', 'A', '2021-11-03 09:28:36', '2021-11-03 09:28:36'),
(81, '937f7af1-55a1-4ecd-a439-364613c75833', 'f47b4da0-5917-4a89-824b-d29793e24836', 'U2FsdGVkX1+9xs4TUwhe2YFwO/O3FS6R5Zv/OxGqEGA=', 'A', '2021-11-03 09:28:46', '2021-11-03 09:28:46'),
(82, '937f7af1-55a1-4ecd-a439-364613c75833', '7d33e45f-c136-4401-823b-b61943f79ca2', 'U2FsdGVkX1/PKxWah7MbQotUmg/TkRUa+TsmoU5w2H0=', 'A', '2021-11-03 09:28:57', '2021-11-03 09:28:57'),
(83, '937f7af1-55a1-4ecd-a439-364613c75833', '340665ac-cf2f-4543-bf2c-8055056e0678', 'U2FsdGVkX1+PNLX+CDnMqj/NR7EiCW37UxerF+hX7MU=', 'A', '2021-11-03 09:29:06', '2021-11-03 09:29:06'),
(84, '937f7af1-55a1-4ecd-a439-364613c75833', '3b79b578-a0c4-4687-b9ce-62f1bf9620b9', 'U2FsdGVkX1/u/SArvS2WXIKVsUHJ7+HJTCAEQrjIfDc=', 'A', '2021-11-03 09:29:16', '2021-11-03 09:29:16'),
(85, '937f7af1-55a1-4ecd-a439-364613c75833', 'bdd66ff8-c879-41f8-a0fc-604e4b33ab2d', 'U2FsdGVkX1+ZDIZMpdIX0OGR4mrL5noLI2f55J5xEwY=', 'A', '2021-11-03 09:29:28', '2021-11-03 09:29:28'),
(86, '937f7af1-55a1-4ecd-a439-364613c75833', '201a9973-fb89-411a-9bdf-71cfd94e3927', 'U2FsdGVkX1/TXEXUNFDB9JbihUuAsNASjuAdBEFS22o=', 'A', '2021-11-03 09:30:16', '2021-11-03 09:30:16'),
(87, '937f7af1-55a1-4ecd-a439-364613c75833', 'e50d8eb2-4440-4ff9-9340-5359c61d3ff6', 'U2FsdGVkX18yvy9PSKZBgElF++H5zyQJpC5fTt/0oDo=', 'A', '2021-11-03 09:30:29', '2021-11-03 09:30:29'),
(88, '937f7af1-55a1-4ecd-a439-364613c75833', 'a2183b30-dc35-4bd9-82fb-94db6fd5adcd', 'U2FsdGVkX18gGMWl+AUrzLu6JxstxO5nG2HmM/i2Eg4=', 'A', '2021-11-03 09:30:41', '2021-11-03 09:30:41'),
(89, '937f7af1-55a1-4ecd-a439-364613c75833', 'f59c7937-3401-428b-9ae2-a0631da242d5', 'U2FsdGVkX18MA0+pC4WKjc5rdPOd8UsrCWBY3JsJT9M=', 'A', '2021-11-03 09:30:51', '2021-11-03 09:30:51'),
(90, '937f7af1-55a1-4ecd-a439-364613c75833', 'dadb103e-d983-4230-ac2d-8ce4c5d4a5b8', 'U2FsdGVkX18pteyLHgfwK9I2iEEoCcp2nKtb5JHWiR0=', 'A', '2021-11-03 09:31:04', '2021-11-03 09:31:04'),
(91, '937f7af1-55a1-4ecd-a439-364613c75833', '9289b3dc-e961-42e8-ad0d-deb4fc38424d', 'U2FsdGVkX1/JUTcpjuTpC1Ddu4KevFeXXn2rCvJfQrU=', 'A', '2021-11-03 09:31:15', '2021-11-03 09:31:15'),
(92, '937f7af1-55a1-4ecd-a439-364613c75833', '97b78b91-de7f-47dd-9d38-945bbeb9063d', 'U2FsdGVkX19GhXaPMfrm83Iu+Gu+qvSc5Y+aP7UtErM=', 'A', '2021-11-03 09:31:26', '2021-11-03 09:31:26'),
(93, '937f7af1-55a1-4ecd-a439-364613c75833', '65bc3e00-99c8-4f09-b02e-31dc708caf18', 'U2FsdGVkX1/4roqiZ5UITDqv74cLForzKQyv/wUKNVM=', 'A', '2021-11-03 09:31:40', '2021-11-03 09:31:40'),
(94, '937f7af1-55a1-4ecd-a439-364613c75833', 'a232c5bb-3a7a-492e-a0a0-ad9c441f239d', 'U2FsdGVkX1+AEtE8Up9HJs+rJOJdeQ6f9a3uVPEQgM0=', 'A', '2021-11-03 09:31:55', '2021-11-03 09:31:55'),
(95, '937f7af1-55a1-4ecd-a439-364613c75833', '0f2cd690-25ea-4741-a673-58c5f7210a41', 'U2FsdGVkX18gxRVvQI4hXy6kWqHjkpoUoG0zrT10I1w=', 'A', '2021-11-03 09:32:04', '2021-11-03 09:32:04'),
(96, '937f7af1-55a1-4ecd-a439-364613c75833', 'a358ab80-4e53-426a-bbea-5e2561f4a6ad', 'U2FsdGVkX188nePTFduE1IsWtUwoAXyBqfVmSncTUcs=', 'A', '2021-11-03 09:32:20', '2021-11-03 09:32:20'),
(97, '937f7af1-55a1-4ecd-a439-364613c75833', 'bd56774e-1aa5-47ab-acd9-493e65f8a0fe', 'U2FsdGVkX1+i79Spi00EJHxVpSBlZV53oQncGoF/Cyo=', 'A', '2021-11-03 09:32:29', '2021-11-03 09:32:29'),
(98, '937f7af1-55a1-4ecd-a439-364613c75833', '62debf86-c27d-4f58-8eca-55a97d26d042', 'U2FsdGVkX18Kb37Bi7+Dz4D0hGmaM4nlX+ezb77sR0M=', 'A', '2021-11-03 09:32:42', '2021-11-03 09:32:42'),
(99, '937f7af1-55a1-4ecd-a439-364613c75833', '02548851-a53c-448b-85b3-bce906bd7741', 'U2FsdGVkX1+p3Ok6eYGKyoSNzocKphiyGyzUsWw/exc=', 'A', '2021-11-03 09:32:55', '2021-11-03 09:32:55'),
(100, '937f7af1-55a1-4ecd-a439-364613c75833', '541d7400-70b6-4da6-a3e9-fe0ab36c5bde', 'U2FsdGVkX1+LpeTamV17yc49VEQxXCFCL3PUU8mOo64=', 'A', '2021-11-03 09:33:10', '2021-11-03 09:33:10'),
(101, '937f7af1-55a1-4ecd-a439-364613c75833', 'dae1c5eb-3ff0-4492-aae9-a8642b4ea7a0', 'U2FsdGVkX1+mmyD4ymRcxaI3taL2NZl6UUcDkYjbVGo=', 'A', '2021-11-03 09:33:21', '2021-11-03 09:33:21'),
(102, '937f7af1-55a1-4ecd-a439-364613c75833', '66c8b36c-3fa8-4a91-b6d0-b1af255e4d98', 'U2FsdGVkX1+QUQKcc0gaUAJ1SQXkbRRGXO40qHRlFsk=', 'A', '2021-11-03 09:33:31', '2021-11-03 09:33:31'),
(103, '937f7af1-55a1-4ecd-a439-364613c75833', 'f674e29c-dc06-4428-a7e8-0122e1e3277c', 'U2FsdGVkX19uDIMntShOSdjxjFrUeHFtOdFYKDmHt+8=', 'A', '2021-11-03 09:33:42', '2021-11-03 09:33:42'),
(104, '937f7af1-55a1-4ecd-a439-364613c75833', '9ec2bd14-4272-4f83-a195-4863e0fb6901', 'U2FsdGVkX18a0uqvFG4hNUqMDtRkzO7YkIYDW2NbdIM=', 'A', '2021-11-03 09:33:53', '2021-11-03 09:33:53'),
(105, '937f7af1-55a1-4ecd-a439-364613c75833', '1dc87070-8f4a-455f-86ab-43bd8379aa6a', 'U2FsdGVkX19OQem1I07Oco8WjR8ngcg2cqSGUv4VvJc=', 'A', '2021-11-03 09:34:04', '2021-11-03 09:34:04'),
(106, '937f7af1-55a1-4ecd-a439-364613c75833', '496abbe1-a0e8-4c55-b0e3-770bbf96e7f8', 'U2FsdGVkX191d5MXB3ZAX3VEeKoKez5wDTwIbZWZfRc=', 'A', '2021-11-03 09:34:17', '2021-11-03 09:34:17'),
(107, '937f7af1-55a1-4ecd-a439-364613c75833', '30b4fb52-1cd5-4e0b-bd09-3ca89997f942', 'U2FsdGVkX1/LwCn4ylYDvAJQzvf4ED8qC7Yrol0JmZ8=', 'A', '2021-11-03 09:34:26', '2021-11-03 09:34:26'),
(108, '937f7af1-55a1-4ecd-a439-364613c75833', '399b3ae5-b39a-42ef-88b7-7847de17399c', 'U2FsdGVkX1+lJFEsVsAGXLnMg7WgqUKEnNVdsutXcAQ=', 'A', '2021-11-03 09:34:41', '2021-11-03 09:34:41'),
(109, '937f7af1-55a1-4ecd-a439-364613c75833', 'c5407390-c1bb-4c07-9fe4-9faf996f0be7', 'U2FsdGVkX18hVyOoWbX+xFnPwtFoVAtKWX9V+EVzzFY=', 'A', '2021-11-03 09:34:53', '2021-11-03 09:34:53'),
(110, '937f7af1-55a1-4ecd-a439-364613c75833', 'd8115bd0-fabc-4d67-8da9-d47bb3a80dc0', 'U2FsdGVkX18FhxbZ6BsosCbCuNS0r8hosiQOktdUzKc=', 'A', '2021-11-03 09:35:08', '2021-11-03 09:35:08'),
(111, '937f7af1-55a1-4ecd-a439-364613c75833', '6e3aa0a3-f7bb-4819-bf7e-bd35ca30cd0c', 'U2FsdGVkX1/0uinmXtGSvUrxpwsBXGgD0udWw8xHhH8=', 'A', '2021-11-03 09:35:19', '2021-11-03 09:35:19'),
(112, '937f7af1-55a1-4ecd-a439-364613c75833', '50069760-08c5-497d-93d4-416c00082d0f', 'U2FsdGVkX1/FkFRDPMNZwE1qIEo5npz3LJtLERhwBVY=', 'A', '2021-11-03 09:35:42', '2021-11-03 09:35:42'),
(113, '937f7af1-55a1-4ecd-a439-364613c75833', '360ba522-57cf-41ec-b08b-bbf5468412b6', 'U2FsdGVkX1/jaFrMjQ8PBV05wDIw71sf+LxzRUQXvuY=', 'A', '2021-11-03 09:35:54', '2021-11-03 09:35:54'),
(114, '937f7af1-55a1-4ecd-a439-364613c75833', 'a93cf131-8ebf-48d9-8616-cddd95171489', 'U2FsdGVkX19St0Sj+OeMe4ulx32ZY7T1ZAuDFL0yLqk=', 'A', '2021-11-03 09:36:02', '2021-11-03 09:36:02'),
(115, '937f7af1-55a1-4ecd-a439-364613c75833', '33a2ed52-adf8-466b-817c-80e96ac2995a', 'U2FsdGVkX1+IOSmr9zMBW4GFw3mcB5bNRkL3Y3eqens=', 'A', '2021-11-03 09:36:15', '2021-11-03 09:36:15'),
(116, '937f7af1-55a1-4ecd-a439-364613c75833', '6d5e70c2-8825-4d53-ae23-df7cc614dc77', 'U2FsdGVkX19+MEf6EoICzhJkUwM+Rt/rad7kgHDP0hc=', 'A', '2021-11-03 09:36:25', '2021-11-03 09:36:25'),
(117, '937f7af1-55a1-4ecd-a439-364613c75833', 'ba7066fd-8b09-4060-9e7e-001db2b006c6', 'U2FsdGVkX1+lGu4SqtuOdzBhmZO9Q9zZFuu2x0qBFMM=', 'A', '2021-11-03 09:36:33', '2021-11-03 09:36:33'),
(118, '937f7af1-55a1-4ecd-a439-364613c75833', 'ef337202-bbc8-48b9-a199-1a47f6d5efd3', 'U2FsdGVkX19S+pWw3rGRYs52FsqNZC1aCAs42QYieRo=', 'A', '2021-11-03 09:36:48', '2021-11-03 09:36:48'),
(119, '937f7af1-55a1-4ecd-a439-364613c75833', '29b7f625-14e0-4eda-a153-07050741b978', 'U2FsdGVkX19rmuiQ6HO7y657Od8X8zBKyBNy/qmsG10=', 'A', '2021-11-03 09:36:57', '2021-11-12 14:38:44'),
(120, '937f7af1-55a1-4ecd-a439-364613c75833', '848f9fd3-0d5c-4908-83fd-2b96d5140c27', 'U2FsdGVkX18bD6+v1pgxaNm/x4oiAprWyHf+uSnTj9I=', 'A', '2021-11-03 09:37:08', '2021-11-03 09:37:08'),
(121, '937f7af1-55a1-4ecd-a439-364613c75833', 'cfa498f8-3477-4cb8-bf2e-59495f79e600', 'U2FsdGVkX19jH1nNP1aPVxFCKCbquupCtgis658crCo=', 'A', '2021-11-03 09:37:19', '2021-11-03 09:37:19'),
(122, '937f7af1-55a1-4ecd-a439-364613c75833', '40b23808-4986-42a4-b77f-a38acaa46016', 'U2FsdGVkX1+nIuOi+YjTIJtM88a+D141gf1rD0M2zuo=', 'A', '2021-11-03 09:37:28', '2021-11-03 09:37:28'),
(123, '937f7af1-55a1-4ecd-a439-364613c75833', 'f591ce8f-3a08-42fd-a83a-c79edab9d89d', 'U2FsdGVkX1+5aY8uQpOvYv59N1xtIqBlXbB0nXghQK4=', 'A', '2021-11-03 09:37:39', '2021-11-03 09:37:39'),
(124, '937f7af1-55a1-4ecd-a439-364613c75833', '7d29c356-18ce-4665-a6fe-a34a3d8b8b09', 'U2FsdGVkX1+CD9xNlETv84dlZUIqNFtCw9e9oODgZo8=', 'A', '2021-11-03 09:37:49', '2021-11-03 09:37:49'),
(125, '937f7af1-55a1-4ecd-a439-364613c75833', 'f23a76bf-1147-4c24-81bf-6ec72319a627', 'U2FsdGVkX18FJlzIn5/If7E4odUf+mmLLFuTXPmQdc8=', 'A', '2021-11-03 09:37:58', '2021-11-03 09:37:58'),
(126, '937f7af1-55a1-4ecd-a439-364613c75833', '6e14cac6-6644-4409-977e-0c44f7712af4', 'U2FsdGVkX1+m2KFHd/CK+AmqNAFIgBatgSK4Yj1xnAo=', 'A', '2021-11-03 09:38:09', '2021-11-03 09:38:09'),
(127, '937f7af1-55a1-4ecd-a439-364613c75833', 'cfd296c3-e4af-4e89-9ea7-1c877b5485fd', 'U2FsdGVkX1/dH2MUQeHgI5RrmhhBAXp9QmUI2YwgxgA=', 'A', '2021-11-03 09:38:19', '2021-11-03 09:38:19'),
(128, '937f7af1-55a1-4ecd-a439-364613c75833', 'c975baf4-ce2a-4f71-b6a1-649b875e9b34', 'U2FsdGVkX1/guOV137CIVUwFXe32ikrabpY65h9OW44=', 'A', '2021-11-03 09:38:33', '2021-11-03 09:38:33'),
(129, '937f7af1-55a1-4ecd-a439-364613c75833', 'd512b420-717c-4252-8651-cd9d37c040e7', 'U2FsdGVkX18ml1LgHlhVa+GKGHMLA1OlxUj4oW743Kk=', 'A', '2021-11-03 09:38:51', '2021-11-03 09:38:51'),
(130, '937f7af1-55a1-4ecd-a439-364613c75833', 'c4285019-4535-4238-9570-b53ac36cbc34', 'U2FsdGVkX18KR8IER0G5cFoLZfnRoMqbhaZH16FvQmo=', 'A', '2021-11-03 09:39:01', '2021-11-03 09:39:01'),
(131, '937f7af1-55a1-4ecd-a439-364613c75833', 'f5c9373f-e5fd-4222-aab7-37e7fe5d8d70', 'U2FsdGVkX1/INiJEH3e2DzRolFfKuuF7C8caFeqtUmc=', 'A', '2021-11-03 09:39:11', '2021-11-03 09:39:11'),
(132, '937f7af1-55a1-4ecd-a439-364613c75833', 'e9bdff8a-ac70-4ce0-a092-ced8a01b5fcd', 'U2FsdGVkX19pbBwbrF1QXEQeBFVrR4H1ePBQC5eyFXk=', 'A', '2021-11-03 09:39:21', '2021-11-03 09:39:21'),
(133, '937f7af1-55a1-4ecd-a439-364613c75833', '4882fec3-b4fd-4616-ad29-a0a080532f0c', 'U2FsdGVkX18Hhvc4fACALowJKZlpKz0Qx+ZQD6fSwh8=', 'A', '2021-11-03 09:39:32', '2021-11-03 09:39:32'),
(134, '937f7af1-55a1-4ecd-a439-364613c75833', '46617efc-9173-4090-bdf1-03b5b09f04bf', 'U2FsdGVkX19IX9Pg7fvMYNYNBgc362v8zpNgUOIUgag=', 'A', '2021-11-03 09:39:42', '2021-11-03 09:39:42'),
(135, '937f7af1-55a1-4ecd-a439-364613c75833', 'cdcbbc1f-f54b-4992-a59a-c5c2046fd979', 'U2FsdGVkX18inZWiHHXYzVqG8bkz8ygHbn5hhlXgEDQ=', 'A', '2021-11-03 09:39:52', '2021-11-03 09:39:52'),
(136, '937f7af1-55a1-4ecd-a439-364613c75833', 'fa0ecac3-2f24-4f55-ba73-cad28844b13e', 'U2FsdGVkX1/iDy1TGjL42qHtBIl326TIXiohbKgwKtk=', 'A', '2021-11-03 09:40:02', '2021-11-03 09:40:02'),
(137, '937f7af1-55a1-4ecd-a439-364613c75833', 'b25b4820-3e76-41f5-a4cd-51249071ee9e', 'U2FsdGVkX18RHMvkYsRYLjugYntjkewPXfAiHWEdZrY=', 'A', '2021-11-03 09:40:12', '2021-11-03 09:40:12'),
(138, '937f7af1-55a1-4ecd-a439-364613c75833', '9d5dd4e7-804f-4d3d-aff1-cc2cd8ae67c7', 'U2FsdGVkX1847yMAHdY2YJul1PicpueOiHjjiudk+/g=', 'A', '2021-11-03 09:40:22', '2021-11-03 09:40:22'),
(139, '937f7af1-55a1-4ecd-a439-364613c75833', '5dc6fd23-cfbd-4f6d-b4e6-d93a82c1afa1', 'U2FsdGVkX19eG47cZ/HXjwNE7lTCJVEit9BixyK0m28=', 'A', '2021-11-03 09:40:32', '2021-11-03 09:40:32'),
(140, '937f7af1-55a1-4ecd-a439-364613c75833', '5b18c0ef-d142-4a03-9cfb-4f35a484dc4e', 'U2FsdGVkX1/jDhlmS8T7mDzXs9iVpVU2eKI9hgNoA8s=', 'A', '2021-11-03 09:40:58', '2021-11-03 09:40:58'),
(141, '937f7af1-55a1-4ecd-a439-364613c75833', 'c455f146-f556-4e81-bd4c-fc4f3250a5c5', 'U2FsdGVkX18EU12o+L2Iyhy7yeAc7oSqK06/XgCTZtc=', 'A', '2021-11-03 09:41:11', '2021-11-03 09:41:11'),
(142, '937f7af1-55a1-4ecd-a439-364613c75833', '27617b2a-3016-4b11-ba9d-7ad03d326ebe', 'U2FsdGVkX1+1e4P29S9C/9PAol5eeTKm44ZmT2WANiA=', 'A', '2021-11-03 09:41:22', '2021-11-03 09:41:22'),
(143, '937f7af1-55a1-4ecd-a439-364613c75833', '2af61d96-8c34-4efa-9ed8-b23c2f966c7a', 'U2FsdGVkX1/6rDWuhpZTd9GFjxptdLeLoGwNvo1fk/A=', 'A', '2021-11-03 09:41:31', '2021-11-03 09:41:31'),
(144, '937f7af1-55a1-4ecd-a439-364613c75833', '297852ab-c492-4cfd-82ea-6bf1228cfc63', 'U2FsdGVkX1/E8m+J16w/3hq6j5eURvisZ1W8D9+xLa4=', 'A', '2021-11-03 09:41:42', '2021-11-03 09:41:42'),
(145, '937f7af1-55a1-4ecd-a439-364613c75833', '73b7b837-9c64-4ca4-b0ba-392d06fb5afd', 'U2FsdGVkX19DMgqSZ1SETENOHYDgbI273YysmBE4zUQ=', 'A', '2021-11-03 09:41:55', '2021-11-03 09:41:55'),
(146, '937f7af1-55a1-4ecd-a439-364613c75833', '1d2544e0-6410-461f-b95d-9540c9f3fe05', 'U2FsdGVkX18fMd36BQ31zjF3mVoyOCh0Xk3Azte8QL0=', 'A', '2021-11-03 09:42:07', '2021-11-03 09:42:07'),
(147, '937f7af1-55a1-4ecd-a439-364613c75833', '4e59f30f-6ed9-4019-9a2c-a166dd31d46e', 'U2FsdGVkX1+fsmLaZ3C7Hpw5AkKXAf+Rzp/Nb3nhx+M=', 'A', '2021-11-03 09:42:17', '2021-11-03 09:42:17'),
(148, '937f7af1-55a1-4ecd-a439-364613c75833', '9771b305-5535-44c4-b83a-ea674ccb71a5', 'U2FsdGVkX1/WOTss1ifo1hSwmdCyEPtjlbtsAxqbL7g=', 'A', '2021-11-03 09:42:32', '2021-11-03 09:42:32'),
(149, '937f7af1-55a1-4ecd-a439-364613c75833', 'cc27c824-e427-4629-9b2f-3e4208c32c2b', 'U2FsdGVkX18cECiTrcticdpfrS6PR6yzd2biAzgKzSY=', 'A', '2021-11-03 09:42:53', '2021-11-03 09:42:53'),
(150, '937f7af1-55a1-4ecd-a439-364613c75833', '5b36dd38-9353-451a-ad23-479c253bdb7f', 'U2FsdGVkX1+vzZ+u+1gYmstaoaidzgnkSZ2FhmCngNw=', 'A', '2021-11-03 09:43:02', '2021-11-03 09:43:02'),
(151, '937f7af1-55a1-4ecd-a439-364613c75833', 'db422bdd-c44c-4e1e-9cf9-6a96148b739f', 'U2FsdGVkX1803ZZhmJwKIZYzSJ+EXdaobsA/8M5eYSo=', 'A', '2021-11-03 09:43:14', '2021-11-03 09:43:14'),
(152, '937f7af1-55a1-4ecd-a439-364613c75833', 'a433348f-eb75-41b1-ad6c-edfc2db56c79', 'U2FsdGVkX1/RSAb/LEIThkmhV9N4sEnNcWNrkYbpgsM=', 'A', '2021-11-03 09:43:27', '2021-11-03 09:43:27'),
(153, '937f7af1-55a1-4ecd-a439-364613c75833', '0c60ec1c-ae36-44bb-867f-9c6b3fce2eb4', 'U2FsdGVkX19NMSpm4NPh5IaeneuWVoFJyj0WQCU+zP8=', 'A', '2021-11-03 09:43:37', '2021-11-03 09:43:37'),
(154, '937f7af1-55a1-4ecd-a439-364613c75833', '3d618729-d694-4f6b-bf5b-c83900d8f65f', 'U2FsdGVkX1+Jj+c4whJQKFFV62tG7BWC7Y+iysu0H/Q=', 'A', '2021-11-03 09:43:54', '2021-11-03 09:43:54'),
(155, '937f7af1-55a1-4ecd-a439-364613c75833', '42a4171a-d416-4d18-aa43-f8c0ff0a3c19', 'U2FsdGVkX18hVjqPDqeP6pVVGjDVusqpkSj9UaAvh8M=', 'A', '2021-11-03 09:44:18', '2021-11-03 09:44:18'),
(156, '937f7af1-55a1-4ecd-a439-364613c75833', '0b2a15ac-8f87-4997-9de2-6bd970a141ab', 'U2FsdGVkX187yXBGKlchTv/vsEffrJhWnyFO4pH7EHo=', 'A', '2021-11-03 09:44:27', '2021-11-03 09:44:27'),
(157, '937f7af1-55a1-4ecd-a439-364613c75833', '0258f117-ab0f-428d-9efc-9703c900a2d4', 'U2FsdGVkX1/O+DGKdnXumakTcCW0E9byj/DrjtHnQXg=', 'A', '2021-11-03 09:44:37', '2021-11-03 09:44:37'),
(158, '937f7af1-55a1-4ecd-a439-364613c75833', 'b7712cf7-c5ab-4c3f-9b34-d7109d621f34', 'U2FsdGVkX18eIwzsZu/fo3Z2XHEOPkepn5OauBSDbt8=', 'A', '2021-11-03 09:44:50', '2021-11-03 09:44:50'),
(159, '937f7af1-55a1-4ecd-a439-364613c75833', 'da844c78-644a-43fc-bf0a-bcb3620c1306', 'U2FsdGVkX1++LQXBM2ikq8/oOthy2KNBjebYYot0ehA=', 'A', '2021-11-03 09:45:03', '2021-11-03 09:45:03'),
(160, '937f7af1-55a1-4ecd-a439-364613c75833', 'cc60eeb2-f850-4502-8612-8263d0d22070', 'U2FsdGVkX19ZiGjcceuutj/yyXsBtOXGPUKK8JdTF/Y=', 'A', '2021-11-03 09:45:14', '2021-11-03 09:45:14'),
(161, '937f7af1-55a1-4ecd-a439-364613c75833', 'c4255288-bdfa-4db4-adb2-1af9a19067fd', 'U2FsdGVkX1+Gm4owvZHKp1c7abtrJ3LAL/p6j7Mu0DE=', 'A', '2021-11-03 09:45:29', '2021-11-03 09:45:29'),
(162, '937f7af1-55a1-4ecd-a439-364613c75833', '9c674797-261b-461f-a3c6-9ac2f06ae8d2', 'U2FsdGVkX1/wn7Y4SZyEcZ1wnylZ3WzByRgvCUD5FJs=', 'A', '2021-11-04 09:42:41', '2021-11-04 09:42:41'),
(163, '937f7af1-55a1-4ecd-a439-364613c75833', '4d3a58a4-6fcc-4a3e-a85e-77a167626084', 'U2FsdGVkX1+otjYZKTKa71GikV3xsjy/fXVkB3qgXW8=', 'A', '2021-11-04 11:33:29', '2021-11-04 11:33:29'),
(164, '937f7af1-55a1-4ecd-a439-364613c75833', 'd77282de-1eed-4b69-9ea5-b772759906a7', 'U2FsdGVkX18DbIWAmWYEi7thLPj0WkGnxIyEP3mt58Q=', 'A', '2021-11-04 11:36:01', '2021-11-04 11:36:01'),
(165, '937f7af1-55a1-4ecd-a439-364613c75833', 'bd56bb37-3abc-471a-b0d6-54aab686a36a', 'U2FsdGVkX1/fjnaYHJbC6iQ8ykCr/cS6OTRb/Dvi9gw=', 'A', '2021-11-04 11:37:17', '2021-11-04 11:37:17'),
(166, '937f7af1-55a1-4ecd-a439-364613c75833', '97583d16-550c-4afe-affb-200b305c3aa9', 'U2FsdGVkX1/yI8QHIWbRbIBwD/QENgQcVhm2lN0mPgo=', 'A', '2021-11-04 12:03:56', '2021-11-04 12:03:56'),
(167, '937f7af1-55a1-4ecd-a439-364613c75833', 'f99054c9-6545-4744-bff5-8989941c9168', 'U2FsdGVkX19x4Trs1b70qdLTpFnX01+3fyX9mYM0sEU=', 'A', '2021-11-04 12:06:35', '2021-11-04 12:06:35'),
(168, '937f7af1-55a1-4ecd-a439-364613c75833', 'c92d2256-40c7-436d-b707-197d6e41d1ed', 'U2FsdGVkX1+vBjOgVRjnzhBBbFl3jBouJhWmHF+eEQQ=', 'A', '2021-11-04 12:07:57', '2021-11-04 12:07:57'),
(169, '937f7af1-55a1-4ecd-a439-364613c75833', 'f7e1521f-baf1-4518-94cf-0b96ea97ad5a', 'U2FsdGVkX18NASAHXuC5WG8GCZX8FxQAlMQu8CR96Tw=', 'A', '2021-11-04 13:16:08', '2021-11-04 13:16:08'),
(170, '937f7af1-55a1-4ecd-a439-364613c75833', '9a6f45a1-d426-45be-879d-9d6aab01d27c', 'U2FsdGVkX1/u7eNgfRjj1gYRObKU8suRGhVuML5n1CA=', 'A', '2021-11-04 13:17:40', '2021-11-04 13:17:40'),
(171, '937f7af1-55a1-4ecd-a439-364613c75833', '585e211e-c18a-44cb-9e36-722d39673984', 'U2FsdGVkX190yKak4NnR0MU4B94EteJiJVQ+s3D8zmY=', 'A', '2021-11-04 13:19:03', '2021-11-04 13:19:03'),
(172, '937f7af1-55a1-4ecd-a439-364613c75833', '49f5a410-4e62-4b6f-8187-ab43850cc180', 'U2FsdGVkX1+C+lMn6q306tTv6fsJa817Z85zUaub0/w=', 'A', '2021-11-04 13:20:21', '2021-11-04 13:20:21'),
(173, '937f7af1-55a1-4ecd-a439-364613c75833', '61f8bb67-f46a-4248-9c17-4af05804b9a4', 'U2FsdGVkX19/wCPPgKS4My1t/Wjl1NPRvB081fmkGdM=', 'A', '2021-11-04 13:21:27', '2021-11-04 13:21:27'),
(174, '937f7af1-55a1-4ecd-a439-364613c75833', '62f4f5b8-4e9e-4d6c-a3d0-11509c2c3b2a', 'U2FsdGVkX18SHG3/KinWLwVvh8189cm7XmgFtrC8q/o=', 'A', '2021-11-04 13:24:42', '2021-11-04 13:24:42'),
(175, '937f7af1-55a1-4ecd-a439-364613c75833', '409329e9-2404-4224-8ad1-2a4684b5c789', 'U2FsdGVkX1/s1b1YtbXffvGN0JnflsjgEBuh4e79UTg=', 'A', '2021-11-04 13:25:40', '2021-11-04 13:25:40'),
(176, '937f7af1-55a1-4ecd-a439-364613c75833', '6caa97ab-7ca8-4379-89c3-da0a2d3386bf', 'U2FsdGVkX1/wCs8Jqy8jjoDt4scGvskdw1gWofYbzpc=', 'A', '2021-11-04 13:27:05', '2021-11-04 13:27:05'),
(177, '937f7af1-55a1-4ecd-a439-364613c75833', 'abc5cb1d-bee0-4376-aac3-c9294e5b1dca', 'U2FsdGVkX1/bxUuAbFqnZsXVK/JSukcAFkrVXaT8M+w=', 'A', '2021-11-04 13:28:15', '2021-11-04 13:28:15'),
(178, '937f7af1-55a1-4ecd-a439-364613c75833', '7dfbe131-6b42-4175-bc2a-30f7db243a52', 'U2FsdGVkX18jHLjuuzUbQbE1p/+5ABl1Yb2PsUUBPjc=', 'A', '2021-11-04 13:29:12', '2021-11-04 13:29:12'),
(179, '937f7af1-55a1-4ecd-a439-364613c75833', 'a2a4cda4-1548-4f74-95b2-bbec18e3940c', 'U2FsdGVkX18YCAKftqHHY/J1UebhXPB58htNR+tlf0g=', 'A', '2021-11-04 13:30:50', '2021-11-04 13:30:50'),
(180, '937f7af1-55a1-4ecd-a439-364613c75833', '41fe33f7-0fcc-402c-983a-2302cb5b2b84', 'U2FsdGVkX1/hLe/stuMSaP0WanYIJuDiDjY+KAtWte0=', 'A', '2021-11-04 13:34:30', '2021-11-04 13:34:30'),
(181, '937f7af1-55a1-4ecd-a439-364613c75833', '4d18b578-2b49-4511-898f-50c53bf1ae8e', 'U2FsdGVkX18kfafwuAL0YSDqcUZiaqfNd7bZu38yquc=', 'A', '2021-11-04 13:35:36', '2021-11-04 13:35:36'),
(182, '937f7af1-55a1-4ecd-a439-364613c75833', '8dcc4b4f-5f4b-4f67-87fd-1584673ebeba', 'U2FsdGVkX18FFFW3k7I9ljKoT84L2+PtmTBfNzx55D0=', 'A', '2021-11-04 13:37:03', '2021-11-04 13:37:03'),
(183, '937f7af1-55a1-4ecd-a439-364613c75833', '9d49c597-58c7-4edf-bc12-e0989ff12a0a', 'U2FsdGVkX1/X4SmCW+80dYsYV2wMIo11PmilXIs87Sc=', 'A', '2021-11-04 13:38:04', '2021-11-04 13:38:04'),
(184, '937f7af1-55a1-4ecd-a439-364613c75833', '51a4d03d-5485-4d0f-9614-3444faac1ad8', 'U2FsdGVkX180I2bw8jEhPMkmnJ2RskUxNunbw/pgoOA=', 'A', '2021-11-04 13:39:24', '2021-11-04 13:39:24'),
(185, '937f7af1-55a1-4ecd-a439-364613c75833', '6b821dff-bd5d-465e-b3f7-33673b56b025', 'U2FsdGVkX19Lr7A5ia+HYIhq+A+ZRBC4uQVk9xLIe8c=', 'A', '2021-11-04 13:40:28', '2021-11-04 13:40:28'),
(186, '937f7af1-55a1-4ecd-a439-364613c75833', '561993db-7832-404c-a4e3-8180b217923b', 'U2FsdGVkX1/RKnOBFzWJz/m+i7418XePNTm44iDdSis=', 'A', '2021-11-04 13:41:41', '2021-11-04 13:41:41'),
(187, '937f7af1-55a1-4ecd-a439-364613c75833', '4dc1f582-4fdf-4379-948d-9b92cf148fde', 'U2FsdGVkX18NRk71XeZAT6nYZIgcd8kcf7NxKc5gAPo=', 'A', '2021-11-04 13:42:53', '2021-11-04 13:42:53'),
(188, '937f7af1-55a1-4ecd-a439-364613c75833', 'a5af1583-d59c-4f21-97ce-6f2ddc645a3b', 'U2FsdGVkX19MOCvDWvvESd0Rklp2xB9oa6CHM46fHvc=', 'A', '2021-11-04 13:43:57', '2021-11-04 13:43:57'),
(189, '937f7af1-55a1-4ecd-a439-364613c75833', '74a8090c-89e9-460c-a008-a226447dad62', 'U2FsdGVkX1+XiOpm6qHlk/hiqG41PBxeHyCDcIQLpn8=', 'A', '2021-11-04 13:45:29', '2021-11-04 13:45:29'),
(190, '937f7af1-55a1-4ecd-a439-364613c75833', '2e44d76e-0b1b-4d5e-b877-7324a65f59a7', 'U2FsdGVkX19f4kacouP/KRyBwpjBc+nPzfplHAPxvwY=', 'A', '2021-11-04 13:48:41', '2021-11-04 13:48:41'),
(191, '937f7af1-55a1-4ecd-a439-364613c75833', '9024bad6-bd44-4c81-92fa-1a5533e463e0', 'U2FsdGVkX1+4BA7gvppnImdqqxyjpULkVJ4YRIzGD8I=', 'A', '2021-11-04 13:52:10', '2021-11-04 13:52:10'),
(192, '937f7af1-55a1-4ecd-a439-364613c75833', '07a595c1-2df8-4676-b4c6-b6c723c2b733', 'U2FsdGVkX1/tmuG+gM0e/TXHP2HvEcB1DSUgCrpWKSs=', 'A', '2021-11-04 13:53:06', '2021-11-04 13:53:06'),
(193, '937f7af1-55a1-4ecd-a439-364613c75833', '948688a8-c59f-4d7b-a495-9e6fdc50912f', 'U2FsdGVkX18E1tK5q/a0h7k42P0elicEU4BHfIZyNwI=', 'A', '2021-11-04 13:53:56', '2021-11-04 13:53:56'),
(194, '937f7af1-55a1-4ecd-a439-364613c75833', '816e8bb8-2237-4f8b-aa8c-f8a7932f59c2', 'U2FsdGVkX19/8FTjikDJpDWAlzLyEVe2bHGzQEy/fJU=', 'A', '2021-11-04 13:54:54', '2021-11-04 13:54:54'),
(195, '937f7af1-55a1-4ecd-a439-364613c75833', 'de3ac7c9-a3dd-4c60-8da9-4f8f8d2957a0', 'U2FsdGVkX1/7XZ/mDhimk6sXCJSB9GvclfvStexX/EM=', 'A', '2021-11-04 13:55:47', '2021-11-04 13:55:47'),
(196, '937f7af1-55a1-4ecd-a439-364613c75833', '480c4a08-3900-4c18-a87d-7d13ef9625ac', 'U2FsdGVkX1/6Ba0GMWUuHN161RrXuUHvdHVIYMRf31Y=', 'A', '2021-11-04 13:56:41', '2021-11-04 13:56:41'),
(197, '937f7af1-55a1-4ecd-a439-364613c75833', '9c60d352-32ac-4730-a9ff-0b8ccce40e56', 'U2FsdGVkX19X281LouRz7ocklgR57sWEilEfjPt71wk=', 'A', '2021-11-04 13:57:32', '2021-11-04 13:57:32'),
(198, '937f7af1-55a1-4ecd-a439-364613c75833', '017f922e-7a24-45d6-8942-88e8a5ed65f7', 'U2FsdGVkX1+UbZJ9JetI60Td8DqRug2ZcXhf5oj3mwk=', 'A', '2021-11-04 14:01:36', '2021-11-04 14:01:36'),
(199, '937f7af1-55a1-4ecd-a439-364613c75833', '19f3d024-1a18-4828-9f6e-57c61599660b', 'U2FsdGVkX191TKJ9Yhym4pxQ5yNgSBNJEDK1d+D74nw=', 'A', '2021-11-04 14:02:30', '2021-11-04 14:02:30'),
(200, '937f7af1-55a1-4ecd-a439-364613c75833', '075e6adb-c9c5-4620-80f7-ce4aadd2bc51', 'U2FsdGVkX1/f0eQYmqL1zmLZOIj6SzxhZQ00nSGlBVI=', 'A', '2021-11-04 14:03:20', '2021-11-04 14:03:20'),
(201, '937f7af1-55a1-4ecd-a439-364613c75833', '0adde757-20ab-4885-a0a6-a6c5a7df85d6', 'U2FsdGVkX1+0kaOpie4F8tglbg4UnV4OER0o9TcI+zo=', 'A', '2021-11-04 14:04:20', '2021-11-04 14:04:20'),
(202, '937f7af1-55a1-4ecd-a439-364613c75833', '4cb35ff4-d380-4840-b210-50ca4b251f8b', 'U2FsdGVkX19bjxonDaQNbSSExdfB6sZwkVzeYCL25JE=', 'A', '2021-11-04 14:05:06', '2021-11-04 14:05:06'),
(203, '937f7af1-55a1-4ecd-a439-364613c75833', '2e99028c-cc0c-4295-ace6-3e5e28711884', 'U2FsdGVkX19I3/0G+m2BEgTxqClPwqu+0V8elYvQmGE=', 'A', '2021-11-04 14:05:57', '2021-11-04 14:05:57'),
(204, '937f7af1-55a1-4ecd-a439-364613c75833', '2e7cc81a-c580-4c51-9f16-23e0fe8b38a5', 'U2FsdGVkX19UYzfCDWghXLqADsb6SczWYEFSJAfhT5Q=', 'A', '2021-11-04 14:06:43', '2021-11-04 14:06:43'),
(205, '937f7af1-55a1-4ecd-a439-364613c75833', '330c6c01-f3ab-4f5a-b818-79c9314f5f23', 'U2FsdGVkX1/MDOpdMT/eUSREKIwuu/JL4pJk6Cibx88=', 'A', '2021-11-04 14:14:57', '2021-11-04 14:14:57'),
(206, '937f7af1-55a1-4ecd-a439-364613c75833', '86c4852f-12ae-4e94-aa49-0cce0d5d7bbb', 'U2FsdGVkX1+v3o1fRzrjXrrI5pTxOzzAPHpcrtbrevM=', 'A', '2021-11-04 14:15:51', '2021-11-04 14:15:51'),
(207, '937f7af1-55a1-4ecd-a439-364613c75833', 'a97adcd8-8583-48a3-8a2b-f37bc432b66e', 'U2FsdGVkX19Ijfb2KKZBDQJguziiocN6o4Oswh3bO9A=', 'A', '2021-11-04 14:16:52', '2021-11-04 14:16:52'),
(208, '937f7af1-55a1-4ecd-a439-364613c75833', '51d7946a-1aa1-4a3f-a4a1-c8a14a9e54bb', 'U2FsdGVkX1/Bxd1CHAC4sNrthHhCRp9ulQzaafAySEQ=', 'A', '2021-11-04 14:21:40', '2021-11-04 14:21:40'),
(209, '937f7af1-55a1-4ecd-a439-364613c75833', 'cdc162cd-501d-43b6-a6c8-cc23f15d9720', 'U2FsdGVkX1/3bxnw/dOIllXurMTCEwxukp8pW6SNSGs=', 'A', '2021-11-04 14:23:22', '2021-11-04 14:23:22'),
(210, '937f7af1-55a1-4ecd-a439-364613c75833', '8f3f9992-318c-4038-922e-1b22c2ac9f73', 'U2FsdGVkX18lk/pTR4sXxom2PWrpJP1Cr2q1VOamZzs=', 'A', '2021-11-04 14:24:17', '2021-11-04 14:24:17'),
(211, '937f7af1-55a1-4ecd-a439-364613c75833', '486eab69-9aac-4311-97bd-4cf860a646ab', 'U2FsdGVkX1/rQcrv5EsaU+Ipn+5d4WfM93e2k4U9JIM=', 'A', '2021-11-04 14:25:16', '2021-11-04 14:25:16'),
(212, '937f7af1-55a1-4ecd-a439-364613c75833', '5a6788de-bd7c-4047-b33e-2556ab2ee8b8', 'U2FsdGVkX1903PXUzgYkSLzoQ8J9y4hHtHZ8+4YAJ6w=', 'A', '2021-11-04 14:26:08', '2021-11-04 14:26:08'),
(213, '937f7af1-55a1-4ecd-a439-364613c75833', 'c9635f01-53a1-4736-8e07-027cf03541a9', 'U2FsdGVkX19fx86G18DaB8JDxeE2zL7XQbBSx1KzZo0=', 'A', '2021-11-04 14:27:13', '2021-11-04 14:27:13'),
(214, '14a71667-71f0-4805-9df9-6cc90eaaa2db', 'db5a151f-a43b-4ac3-98f4-7f6f264f8086', 'U2FsdGVkX1+ZmFTf5c72qKG+8hE9taiSPmzn43vEqRA=', 'A', '2021-12-23 16:46:31', '2021-12-23 16:46:31'),
(215, '937f7af1-55a1-4ecd-a439-364613c75833', '48bb12d3-68a7-4c38-90e4-bc68e2c0235a', 'U2FsdGVkX1/zZVJZ8n4ZLXx9iConK/3j+gBHyFF5ZEY=', 'A', '2022-01-21 12:03:21', '2022-01-21 12:03:21'),
(216, '9dff6595-8b2b-49ad-833a-613f28441bec', '9dff6595-8b2b-49ad-833a-613f28441bec', 'U2FsdGVkX1/bKDAZADCF2B2oMrpYnAtSYOk8uTHgaJM=', 'A', '2022-05-12 08:57:49', '2022-05-12 08:57:49'),
(218, '4cf5f84c-4c34-4e4b-ba1c-81bb773f7f14', '4cf5f84c-4c34-4e4b-ba1c-81bb773f7f14', 'U2FsdGVkX1+hqge4tXzjq9gyPcZH8+cwsggxl0NXXmg=', 'A', '2022-05-12 09:09:07', '2022-05-12 09:09:07');

-- --------------------------------------------------------

--
-- Table structure for table `global_users_rol`
--

CREATE TABLE `global_users_rol` (
  `id` int NOT NULL,
  `users_sid` varchar(50) NOT NULL COMMENT 'global_users',
  `global_rol_id` int NOT NULL COMMENT 'global_rol'
) ENGINE=InnoDB DEFAULT CHARSET=latin1;

--
-- Dumping data for table `global_users_rol`
--

INSERT INTO `global_users_rol` (`id`, `users_sid`, `global_rol_id`) VALUES
(9, '69abe0de-7812-41bd-9124-6a7238aee7d1', 7),
(11, '69abe0de-7812-41bd-9124-6a7238aee7d1', 10),
(14, '69abe0de-7812-41bd-9124-6a7238aee7d1', 1),
(15, 'eb3c2654-07ae-4e28-b8da-71a88cdb2574', 10),
(17, 'eb3c2654-07ae-4e28-b8da-71a88cdb2574', 9),
(18, 'd6b7e9fb-adf0-4033-8b9d-3f44bcf425df', 10),
(19, 'd6b7e9fb-adf0-4033-8b9d-3f44bcf425df', 8),
(20, '14a71667-71f0-4805-9df9-6cc90eaaa2db', 10),
(21, '14a71667-71f0-4805-9df9-6cc90eaaa2db', 1),
(22, '14a71667-71f0-4805-9df9-6cc90eaaa2db', 7),
(23, 'c975eb43-957b-48b2-8ccb-f72b93d890e6', 10),
(24, 'c975eb43-957b-48b2-8ccb-f72b93d890e6', 8),
(25, 'cabff428-0e49-42c8-a0f9-7e7f1218e7c5', 10),
(26, 'cabff428-0e49-42c8-a0f9-7e7f1218e7c5', 8),
(27, '2d26be27-1fcb-4ee7-a2e6-2df956717ec9', 10),
(28, '2d26be27-1fcb-4ee7-a2e6-2df956717ec9', 9),
(29, '71858578-ea28-481f-9e2f-c6925f15e6da', 10),
(30, '71858578-ea28-481f-9e2f-c6925f15e6da', 8),
(31, '937f7af1-55a1-4ecd-a439-364613c75833', 10),
(33, '937f7af1-55a1-4ecd-a439-364613c75833', 7),
(34, '937f7af1-55a1-4ecd-a439-364613c75833', 1),
(35, '9b94969d-14e5-4202-8802-9f3520e8f707', 10),
(36, '9b94969d-14e5-4202-8802-9f3520e8f707', 9),
(37, '5da9307f-522c-4254-93ca-cba73c8e618e', 10),
(38, '5da9307f-522c-4254-93ca-cba73c8e618e', 9),
(39, '81b90741-2d3f-4b5d-9f3f-36140df648ae', 10),
(40, '81b90741-2d3f-4b5d-9f3f-36140df648ae', 9),
(41, 'cfb645f9-7394-4c24-a38a-6305dd5eeaca', 10),
(42, 'cfb645f9-7394-4c24-a38a-6305dd5eeaca', 9),
(43, 'f3146ad1-989d-4f05-95c5-c30c804ea561', 10),
(44, 'f3146ad1-989d-4f05-95c5-c30c804ea561', 9),
(45, 'dcf612c1-ce71-42bb-ac46-75fa71b8e20a', 10),
(46, 'dcf612c1-ce71-42bb-ac46-75fa71b8e20a', 9),
(47, '600ce7a2-c154-47ee-9317-1c1c515b3ef2', 10),
(48, '600ce7a2-c154-47ee-9317-1c1c515b3ef2', 9),
(49, '4f24fa60-04b7-4c2f-8829-e02fdd19fb6d', 10),
(50, '4f24fa60-04b7-4c2f-8829-e02fdd19fb6d', 9),
(51, '42f6a2de-42e2-4ea3-8d54-6faec98c886c', 10),
(52, '42f6a2de-42e2-4ea3-8d54-6faec98c886c', 9),
(53, '816cf283-2c47-4f58-a1c8-7565980eb8b1', 10),
(54, '816cf283-2c47-4f58-a1c8-7565980eb8b1', 9),
(55, '95081202-a377-434f-bee6-d3abf38aa416', 10),
(56, '95081202-a377-434f-bee6-d3abf38aa416', 9),
(57, 'f5f98588-e7a0-4024-86d4-2a348e3e2e34', 10),
(58, 'f5f98588-e7a0-4024-86d4-2a348e3e2e34', 9),
(59, '8a1d7ca3-3073-444f-a4ee-d70144512f06', 10),
(60, '8a1d7ca3-3073-444f-a4ee-d70144512f06', 9),
(61, '78d206d9-4c88-4bbe-9960-f9f138d1db13', 10),
(62, '78d206d9-4c88-4bbe-9960-f9f138d1db13', 9),
(63, 'ce59b3ce-7178-40ee-b632-13d1dc60027b', 10),
(64, 'ce59b3ce-7178-40ee-b632-13d1dc60027b', 9),
(65, 'a8bb1f15-22f6-428a-a04b-995a315e77e2', 10),
(66, 'a8bb1f15-22f6-428a-a04b-995a315e77e2', 9),
(67, 'd4c85551-d573-4b50-be63-990d9f4d309a', 10),
(68, 'd4c85551-d573-4b50-be63-990d9f4d309a', 9),
(69, '00c47e99-9947-44a6-a88c-e30b6573c42b', 10),
(70, '00c47e99-9947-44a6-a88c-e30b6573c42b', 9),
(71, '36581922-b5cf-4d64-9068-2ade0a8190eb', 10),
(72, '36581922-b5cf-4d64-9068-2ade0a8190eb', 9),
(73, '789c38d8-38d5-4f2e-86a3-b841e008507c', 10),
(74, '789c38d8-38d5-4f2e-86a3-b841e008507c', 9),
(75, '534e4050-0907-4aa8-9907-53c7c4f7c34e', 10),
(76, '534e4050-0907-4aa8-9907-53c7c4f7c34e', 9),
(77, 'ce3e26de-06ce-4d7f-beb2-b9eb73853d15', 10),
(78, 'ce3e26de-06ce-4d7f-beb2-b9eb73853d15', 9),
(79, 'ef01ebdd-ebda-471c-b22d-0005af59a032', 10),
(80, 'ef01ebdd-ebda-471c-b22d-0005af59a032', 9),
(81, 'aaf858c4-77f2-4baa-8a27-a1b8e466c56f', 10),
(82, 'aaf858c4-77f2-4baa-8a27-a1b8e466c56f', 9),
(83, '21858a3c-26b9-4239-89be-33ffef856197', 10),
(84, '21858a3c-26b9-4239-89be-33ffef856197', 9),
(85, '86d04906-053d-438b-8e0b-ddf0a2b0b9da', 10),
(86, '86d04906-053d-438b-8e0b-ddf0a2b0b9da', 9),
(87, '42a331ff-2a85-4e45-8f3a-99800fd27cd7', 10),
(88, '42a331ff-2a85-4e45-8f3a-99800fd27cd7', 9),
(89, 'e77737b0-8d9b-459b-bdef-37f235d19a4d', 10),
(90, 'e77737b0-8d9b-459b-bdef-37f235d19a4d', 9),
(91, '736af057-c6c3-47c5-8374-2ab6bb552f97', 10),
(92, '736af057-c6c3-47c5-8374-2ab6bb552f97', 9),
(93, 'c4235847-31d0-4fc5-bbf2-9374cee703a1', 10),
(94, 'c4235847-31d0-4fc5-bbf2-9374cee703a1', 9),
(95, 'b14b4c74-8bbf-4eef-ad39-1acc27189185', 10),
(96, 'b14b4c74-8bbf-4eef-ad39-1acc27189185', 9),
(97, '5cd7a7ae-5bc5-40f8-b68b-dcbef168704e', 10),
(98, '5cd7a7ae-5bc5-40f8-b68b-dcbef168704e', 9),
(99, '20ad7c4c-d135-4ec9-a02a-d8107e212ca4', 10),
(100, '20ad7c4c-d135-4ec9-a02a-d8107e212ca4', 9),
(101, '37514a88-3846-4997-aca7-ecfd35ac9411', 10),
(102, '37514a88-3846-4997-aca7-ecfd35ac9411', 9),
(103, 'd3c9c727-138b-41cf-84c2-ce80394eee71', 10),
(104, 'd3c9c727-138b-41cf-84c2-ce80394eee71', 9),
(105, '9a82b7c1-b189-4705-8bb8-696d3b57e8ba', 10),
(106, '9a82b7c1-b189-4705-8bb8-696d3b57e8ba', 9),
(107, '4ab35425-dba6-4100-b0f2-cf0dae57b276', 10),
(108, '4ab35425-dba6-4100-b0f2-cf0dae57b276', 9),
(109, 'e262a84b-edbf-4437-b7e0-0daa472f499f', 10),
(110, 'e262a84b-edbf-4437-b7e0-0daa472f499f', 9),
(111, '71453d9c-4589-425b-a4bd-f5904606ca1a', 10),
(112, '71453d9c-4589-425b-a4bd-f5904606ca1a', 9),
(113, '2253ceed-729a-4571-b67f-8f986db14c9c', 10),
(114, '2253ceed-729a-4571-b67f-8f986db14c9c', 9),
(115, '2ba71105-c07e-4e36-b724-9269a7539492', 10),
(116, '2ba71105-c07e-4e36-b724-9269a7539492', 9),
(117, '59326160-0e94-4481-9882-88dd04cc5cfa', 10),
(118, '59326160-0e94-4481-9882-88dd04cc5cfa', 9),
(119, '2794e4ae-64d0-419f-973e-15965170f4bf', 10),
(120, '2794e4ae-64d0-419f-973e-15965170f4bf', 9),
(121, '7ce7a7a9-5ddf-4727-8d0b-1ec2dc2cf8cb', 10),
(122, '7ce7a7a9-5ddf-4727-8d0b-1ec2dc2cf8cb', 9),
(123, '4581f6bd-7871-4787-8e7b-c7d08cb32bb2', 10),
(124, '4581f6bd-7871-4787-8e7b-c7d08cb32bb2', 9),
(125, '3c545720-f264-4d25-a6b2-f5e67af9774b', 10),
(126, '3c545720-f264-4d25-a6b2-f5e67af9774b', 9),
(127, '81b88936-b209-43ae-a0f9-129d0d1ce412', 10),
(128, '81b88936-b209-43ae-a0f9-129d0d1ce412', 9),
(129, 'f53a34e5-1b6e-4a94-af1f-e3c56fc262cf', 10),
(130, 'f53a34e5-1b6e-4a94-af1f-e3c56fc262cf', 9),
(131, '118e7068-e442-4946-9598-b81a540e7945', 10),
(132, '118e7068-e442-4946-9598-b81a540e7945', 9),
(133, 'c5a2b219-6d8e-49bb-851b-d5a33fb2f5ce', 10),
(134, 'c5a2b219-6d8e-49bb-851b-d5a33fb2f5ce', 9),
(135, 'e5b5bf18-8c4a-47bd-b481-c2e633f941a7', 10),
(136, 'e5b5bf18-8c4a-47bd-b481-c2e633f941a7', 9),
(137, '9c275318-32b0-4297-b7f0-3f7df811b54b', 10),
(138, '9c275318-32b0-4297-b7f0-3f7df811b54b', 9),
(139, 'e92a02fe-6105-4dd2-911d-c0784006916e', 10),
(140, 'e92a02fe-6105-4dd2-911d-c0784006916e', 9),
(141, 'c57046f9-f2dc-4b1a-896c-103e7c945252', 10),
(142, 'c57046f9-f2dc-4b1a-896c-103e7c945252', 9),
(143, '0ef9c506-c6ad-4e5f-9152-c9397ddb0486', 10),
(144, '0ef9c506-c6ad-4e5f-9152-c9397ddb0486', 9),
(145, 'c7b8ea84-0fff-4cb0-a706-2a806c10cc13', 10),
(146, 'c7b8ea84-0fff-4cb0-a706-2a806c10cc13', 9),
(147, '31859cdf-2211-4657-9f19-1b42d52c74d6', 10),
(148, '31859cdf-2211-4657-9f19-1b42d52c74d6', 9),
(149, 'a5bec1fa-3162-4f44-8b08-573aeca76679', 10),
(150, 'a5bec1fa-3162-4f44-8b08-573aeca76679', 9),
(151, '2f00ae5f-e8c4-40d1-970a-79ad22c77fbd', 10),
(152, '2f00ae5f-e8c4-40d1-970a-79ad22c77fbd', 9),
(153, '1aa53add-321c-4348-9930-937f55f77acc', 10),
(154, '1aa53add-321c-4348-9930-937f55f77acc', 9),
(155, '684840ef-8099-4354-a146-4596f1bc85f2', 10),
(156, '684840ef-8099-4354-a146-4596f1bc85f2', 9),
(157, '7935e70a-7e78-47fe-ae11-39e5043edf67', 10),
(158, '7935e70a-7e78-47fe-ae11-39e5043edf67', 9),
(159, 'eeef3815-11de-4a4a-a6ac-8619b4e9b4ca', 10),
(160, 'eeef3815-11de-4a4a-a6ac-8619b4e9b4ca', 9),
(161, '1f7c14ed-c971-4fe5-b29a-447a728b0fe9', 10),
(162, '1f7c14ed-c971-4fe5-b29a-447a728b0fe9', 9),
(163, '133076a6-abc4-456a-b3d7-969d71938821', 10),
(164, '133076a6-abc4-456a-b3d7-969d71938821', 9),
(165, '3fa1163d-9304-4493-bb8a-e63e88b814c3', 10),
(166, '3fa1163d-9304-4493-bb8a-e63e88b814c3', 9),
(167, 'ffb87c97-8ea0-4898-a518-9e488b91d091', 10),
(168, 'ffb87c97-8ea0-4898-a518-9e488b91d091', 9),
(169, 'a89a4cd2-ac48-459a-b63b-41d7c62de4b2', 10),
(170, 'a89a4cd2-ac48-459a-b63b-41d7c62de4b2', 9),
(171, '646d754a-cd3f-4e31-a7cc-e2e8c35ce61a', 10),
(172, '646d754a-cd3f-4e31-a7cc-e2e8c35ce61a', 9),
(173, '66c8b36c-3fa8-4a91-b6d0-b1af255e4d98', 10),
(174, '66c8b36c-3fa8-4a91-b6d0-b1af255e4d98', 9),
(175, 'dae1c5eb-3ff0-4492-aae9-a8642b4ea7a0', 10),
(176, 'dae1c5eb-3ff0-4492-aae9-a8642b4ea7a0', 9),
(177, '541d7400-70b6-4da6-a3e9-fe0ab36c5bde', 10),
(178, '541d7400-70b6-4da6-a3e9-fe0ab36c5bde', 9),
(179, '02548851-a53c-448b-85b3-bce906bd7741', 10),
(180, '02548851-a53c-448b-85b3-bce906bd7741', 9),
(181, '62debf86-c27d-4f58-8eca-55a97d26d042', 10),
(182, '62debf86-c27d-4f58-8eca-55a97d26d042', 9),
(183, 'bd56774e-1aa5-47ab-acd9-493e65f8a0fe', 10),
(184, 'bd56774e-1aa5-47ab-acd9-493e65f8a0fe', 9),
(185, 'a358ab80-4e53-426a-bbea-5e2561f4a6ad', 10),
(186, 'a358ab80-4e53-426a-bbea-5e2561f4a6ad', 9),
(187, '0f2cd690-25ea-4741-a673-58c5f7210a41', 10),
(188, '0f2cd690-25ea-4741-a673-58c5f7210a41', 9),
(189, 'a232c5bb-3a7a-492e-a0a0-ad9c441f239d', 10),
(190, 'a232c5bb-3a7a-492e-a0a0-ad9c441f239d', 9),
(191, '65bc3e00-99c8-4f09-b02e-31dc708caf18', 10),
(192, '65bc3e00-99c8-4f09-b02e-31dc708caf18', 9),
(193, '3ac896d1-17a1-462a-aff1-5cb4cb5f05ee', 10),
(194, '3ac896d1-17a1-462a-aff1-5cb4cb5f05ee', 9),
(195, '18f9c244-10df-4ace-b224-579b1fed4a68', 10),
(196, '18f9c244-10df-4ace-b224-579b1fed4a68', 9),
(197, '7bffe07c-d642-4fd7-9ce7-90c62fd1f613', 10),
(198, '7bffe07c-d642-4fd7-9ce7-90c62fd1f613', 9),
(199, 'f47b4da0-5917-4a89-824b-d29793e24836', 10),
(200, 'f47b4da0-5917-4a89-824b-d29793e24836', 9),
(201, '7d33e45f-c136-4401-823b-b61943f79ca2', 10),
(202, '7d33e45f-c136-4401-823b-b61943f79ca2', 9),
(203, '340665ac-cf2f-4543-bf2c-8055056e0678', 10),
(204, '340665ac-cf2f-4543-bf2c-8055056e0678', 9),
(205, '3b79b578-a0c4-4687-b9ce-62f1bf9620b9', 10),
(206, '3b79b578-a0c4-4687-b9ce-62f1bf9620b9', 9),
(207, 'bdd66ff8-c879-41f8-a0fc-604e4b33ab2d', 10),
(208, 'bdd66ff8-c879-41f8-a0fc-604e4b33ab2d', 9),
(209, '201a9973-fb89-411a-9bdf-71cfd94e3927', 10),
(210, '201a9973-fb89-411a-9bdf-71cfd94e3927', 9),
(211, 'e50d8eb2-4440-4ff9-9340-5359c61d3ff6', 10),
(212, 'e50d8eb2-4440-4ff9-9340-5359c61d3ff6', 9),
(213, 'a2183b30-dc35-4bd9-82fb-94db6fd5adcd', 10),
(214, 'a2183b30-dc35-4bd9-82fb-94db6fd5adcd', 9),
(215, 'f59c7937-3401-428b-9ae2-a0631da242d5', 10),
(216, 'f59c7937-3401-428b-9ae2-a0631da242d5', 9),
(217, '9289b3dc-e961-42e8-ad0d-deb4fc38424d', 10),
(218, '9289b3dc-e961-42e8-ad0d-deb4fc38424d', 9),
(219, '97b78b91-de7f-47dd-9d38-945bbeb9063d', 10),
(220, '97b78b91-de7f-47dd-9d38-945bbeb9063d', 9),
(221, 'dadb103e-d983-4230-ac2d-8ce4c5d4a5b8', 10),
(222, 'dadb103e-d983-4230-ac2d-8ce4c5d4a5b8', 9),
(223, 'f674e29c-dc06-4428-a7e8-0122e1e3277c', 10),
(224, 'f674e29c-dc06-4428-a7e8-0122e1e3277c', 9),
(225, '9ec2bd14-4272-4f83-a195-4863e0fb6901', 10),
(226, '9ec2bd14-4272-4f83-a195-4863e0fb6901', 9),
(227, '1dc87070-8f4a-455f-86ab-43bd8379aa6a', 10),
(228, '1dc87070-8f4a-455f-86ab-43bd8379aa6a', 9),
(229, '496abbe1-a0e8-4c55-b0e3-770bbf96e7f8', 10),
(230, '496abbe1-a0e8-4c55-b0e3-770bbf96e7f8', 9),
(231, '30b4fb52-1cd5-4e0b-bd09-3ca89997f942', 10),
(232, '30b4fb52-1cd5-4e0b-bd09-3ca89997f942', 9),
(233, '399b3ae5-b39a-42ef-88b7-7847de17399c', 10),
(234, '399b3ae5-b39a-42ef-88b7-7847de17399c', 9),
(235, 'c5407390-c1bb-4c07-9fe4-9faf996f0be7', 10),
(236, 'c5407390-c1bb-4c07-9fe4-9faf996f0be7', 9),
(237, 'cfd296c3-e4af-4e89-9ea7-1c877b5485fd', 10),
(238, 'cfd296c3-e4af-4e89-9ea7-1c877b5485fd', 9),
(239, '6e14cac6-6644-4409-977e-0c44f7712af4', 10),
(240, '6e14cac6-6644-4409-977e-0c44f7712af4', 9),
(241, 'f23a76bf-1147-4c24-81bf-6ec72319a627', 10),
(242, 'f23a76bf-1147-4c24-81bf-6ec72319a627', 9),
(243, '7d29c356-18ce-4665-a6fe-a34a3d8b8b09', 10),
(244, '7d29c356-18ce-4665-a6fe-a34a3d8b8b09', 9),
(245, 'f591ce8f-3a08-42fd-a83a-c79edab9d89d', 10),
(246, 'f591ce8f-3a08-42fd-a83a-c79edab9d89d', 9),
(247, '40b23808-4986-42a4-b77f-a38acaa46016', 10),
(248, '40b23808-4986-42a4-b77f-a38acaa46016', 9),
(249, 'cfa498f8-3477-4cb8-bf2e-59495f79e600', 10),
(250, 'cfa498f8-3477-4cb8-bf2e-59495f79e600', 9),
(251, 'd8115bd0-fabc-4d67-8da9-d47bb3a80dc0', 10),
(252, 'd8115bd0-fabc-4d67-8da9-d47bb3a80dc0', 9),
(253, '6e3aa0a3-f7bb-4819-bf7e-bd35ca30cd0c', 10),
(254, '6e3aa0a3-f7bb-4819-bf7e-bd35ca30cd0c', 9),
(255, '50069760-08c5-497d-93d4-416c00082d0f', 10),
(256, '50069760-08c5-497d-93d4-416c00082d0f', 9),
(257, '360ba522-57cf-41ec-b08b-bbf5468412b6', 10),
(258, '360ba522-57cf-41ec-b08b-bbf5468412b6', 9),
(259, 'a93cf131-8ebf-48d9-8616-cddd95171489', 10),
(260, 'a93cf131-8ebf-48d9-8616-cddd95171489', 9),
(261, '33a2ed52-adf8-466b-817c-80e96ac2995a', 10),
(262, '33a2ed52-adf8-466b-817c-80e96ac2995a', 9),
(263, '848f9fd3-0d5c-4908-83fd-2b96d5140c27', 10),
(264, '848f9fd3-0d5c-4908-83fd-2b96d5140c27', 9),
(265, '29b7f625-14e0-4eda-a153-07050741b978', 10),
(266, '29b7f625-14e0-4eda-a153-07050741b978', 9),
(267, '6d5e70c2-8825-4d53-ae23-df7cc614dc77', 10),
(268, '6d5e70c2-8825-4d53-ae23-df7cc614dc77', 9),
(269, 'ba7066fd-8b09-4060-9e7e-001db2b006c6', 10),
(270, 'ba7066fd-8b09-4060-9e7e-001db2b006c6', 9),
(271, 'ef337202-bbc8-48b9-a199-1a47f6d5efd3', 10),
(272, 'ef337202-bbc8-48b9-a199-1a47f6d5efd3', 9),
(273, 'a433348f-eb75-41b1-ad6c-edfc2db56c79', 10),
(274, 'a433348f-eb75-41b1-ad6c-edfc2db56c79', 9),
(275, 'db422bdd-c44c-4e1e-9cf9-6a96148b739f', 10),
(276, 'db422bdd-c44c-4e1e-9cf9-6a96148b739f', 9),
(277, '5b36dd38-9353-451a-ad23-479c253bdb7f', 10),
(278, '5b36dd38-9353-451a-ad23-479c253bdb7f', 9),
(279, 'cc27c824-e427-4629-9b2f-3e4208c32c2b', 10),
(280, 'cc27c824-e427-4629-9b2f-3e4208c32c2b', 9),
(281, '9771b305-5535-44c4-b83a-ea674ccb71a5', 10),
(282, '9771b305-5535-44c4-b83a-ea674ccb71a5', 9),
(283, '4e59f30f-6ed9-4019-9a2c-a166dd31d46e', 10),
(284, '4e59f30f-6ed9-4019-9a2c-a166dd31d46e', 9),
(285, '1d2544e0-6410-461f-b95d-9540c9f3fe05', 10),
(286, '1d2544e0-6410-461f-b95d-9540c9f3fe05', 9),
(287, '73b7b837-9c64-4ca4-b0ba-392d06fb5afd', 10),
(288, '73b7b837-9c64-4ca4-b0ba-392d06fb5afd', 9),
(289, '297852ab-c492-4cfd-82ea-6bf1228cfc63', 10),
(290, '297852ab-c492-4cfd-82ea-6bf1228cfc63', 9),
(291, '2af61d96-8c34-4efa-9ed8-b23c2f966c7a', 10),
(292, '2af61d96-8c34-4efa-9ed8-b23c2f966c7a', 9),
(293, '27617b2a-3016-4b11-ba9d-7ad03d326ebe', 10),
(294, '27617b2a-3016-4b11-ba9d-7ad03d326ebe', 9),
(295, 'c455f146-f556-4e81-bd4c-fc4f3250a5c5', 10),
(296, 'c455f146-f556-4e81-bd4c-fc4f3250a5c5', 9),
(297, '5b18c0ef-d142-4a03-9cfb-4f35a484dc4e', 10),
(298, '5b18c0ef-d142-4a03-9cfb-4f35a484dc4e', 9),
(299, '5dc6fd23-cfbd-4f6d-b4e6-d93a82c1afa1', 10),
(300, '5dc6fd23-cfbd-4f6d-b4e6-d93a82c1afa1', 9),
(301, '9d5dd4e7-804f-4d3d-aff1-cc2cd8ae67c7', 10),
(302, '9d5dd4e7-804f-4d3d-aff1-cc2cd8ae67c7', 9),
(303, 'b25b4820-3e76-41f5-a4cd-51249071ee9e', 10),
(304, 'b25b4820-3e76-41f5-a4cd-51249071ee9e', 9),
(305, 'fa0ecac3-2f24-4f55-ba73-cad28844b13e', 10),
(306, 'fa0ecac3-2f24-4f55-ba73-cad28844b13e', 9),
(307, 'cdcbbc1f-f54b-4992-a59a-c5c2046fd979', 10),
(308, 'cdcbbc1f-f54b-4992-a59a-c5c2046fd979', 9),
(309, '46617efc-9173-4090-bdf1-03b5b09f04bf', 10),
(310, '46617efc-9173-4090-bdf1-03b5b09f04bf', 9),
(311, '4882fec3-b4fd-4616-ad29-a0a080532f0c', 10),
(312, '4882fec3-b4fd-4616-ad29-a0a080532f0c', 9),
(313, 'c975baf4-ce2a-4f71-b6a1-649b875e9b34', 10),
(314, 'c975baf4-ce2a-4f71-b6a1-649b875e9b34', 9),
(315, 'd512b420-717c-4252-8651-cd9d37c040e7', 10),
(316, 'd512b420-717c-4252-8651-cd9d37c040e7', 9),
(317, 'c4285019-4535-4238-9570-b53ac36cbc34', 10),
(318, 'c4285019-4535-4238-9570-b53ac36cbc34', 9),
(319, 'f5c9373f-e5fd-4222-aab7-37e7fe5d8d70', 10),
(320, 'f5c9373f-e5fd-4222-aab7-37e7fe5d8d70', 9),
(321, 'e9bdff8a-ac70-4ce0-a092-ced8a01b5fcd', 10),
(322, 'e9bdff8a-ac70-4ce0-a092-ced8a01b5fcd', 9),
(323, 'c4255288-bdfa-4db4-adb2-1af9a19067fd', 10),
(324, 'c4255288-bdfa-4db4-adb2-1af9a19067fd', 9),
(325, 'cc60eeb2-f850-4502-8612-8263d0d22070', 10),
(326, 'cc60eeb2-f850-4502-8612-8263d0d22070', 9),
(327, 'da844c78-644a-43fc-bf0a-bcb3620c1306', 10),
(328, 'da844c78-644a-43fc-bf0a-bcb3620c1306', 9),
(329, '0c60ec1c-ae36-44bb-867f-9c6b3fce2eb4', 10),
(330, '0c60ec1c-ae36-44bb-867f-9c6b3fce2eb4', 9),
(331, '3d618729-d694-4f6b-bf5b-c83900d8f65f', 10),
(332, '3d618729-d694-4f6b-bf5b-c83900d8f65f', 9),
(333, '42a4171a-d416-4d18-aa43-f8c0ff0a3c19', 10),
(334, '42a4171a-d416-4d18-aa43-f8c0ff0a3c19', 9),
(335, '0b2a15ac-8f87-4997-9de2-6bd970a141ab', 10),
(336, '0b2a15ac-8f87-4997-9de2-6bd970a141ab', 9),
(337, '0258f117-ab0f-428d-9efc-9703c900a2d4', 10),
(338, '0258f117-ab0f-428d-9efc-9703c900a2d4', 9),
(339, 'b7712cf7-c5ab-4c3f-9b34-d7109d621f34', 10),
(340, 'b7712cf7-c5ab-4c3f-9b34-d7109d621f34', 9),
(341, '9c674797-261b-461f-a3c6-9ac2f06ae8d2', 10),
(342, '9c674797-261b-461f-a3c6-9ac2f06ae8d2', 8),
(343, '4d3a58a4-6fcc-4a3e-a85e-77a167626084', 10),
(344, '4d3a58a4-6fcc-4a3e-a85e-77a167626084', 9),
(345, 'd77282de-1eed-4b69-9ea5-b772759906a7', 10),
(346, 'd77282de-1eed-4b69-9ea5-b772759906a7', 9),
(347, 'bd56bb37-3abc-471a-b0d6-54aab686a36a', 10),
(348, 'bd56bb37-3abc-471a-b0d6-54aab686a36a', 9),
(349, '97583d16-550c-4afe-affb-200b305c3aa9', 10),
(350, '97583d16-550c-4afe-affb-200b305c3aa9', 9),
(351, 'f99054c9-6545-4744-bff5-8989941c9168', 10),
(352, 'f99054c9-6545-4744-bff5-8989941c9168', 9),
(353, 'c92d2256-40c7-436d-b707-197d6e41d1ed', 10),
(354, 'c92d2256-40c7-436d-b707-197d6e41d1ed', 9),
(355, 'f7e1521f-baf1-4518-94cf-0b96ea97ad5a', 10),
(356, 'f7e1521f-baf1-4518-94cf-0b96ea97ad5a', 9),
(357, '9a6f45a1-d426-45be-879d-9d6aab01d27c', 10),
(358, '9a6f45a1-d426-45be-879d-9d6aab01d27c', 9),
(359, '585e211e-c18a-44cb-9e36-722d39673984', 10),
(360, '585e211e-c18a-44cb-9e36-722d39673984', 9),
(361, '49f5a410-4e62-4b6f-8187-ab43850cc180', 10),
(362, '49f5a410-4e62-4b6f-8187-ab43850cc180', 9),
(363, '61f8bb67-f46a-4248-9c17-4af05804b9a4', 10),
(364, '61f8bb67-f46a-4248-9c17-4af05804b9a4', 9),
(365, '62f4f5b8-4e9e-4d6c-a3d0-11509c2c3b2a', 10),
(366, '62f4f5b8-4e9e-4d6c-a3d0-11509c2c3b2a', 9),
(367, '409329e9-2404-4224-8ad1-2a4684b5c789', 10),
(368, '409329e9-2404-4224-8ad1-2a4684b5c789', 9),
(369, '6caa97ab-7ca8-4379-89c3-da0a2d3386bf', 10),
(370, '6caa97ab-7ca8-4379-89c3-da0a2d3386bf', 9),
(371, 'abc5cb1d-bee0-4376-aac3-c9294e5b1dca', 10),
(372, 'abc5cb1d-bee0-4376-aac3-c9294e5b1dca', 9),
(373, '7dfbe131-6b42-4175-bc2a-30f7db243a52', 10),
(374, '7dfbe131-6b42-4175-bc2a-30f7db243a52', 9),
(375, 'a2a4cda4-1548-4f74-95b2-bbec18e3940c', 10),
(376, 'a2a4cda4-1548-4f74-95b2-bbec18e3940c', 9),
(377, '41fe33f7-0fcc-402c-983a-2302cb5b2b84', 10),
(378, '41fe33f7-0fcc-402c-983a-2302cb5b2b84', 9),
(379, '4d18b578-2b49-4511-898f-50c53bf1ae8e', 10),
(380, '4d18b578-2b49-4511-898f-50c53bf1ae8e', 9),
(381, '8dcc4b4f-5f4b-4f67-87fd-1584673ebeba', 10),
(382, '8dcc4b4f-5f4b-4f67-87fd-1584673ebeba', 9),
(383, '9d49c597-58c7-4edf-bc12-e0989ff12a0a', 10),
(384, '9d49c597-58c7-4edf-bc12-e0989ff12a0a', 7),
(385, '51a4d03d-5485-4d0f-9614-3444faac1ad8', 10),
(386, '51a4d03d-5485-4d0f-9614-3444faac1ad8', 9),
(387, '6b821dff-bd5d-465e-b3f7-33673b56b025', 10),
(388, '6b821dff-bd5d-465e-b3f7-33673b56b025', 9),
(389, '561993db-7832-404c-a4e3-8180b217923b', 10),
(390, '561993db-7832-404c-a4e3-8180b217923b', 9),
(391, '4dc1f582-4fdf-4379-948d-9b92cf148fde', 10),
(392, '4dc1f582-4fdf-4379-948d-9b92cf148fde', 9),
(393, 'a5af1583-d59c-4f21-97ce-6f2ddc645a3b', 10),
(394, 'a5af1583-d59c-4f21-97ce-6f2ddc645a3b', 9),
(395, '74a8090c-89e9-460c-a008-a226447dad62', 10),
(396, '74a8090c-89e9-460c-a008-a226447dad62', 9),
(397, '2e44d76e-0b1b-4d5e-b877-7324a65f59a7', 10),
(398, '2e44d76e-0b1b-4d5e-b877-7324a65f59a7', 9),
(399, '9024bad6-bd44-4c81-92fa-1a5533e463e0', 10),
(400, '9024bad6-bd44-4c81-92fa-1a5533e463e0', 9),
(401, '07a595c1-2df8-4676-b4c6-b6c723c2b733', 10),
(402, '07a595c1-2df8-4676-b4c6-b6c723c2b733', 9),
(403, '948688a8-c59f-4d7b-a495-9e6fdc50912f', 10),
(404, '948688a8-c59f-4d7b-a495-9e6fdc50912f', 9),
(405, '816e8bb8-2237-4f8b-aa8c-f8a7932f59c2', 10),
(406, '816e8bb8-2237-4f8b-aa8c-f8a7932f59c2', 9),
(407, 'de3ac7c9-a3dd-4c60-8da9-4f8f8d2957a0', 10),
(408, 'de3ac7c9-a3dd-4c60-8da9-4f8f8d2957a0', 9),
(409, '480c4a08-3900-4c18-a87d-7d13ef9625ac', 10),
(410, '480c4a08-3900-4c18-a87d-7d13ef9625ac', 9),
(411, '9c60d352-32ac-4730-a9ff-0b8ccce40e56', 10),
(412, '9c60d352-32ac-4730-a9ff-0b8ccce40e56', 9),
(413, '017f922e-7a24-45d6-8942-88e8a5ed65f7', 10),
(414, '017f922e-7a24-45d6-8942-88e8a5ed65f7', 9),
(415, '19f3d024-1a18-4828-9f6e-57c61599660b', 10),
(416, '19f3d024-1a18-4828-9f6e-57c61599660b', 9),
(417, '075e6adb-c9c5-4620-80f7-ce4aadd2bc51', 10),
(418, '075e6adb-c9c5-4620-80f7-ce4aadd2bc51', 9),
(419, '0adde757-20ab-4885-a0a6-a6c5a7df85d6', 10),
(420, '0adde757-20ab-4885-a0a6-a6c5a7df85d6', 9),
(421, '4cb35ff4-d380-4840-b210-50ca4b251f8b', 10),
(422, '4cb35ff4-d380-4840-b210-50ca4b251f8b', 9),
(423, '2e99028c-cc0c-4295-ace6-3e5e28711884', 10),
(424, '2e99028c-cc0c-4295-ace6-3e5e28711884', 9),
(425, '2e7cc81a-c580-4c51-9f16-23e0fe8b38a5', 10),
(426, '2e7cc81a-c580-4c51-9f16-23e0fe8b38a5', 9),
(427, '330c6c01-f3ab-4f5a-b818-79c9314f5f23', 10),
(428, '330c6c01-f3ab-4f5a-b818-79c9314f5f23', 9),
(429, '86c4852f-12ae-4e94-aa49-0cce0d5d7bbb', 10),
(430, '86c4852f-12ae-4e94-aa49-0cce0d5d7bbb', 9),
(431, 'a97adcd8-8583-48a3-8a2b-f37bc432b66e', 10),
(432, 'a97adcd8-8583-48a3-8a2b-f37bc432b66e', 9),
(433, '51d7946a-1aa1-4a3f-a4a1-c8a14a9e54bb', 10),
(434, '51d7946a-1aa1-4a3f-a4a1-c8a14a9e54bb', 9),
(435, 'cdc162cd-501d-43b6-a6c8-cc23f15d9720', 10),
(436, 'cdc162cd-501d-43b6-a6c8-cc23f15d9720', 9),
(437, '8f3f9992-318c-4038-922e-1b22c2ac9f73', 10),
(438, '8f3f9992-318c-4038-922e-1b22c2ac9f73', 9),
(439, '486eab69-9aac-4311-97bd-4cf860a646ab', 10),
(440, '486eab69-9aac-4311-97bd-4cf860a646ab', 9),
(441, '5a6788de-bd7c-4047-b33e-2556ab2ee8b8', 10),
(442, '5a6788de-bd7c-4047-b33e-2556ab2ee8b8', 9),
(443, 'c9635f01-53a1-4736-8e07-027cf03541a9', 10),
(444, 'c9635f01-53a1-4736-8e07-027cf03541a9', 9),
(445, 'cabff428-0e49-42c8-a0f9-7e7f1218e7c5', 7),
(446, '937f7af1-55a1-4ecd-a439-364613c75833', 9),
(448, 'f53a34e5-1b6e-4a94-af1f-e3c56fc262cf', 11),
(449, 'db5a151f-a43b-4ac3-98f4-7f6f264f8086', 10),
(450, 'db5a151f-a43b-4ac3-98f4-7f6f264f8086', 9),
(451, '48bb12d3-68a7-4c38-90e4-bc68e2c0235a', 10),
(452, '48bb12d3-68a7-4c38-90e4-bc68e2c0235a', 9),
(453, '937f7af1-55a1-4ecd-a439-364613c75833', 8),
(454, '69abe0de-7812-41bd-9124-6a7238aee7d1', 9),
(455, '69abe0de-7812-41bd-9124-6a7238aee7d1', 8),
(456, '69abe0de-7812-41bd-9124-6a7238aee7d1', 12),
(457, '69abe0de-7812-41bd-9124-6a7238aee7d1', 17),
(460, '937f7af1-55a1-4ecd-a439-364613c75833', 12),
(461, '937f7af1-55a1-4ecd-a439-364613c75833', 17),
(462, 'eeef3815-11de-4a4a-a6ac-8619b4e9b4ca', 14),
(463, 'eeef3815-11de-4a4a-a6ac-8619b4e9b4ca', 15),
(464, 'eeef3815-11de-4a4a-a6ac-8619b4e9b4ca', 17),
(465, '4581f6bd-7871-4787-8e7b-c7d08cb32bb2', 15),
(466, '4581f6bd-7871-4787-8e7b-c7d08cb32bb2', 18),
(467, '7ce7a7a9-5ddf-4727-8d0b-1ec2dc2cf8cb', 18),
(468, '7ce7a7a9-5ddf-4727-8d0b-1ec2dc2cf8cb', 15),
(469, '2d26be27-1fcb-4ee7-a2e6-2df956717ec9', 18),
(470, '2d26be27-1fcb-4ee7-a2e6-2df956717ec9', 15),
(471, '69abe0de-7812-41bd-9124-6a7238aee7d1', 15),
(472, '14a71667-71f0-4805-9df9-6cc90eaaa2db', 15),
(473, 'c975eb43-957b-48b2-8ccb-f72b93d890e6', 15),
(474, 'cabff428-0e49-42c8-a0f9-7e7f1218e7c5', 15),
(475, '71858578-ea28-481f-9e2f-c6925f15e6da', 15),
(476, '937f7af1-55a1-4ecd-a439-364613c75833', 15),
(477, '9b94969d-14e5-4202-8802-9f3520e8f707', 15),
(478, '5da9307f-522c-4254-93ca-cba73c8e618e', 15),
(479, '81b90741-2d3f-4b5d-9f3f-36140df648ae', 15),
(480, 'cfb645f9-7394-4c24-a38a-6305dd5eeaca', 15),
(481, 'f3146ad1-989d-4f05-95c5-c30c804ea561', 15),
(482, 'dcf612c1-ce71-42bb-ac46-75fa71b8e20a', 15),
(483, '600ce7a2-c154-47ee-9317-1c1c515b3ef2', 15),
(484, '4f24fa60-04b7-4c2f-8829-e02fdd19fb6d', 15),
(485, '42f6a2de-42e2-4ea3-8d54-6faec98c886c', 15),
(486, '816cf283-2c47-4f58-a1c8-7565980eb8b1', 15),
(487, '95081202-a377-434f-bee6-d3abf38aa416', 15),
(488, 'f5f98588-e7a0-4024-86d4-2a348e3e2e34', 15),
(489, '8a1d7ca3-3073-444f-a4ee-d70144512f06', 15),
(490, '78d206d9-4c88-4bbe-9960-f9f138d1db13', 15),
(491, 'ce59b3ce-7178-40ee-b632-13d1dc60027b', 15),
(492, 'a8bb1f15-22f6-428a-a04b-995a315e77e2', 15),
(493, '789c38d8-38d5-4f2e-86a3-b841e008507c', 15),
(494, '36581922-b5cf-4d64-9068-2ade0a8190eb', 15),
(495, '00c47e99-9947-44a6-a88c-e30b6573c42b', 15),
(496, 'd4c85551-d573-4b50-be63-990d9f4d309a', 15),
(497, 'e77737b0-8d9b-459b-bdef-37f235d19a4d', 15),
(498, '736af057-c6c3-47c5-8374-2ab6bb552f97', 15),
(499, 'c4235847-31d0-4fc5-bbf2-9374cee703a1', 15),
(500, 'b14b4c74-8bbf-4eef-ad39-1acc27189185', 15),
(501, '5cd7a7ae-5bc5-40f8-b68b-dcbef168704e', 15),
(502, '20ad7c4c-d135-4ec9-a02a-d8107e212ca4', 15),
(503, '37514a88-3846-4997-aca7-ecfd35ac9411', 15),
(504, 'd3c9c727-138b-41cf-84c2-ce80394eee71', 15),
(505, '9a82b7c1-b189-4705-8bb8-696d3b57e8ba', 15),
(506, '4ab35425-dba6-4100-b0f2-cf0dae57b276', 15),
(507, 'e262a84b-edbf-4437-b7e0-0daa472f499f', 15),
(508, '71453d9c-4589-425b-a4bd-f5904606ca1a', 15),
(509, '2253ceed-729a-4571-b67f-8f986db14c9c', 15),
(510, '2ba71105-c07e-4e36-b724-9269a7539492', 15),
(511, '59326160-0e94-4481-9882-88dd04cc5cfa', 15),
(512, '2794e4ae-64d0-419f-973e-15965170f4bf', 15),
(513, '42a331ff-2a85-4e45-8f3a-99800fd27cd7', 15),
(514, '86d04906-053d-438b-8e0b-ddf0a2b0b9da', 15),
(515, '21858a3c-26b9-4239-89be-33ffef856197', 15),
(516, 'aaf858c4-77f2-4baa-8a27-a1b8e466c56f', 15),
(517, 'ef01ebdd-ebda-471c-b22d-0005af59a032', 15),
(518, 'ce3e26de-06ce-4d7f-beb2-b9eb73853d15', 15),
(519, '534e4050-0907-4aa8-9907-53c7c4f7c34e', 15),
(520, '3fa1163d-9304-4493-bb8a-e63e88b814c3', 15),
(521, 'ffb87c97-8ea0-4898-a518-9e488b91d091', 15),
(522, 'a89a4cd2-ac48-459a-b63b-41d7c62de4b2', 15),
(523, '646d754a-cd3f-4e31-a7cc-e2e8c35ce61a', 15),
(524, '1f7c14ed-c971-4fe5-b29a-447a728b0fe9', 15),
(525, '7935e70a-7e78-47fe-ae11-39e5043edf67', 15),
(526, '684840ef-8099-4354-a146-4596f1bc85f2', 15),
(527, '133076a6-abc4-456a-b3d7-969d71938821', 15),
(528, '1aa53add-321c-4348-9930-937f55f77acc', 15),
(529, '2f00ae5f-e8c4-40d1-970a-79ad22c77fbd', 15),
(530, '31859cdf-2211-4657-9f19-1b42d52c74d6', 15),
(531, 'a5bec1fa-3162-4f44-8b08-573aeca76679', 15),
(532, 'c7b8ea84-0fff-4cb0-a706-2a806c10cc13', 15),
(533, '0ef9c506-c6ad-4e5f-9152-c9397ddb0486', 15),
(534, 'c57046f9-f2dc-4b1a-896c-103e7c945252', 15),
(535, 'e92a02fe-6105-4dd2-911d-c0784006916e', 15),
(536, '9c275318-32b0-4297-b7f0-3f7df811b54b', 15),
(537, 'e5b5bf18-8c4a-47bd-b481-c2e633f941a7', 15),
(538, 'c5a2b219-6d8e-49bb-851b-d5a33fb2f5ce', 15),
(539, '118e7068-e442-4946-9598-b81a540e7945', 15),
(540, 'f53a34e5-1b6e-4a94-af1f-e3c56fc262cf', 15),
(541, '81b88936-b209-43ae-a0f9-129d0d1ce412', 15),
(542, '3c545720-f264-4d25-a6b2-f5e67af9774b', 15),
(543, '3ac896d1-17a1-462a-aff1-5cb4cb5f05ee', 15),
(544, '18f9c244-10df-4ace-b224-579b1fed4a68', 15),
(545, '7bffe07c-d642-4fd7-9ce7-90c62fd1f613', 15),
(546, 'f47b4da0-5917-4a89-824b-d29793e24836', 15),
(547, '7d33e45f-c136-4401-823b-b61943f79ca2', 15),
(548, '340665ac-cf2f-4543-bf2c-8055056e0678', 15),
(549, '3b79b578-a0c4-4687-b9ce-62f1bf9620b9', 15),
(550, 'bdd66ff8-c879-41f8-a0fc-604e4b33ab2d', 15),
(551, '201a9973-fb89-411a-9bdf-71cfd94e3927', 15),
(552, 'e50d8eb2-4440-4ff9-9340-5359c61d3ff6', 15),
(553, 'a2183b30-dc35-4bd9-82fb-94db6fd5adcd', 15),
(554, 'f59c7937-3401-428b-9ae2-a0631da242d5', 15),
(555, 'dadb103e-d983-4230-ac2d-8ce4c5d4a5b8', 15),
(556, '9289b3dc-e961-42e8-ad0d-deb4fc38424d', 15),
(557, '97b78b91-de7f-47dd-9d38-945bbeb9063d', 15),
(558, '65bc3e00-99c8-4f09-b02e-31dc708caf18', 15),
(559, 'a232c5bb-3a7a-492e-a0a0-ad9c441f239d', 15),
(560, '0f2cd690-25ea-4741-a673-58c5f7210a41', 15),
(561, 'a358ab80-4e53-426a-bbea-5e2561f4a6ad', 15),
(562, 'bd56774e-1aa5-47ab-acd9-493e65f8a0fe', 15),
(563, '62debf86-c27d-4f58-8eca-55a97d26d042', 15),
(564, '02548851-a53c-448b-85b3-bce906bd7741', 15),
(565, '541d7400-70b6-4da6-a3e9-fe0ab36c5bde', 15),
(566, 'dae1c5eb-3ff0-4492-aae9-a8642b4ea7a0', 15),
(567, '66c8b36c-3fa8-4a91-b6d0-b1af255e4d98', 15),
(568, 'f674e29c-dc06-4428-a7e8-0122e1e3277c', 15),
(569, '9ec2bd14-4272-4f83-a195-4863e0fb6901', 15),
(570, '1dc87070-8f4a-455f-86ab-43bd8379aa6a', 15),
(571, '496abbe1-a0e8-4c55-b0e3-770bbf96e7f8', 15),
(572, '30b4fb52-1cd5-4e0b-bd09-3ca89997f942', 15),
(573, '399b3ae5-b39a-42ef-88b7-7847de17399c', 15),
(574, 'c5407390-c1bb-4c07-9fe4-9faf996f0be7', 15),
(575, 'd8115bd0-fabc-4d67-8da9-d47bb3a80dc0', 15),
(576, '6e3aa0a3-f7bb-4819-bf7e-bd35ca30cd0c', 15),
(577, '50069760-08c5-497d-93d4-416c00082d0f', 15),
(578, '360ba522-57cf-41ec-b08b-bbf5468412b6', 15),
(579, 'a93cf131-8ebf-48d9-8616-cddd95171489', 15),
(580, '33a2ed52-adf8-466b-817c-80e96ac2995a', 15),
(581, '6d5e70c2-8825-4d53-ae23-df7cc614dc77', 15),
(582, 'ba7066fd-8b09-4060-9e7e-001db2b006c6', 15),
(583, 'ef337202-bbc8-48b9-a199-1a47f6d5efd3', 15),
(584, '29b7f625-14e0-4eda-a153-07050741b978', 15),
(585, '848f9fd3-0d5c-4908-83fd-2b96d5140c27', 15),
(586, 'cfa498f8-3477-4cb8-bf2e-59495f79e600', 15),
(587, '40b23808-4986-42a4-b77f-a38acaa46016', 15),
(588, 'f591ce8f-3a08-42fd-a83a-c79edab9d89d', 15),
(589, '7d29c356-18ce-4665-a6fe-a34a3d8b8b09', 15),
(590, 'f23a76bf-1147-4c24-81bf-6ec72319a627', 15),
(591, '6e14cac6-6644-4409-977e-0c44f7712af4', 15),
(592, 'cfd296c3-e4af-4e89-9ea7-1c877b5485fd', 15),
(593, 'c975baf4-ce2a-4f71-b6a1-649b875e9b34', 15),
(594, 'd512b420-717c-4252-8651-cd9d37c040e7', 15),
(595, 'c4285019-4535-4238-9570-b53ac36cbc34', 15),
(596, 'f5c9373f-e5fd-4222-aab7-37e7fe5d8d70', 15),
(597, 'e9bdff8a-ac70-4ce0-a092-ced8a01b5fcd', 15),
(598, '4882fec3-b4fd-4616-ad29-a0a080532f0c', 15),
(599, '46617efc-9173-4090-bdf1-03b5b09f04bf', 15),
(600, 'cdcbbc1f-f54b-4992-a59a-c5c2046fd979', 15),
(601, 'fa0ecac3-2f24-4f55-ba73-cad28844b13e', 15),
(602, 'b25b4820-3e76-41f5-a4cd-51249071ee9e', 15),
(603, '9d5dd4e7-804f-4d3d-aff1-cc2cd8ae67c7', 15),
(604, '5dc6fd23-cfbd-4f6d-b4e6-d93a82c1afa1', 15),
(605, '5b18c0ef-d142-4a03-9cfb-4f35a484dc4e', 15),
(606, 'c455f146-f556-4e81-bd4c-fc4f3250a5c5', 15),
(607, '27617b2a-3016-4b11-ba9d-7ad03d326ebe', 15),
(608, '2af61d96-8c34-4efa-9ed8-b23c2f966c7a', 15),
(609, '297852ab-c492-4cfd-82ea-6bf1228cfc63', 15),
(610, '73b7b837-9c64-4ca4-b0ba-392d06fb5afd', 15),
(611, '1d2544e0-6410-461f-b95d-9540c9f3fe05', 15),
(612, '4e59f30f-6ed9-4019-9a2c-a166dd31d46e', 15),
(613, '9771b305-5535-44c4-b83a-ea674ccb71a5', 15),
(614, 'cc27c824-e427-4629-9b2f-3e4208c32c2b', 15),
(615, '5b36dd38-9353-451a-ad23-479c253bdb7f', 15),
(616, 'db422bdd-c44c-4e1e-9cf9-6a96148b739f', 15),
(617, 'a433348f-eb75-41b1-ad6c-edfc2db56c79', 15),
(618, '0c60ec1c-ae36-44bb-867f-9c6b3fce2eb4', 15),
(619, '3d618729-d694-4f6b-bf5b-c83900d8f65f', 15),
(620, '42a4171a-d416-4d18-aa43-f8c0ff0a3c19', 15),
(621, '0b2a15ac-8f87-4997-9de2-6bd970a141ab', 15),
(622, '0258f117-ab0f-428d-9efc-9703c900a2d4', 15),
(623, 'b7712cf7-c5ab-4c3f-9b34-d7109d621f34', 15),
(624, 'da844c78-644a-43fc-bf0a-bcb3620c1306', 15),
(625, 'cc60eeb2-f850-4502-8612-8263d0d22070', 15),
(626, 'c4255288-bdfa-4db4-adb2-1af9a19067fd', 15),
(627, '9c674797-261b-461f-a3c6-9ac2f06ae8d2', 15),
(628, '4d3a58a4-6fcc-4a3e-a85e-77a167626084', 15),
(629, 'd77282de-1eed-4b69-9ea5-b772759906a7', 15),
(630, 'bd56bb37-3abc-471a-b0d6-54aab686a36a', 15),
(631, '97583d16-550c-4afe-affb-200b305c3aa9', 15),
(632, 'f99054c9-6545-4744-bff5-8989941c9168', 15),
(633, 'c92d2256-40c7-436d-b707-197d6e41d1ed', 15),
(634, 'f7e1521f-baf1-4518-94cf-0b96ea97ad5a', 15),
(635, '9a6f45a1-d426-45be-879d-9d6aab01d27c', 15),
(636, '585e211e-c18a-44cb-9e36-722d39673984', 15),
(637, '49f5a410-4e62-4b6f-8187-ab43850cc180', 15),
(638, '61f8bb67-f46a-4248-9c17-4af05804b9a4', 15),
(639, '62f4f5b8-4e9e-4d6c-a3d0-11509c2c3b2a', 15),
(640, '409329e9-2404-4224-8ad1-2a4684b5c789', 15),
(641, '6caa97ab-7ca8-4379-89c3-da0a2d3386bf', 15),
(642, 'abc5cb1d-bee0-4376-aac3-c9294e5b1dca', 15),
(643, '7dfbe131-6b42-4175-bc2a-30f7db243a52', 15),
(644, 'a2a4cda4-1548-4f74-95b2-bbec18e3940c', 15),
(645, '41fe33f7-0fcc-402c-983a-2302cb5b2b84', 15),
(646, '4d18b578-2b49-4511-898f-50c53bf1ae8e', 15),
(647, '8dcc4b4f-5f4b-4f67-87fd-1584673ebeba', 15),
(648, '9d49c597-58c7-4edf-bc12-e0989ff12a0a', 15),
(649, '51a4d03d-5485-4d0f-9614-3444faac1ad8', 15),
(650, '6b821dff-bd5d-465e-b3f7-33673b56b025', 15),
(651, '561993db-7832-404c-a4e3-8180b217923b', 15),
(652, '4dc1f582-4fdf-4379-948d-9b92cf148fde', 15),
(653, 'a5af1583-d59c-4f21-97ce-6f2ddc645a3b', 15),
(654, '74a8090c-89e9-460c-a008-a226447dad62', 15),
(655, '2e44d76e-0b1b-4d5e-b877-7324a65f59a7', 15),
(656, '9024bad6-bd44-4c81-92fa-1a5533e463e0', 15),
(657, '07a595c1-2df8-4676-b4c6-b6c723c2b733', 15),
(658, '948688a8-c59f-4d7b-a495-9e6fdc50912f', 15),
(659, '816e8bb8-2237-4f8b-aa8c-f8a7932f59c2', 15),
(660, 'de3ac7c9-a3dd-4c60-8da9-4f8f8d2957a0', 15),
(661, '480c4a08-3900-4c18-a87d-7d13ef9625ac', 15),
(662, '9c60d352-32ac-4730-a9ff-0b8ccce40e56', 15),
(663, '017f922e-7a24-45d6-8942-88e8a5ed65f7', 15),
(664, '19f3d024-1a18-4828-9f6e-57c61599660b', 15),
(665, '075e6adb-c9c5-4620-80f7-ce4aadd2bc51', 15),
(666, '0adde757-20ab-4885-a0a6-a6c5a7df85d6', 15),
(667, '4cb35ff4-d380-4840-b210-50ca4b251f8b', 15),
(668, '2e99028c-cc0c-4295-ace6-3e5e28711884', 15),
(669, '2e7cc81a-c580-4c51-9f16-23e0fe8b38a5', 15),
(670, '330c6c01-f3ab-4f5a-b818-79c9314f5f23', 15),
(671, '86c4852f-12ae-4e94-aa49-0cce0d5d7bbb', 15),
(672, 'a97adcd8-8583-48a3-8a2b-f37bc432b66e', 15),
(673, '51d7946a-1aa1-4a3f-a4a1-c8a14a9e54bb', 15),
(674, 'cdc162cd-501d-43b6-a6c8-cc23f15d9720', 15),
(675, '8f3f9992-318c-4038-922e-1b22c2ac9f73', 15),
(676, '486eab69-9aac-4311-97bd-4cf860a646ab', 15),
(677, '5a6788de-bd7c-4047-b33e-2556ab2ee8b8', 15),
(678, 'c9635f01-53a1-4736-8e07-027cf03541a9', 15),
(679, 'db5a151f-a43b-4ac3-98f4-7f6f264f8086', 15),
(680, '48bb12d3-68a7-4c38-90e4-bc68e2c0235a', 15),
(682, '14a71667-71f0-4805-9df9-6cc90eaaa2db', 18),
(683, 'c975eb43-957b-48b2-8ccb-f72b93d890e6', 18),
(684, 'cabff428-0e49-42c8-a0f9-7e7f1218e7c5', 18),
(685, '71858578-ea28-481f-9e2f-c6925f15e6da', 18),
(686, '937f7af1-55a1-4ecd-a439-364613c75833', 18),
(687, '9b94969d-14e5-4202-8802-9f3520e8f707', 18),
(688, '5da9307f-522c-4254-93ca-cba73c8e618e', 18),
(689, '81b90741-2d3f-4b5d-9f3f-36140df648ae', 18),
(690, 'cfb645f9-7394-4c24-a38a-6305dd5eeaca', 18),
(691, 'f3146ad1-989d-4f05-95c5-c30c804ea561', 18),
(692, 'dcf612c1-ce71-42bb-ac46-75fa71b8e20a', 18),
(693, '600ce7a2-c154-47ee-9317-1c1c515b3ef2', 18),
(694, '4f24fa60-04b7-4c2f-8829-e02fdd19fb6d', 18),
(695, '42f6a2de-42e2-4ea3-8d54-6faec98c886c', 18),
(696, '816cf283-2c47-4f58-a1c8-7565980eb8b1', 18),
(697, '95081202-a377-434f-bee6-d3abf38aa416', 18),
(698, 'f5f98588-e7a0-4024-86d4-2a348e3e2e34', 18),
(699, '8a1d7ca3-3073-444f-a4ee-d70144512f06', 18),
(700, '78d206d9-4c88-4bbe-9960-f9f138d1db13', 18),
(701, 'ce59b3ce-7178-40ee-b632-13d1dc60027b', 18),
(702, 'a8bb1f15-22f6-428a-a04b-995a315e77e2', 18),
(703, '789c38d8-38d5-4f2e-86a3-b841e008507c', 18),
(704, '36581922-b5cf-4d64-9068-2ade0a8190eb', 18),
(705, '00c47e99-9947-44a6-a88c-e30b6573c42b', 18),
(706, 'd4c85551-d573-4b50-be63-990d9f4d309a', 18),
(707, 'e77737b0-8d9b-459b-bdef-37f235d19a4d', 18),
(708, '736af057-c6c3-47c5-8374-2ab6bb552f97', 18),
(709, 'c4235847-31d0-4fc5-bbf2-9374cee703a1', 18),
(710, 'b14b4c74-8bbf-4eef-ad39-1acc27189185', 18),
(711, '5cd7a7ae-5bc5-40f8-b68b-dcbef168704e', 18),
(712, '20ad7c4c-d135-4ec9-a02a-d8107e212ca4', 18),
(713, '37514a88-3846-4997-aca7-ecfd35ac9411', 18),
(714, 'd3c9c727-138b-41cf-84c2-ce80394eee71', 18),
(715, '9a82b7c1-b189-4705-8bb8-696d3b57e8ba', 18),
(716, '4ab35425-dba6-4100-b0f2-cf0dae57b276', 18),
(717, 'e262a84b-edbf-4437-b7e0-0daa472f499f', 18),
(718, '71453d9c-4589-425b-a4bd-f5904606ca1a', 18),
(719, '2253ceed-729a-4571-b67f-8f986db14c9c', 18),
(720, '2ba71105-c07e-4e36-b724-9269a7539492', 18),
(721, '59326160-0e94-4481-9882-88dd04cc5cfa', 18),
(722, '2794e4ae-64d0-419f-973e-15965170f4bf', 18),
(723, '42a331ff-2a85-4e45-8f3a-99800fd27cd7', 18),
(724, '86d04906-053d-438b-8e0b-ddf0a2b0b9da', 18),
(725, '21858a3c-26b9-4239-89be-33ffef856197', 18),
(726, 'aaf858c4-77f2-4baa-8a27-a1b8e466c56f', 18),
(727, 'ef01ebdd-ebda-471c-b22d-0005af59a032', 18),
(728, 'ce3e26de-06ce-4d7f-beb2-b9eb73853d15', 18),
(729, '534e4050-0907-4aa8-9907-53c7c4f7c34e', 18),
(730, '3fa1163d-9304-4493-bb8a-e63e88b814c3', 18),
(731, 'ffb87c97-8ea0-4898-a518-9e488b91d091', 18),
(732, 'a89a4cd2-ac48-459a-b63b-41d7c62de4b2', 18),
(733, '646d754a-cd3f-4e31-a7cc-e2e8c35ce61a', 18),
(734, '1f7c14ed-c971-4fe5-b29a-447a728b0fe9', 18),
(735, 'eeef3815-11de-4a4a-a6ac-8619b4e9b4ca', 18),
(736, '7935e70a-7e78-47fe-ae11-39e5043edf67', 18),
(737, '684840ef-8099-4354-a146-4596f1bc85f2', 18),
(738, '133076a6-abc4-456a-b3d7-969d71938821', 18),
(739, '1aa53add-321c-4348-9930-937f55f77acc', 18),
(740, '2f00ae5f-e8c4-40d1-970a-79ad22c77fbd', 18),
(741, '31859cdf-2211-4657-9f19-1b42d52c74d6', 18),
(742, 'a5bec1fa-3162-4f44-8b08-573aeca76679', 18),
(743, 'c7b8ea84-0fff-4cb0-a706-2a806c10cc13', 18),
(744, '0ef9c506-c6ad-4e5f-9152-c9397ddb0486', 18),
(745, 'c57046f9-f2dc-4b1a-896c-103e7c945252', 18),
(746, 'e92a02fe-6105-4dd2-911d-c0784006916e', 18),
(747, '9c275318-32b0-4297-b7f0-3f7df811b54b', 18),
(748, 'e5b5bf18-8c4a-47bd-b481-c2e633f941a7', 18),
(749, 'c5a2b219-6d8e-49bb-851b-d5a33fb2f5ce', 18),
(750, '118e7068-e442-4946-9598-b81a540e7945', 18),
(751, 'f53a34e5-1b6e-4a94-af1f-e3c56fc262cf', 18),
(752, '81b88936-b209-43ae-a0f9-129d0d1ce412', 18),
(753, '3c545720-f264-4d25-a6b2-f5e67af9774b', 18),
(754, '3ac896d1-17a1-462a-aff1-5cb4cb5f05ee', 18),
(755, '18f9c244-10df-4ace-b224-579b1fed4a68', 18),
(756, '7bffe07c-d642-4fd7-9ce7-90c62fd1f613', 18),
(757, 'f47b4da0-5917-4a89-824b-d29793e24836', 18),
(758, '7d33e45f-c136-4401-823b-b61943f79ca2', 18),
(759, '340665ac-cf2f-4543-bf2c-8055056e0678', 18),
(760, '3b79b578-a0c4-4687-b9ce-62f1bf9620b9', 18),
(761, 'bdd66ff8-c879-41f8-a0fc-604e4b33ab2d', 18),
(762, '201a9973-fb89-411a-9bdf-71cfd94e3927', 18),
(763, 'e50d8eb2-4440-4ff9-9340-5359c61d3ff6', 18),
(764, 'a2183b30-dc35-4bd9-82fb-94db6fd5adcd', 18),
(765, 'f59c7937-3401-428b-9ae2-a0631da242d5', 18),
(766, 'dadb103e-d983-4230-ac2d-8ce4c5d4a5b8', 18),
(767, '9289b3dc-e961-42e8-ad0d-deb4fc38424d', 18),
(768, '97b78b91-de7f-47dd-9d38-945bbeb9063d', 18),
(769, '65bc3e00-99c8-4f09-b02e-31dc708caf18', 18),
(770, 'a232c5bb-3a7a-492e-a0a0-ad9c441f239d', 18),
(771, '0f2cd690-25ea-4741-a673-58c5f7210a41', 18),
(772, 'a358ab80-4e53-426a-bbea-5e2561f4a6ad', 18),
(773, 'bd56774e-1aa5-47ab-acd9-493e65f8a0fe', 18),
(774, '62debf86-c27d-4f58-8eca-55a97d26d042', 18),
(775, '02548851-a53c-448b-85b3-bce906bd7741', 18),
(776, '541d7400-70b6-4da6-a3e9-fe0ab36c5bde', 18),
(777, 'dae1c5eb-3ff0-4492-aae9-a8642b4ea7a0', 18),
(778, '66c8b36c-3fa8-4a91-b6d0-b1af255e4d98', 18),
(779, 'f674e29c-dc06-4428-a7e8-0122e1e3277c', 18),
(780, '9ec2bd14-4272-4f83-a195-4863e0fb6901', 18),
(781, '1dc87070-8f4a-455f-86ab-43bd8379aa6a', 18),
(782, '496abbe1-a0e8-4c55-b0e3-770bbf96e7f8', 18),
(783, '30b4fb52-1cd5-4e0b-bd09-3ca89997f942', 18),
(784, '399b3ae5-b39a-42ef-88b7-7847de17399c', 18),
(785, 'c5407390-c1bb-4c07-9fe4-9faf996f0be7', 18),
(786, 'd8115bd0-fabc-4d67-8da9-d47bb3a80dc0', 18),
(787, '6e3aa0a3-f7bb-4819-bf7e-bd35ca30cd0c', 18),
(788, '50069760-08c5-497d-93d4-416c00082d0f', 18),
(789, '360ba522-57cf-41ec-b08b-bbf5468412b6', 18),
(790, 'a93cf131-8ebf-48d9-8616-cddd95171489', 18),
(791, '33a2ed52-adf8-466b-817c-80e96ac2995a', 18),
(792, '6d5e70c2-8825-4d53-ae23-df7cc614dc77', 18),
(793, 'ba7066fd-8b09-4060-9e7e-001db2b006c6', 18),
(794, 'ef337202-bbc8-48b9-a199-1a47f6d5efd3', 18),
(795, '29b7f625-14e0-4eda-a153-07050741b978', 18),
(796, '848f9fd3-0d5c-4908-83fd-2b96d5140c27', 18),
(797, 'cfa498f8-3477-4cb8-bf2e-59495f79e600', 18),
(798, '40b23808-4986-42a4-b77f-a38acaa46016', 18),
(799, 'f591ce8f-3a08-42fd-a83a-c79edab9d89d', 18),
(800, '7d29c356-18ce-4665-a6fe-a34a3d8b8b09', 18),
(801, 'f23a76bf-1147-4c24-81bf-6ec72319a627', 18),
(802, '6e14cac6-6644-4409-977e-0c44f7712af4', 18),
(803, 'cfd296c3-e4af-4e89-9ea7-1c877b5485fd', 18),
(804, 'c975baf4-ce2a-4f71-b6a1-649b875e9b34', 18),
(805, 'd512b420-717c-4252-8651-cd9d37c040e7', 18),
(806, 'c4285019-4535-4238-9570-b53ac36cbc34', 18),
(807, 'f5c9373f-e5fd-4222-aab7-37e7fe5d8d70', 18),
(808, 'e9bdff8a-ac70-4ce0-a092-ced8a01b5fcd', 18),
(809, '4882fec3-b4fd-4616-ad29-a0a080532f0c', 18),
(810, '46617efc-9173-4090-bdf1-03b5b09f04bf', 18),
(811, 'cdcbbc1f-f54b-4992-a59a-c5c2046fd979', 18),
(812, 'fa0ecac3-2f24-4f55-ba73-cad28844b13e', 18),
(813, 'b25b4820-3e76-41f5-a4cd-51249071ee9e', 18),
(814, '9d5dd4e7-804f-4d3d-aff1-cc2cd8ae67c7', 18),
(815, '5dc6fd23-cfbd-4f6d-b4e6-d93a82c1afa1', 18),
(816, '5b18c0ef-d142-4a03-9cfb-4f35a484dc4e', 18),
(817, 'c455f146-f556-4e81-bd4c-fc4f3250a5c5', 18),
(818, '27617b2a-3016-4b11-ba9d-7ad03d326ebe', 18),
(819, '2af61d96-8c34-4efa-9ed8-b23c2f966c7a', 18),
(820, '297852ab-c492-4cfd-82ea-6bf1228cfc63', 18),
(821, '73b7b837-9c64-4ca4-b0ba-392d06fb5afd', 18),
(822, '1d2544e0-6410-461f-b95d-9540c9f3fe05', 18),
(823, '4e59f30f-6ed9-4019-9a2c-a166dd31d46e', 18),
(824, '9771b305-5535-44c4-b83a-ea674ccb71a5', 18),
(825, 'cc27c824-e427-4629-9b2f-3e4208c32c2b', 18),
(826, '5b36dd38-9353-451a-ad23-479c253bdb7f', 18),
(827, 'db422bdd-c44c-4e1e-9cf9-6a96148b739f', 18),
(828, 'a433348f-eb75-41b1-ad6c-edfc2db56c79', 18),
(829, '0c60ec1c-ae36-44bb-867f-9c6b3fce2eb4', 18),
(830, '3d618729-d694-4f6b-bf5b-c83900d8f65f', 18),
(831, '42a4171a-d416-4d18-aa43-f8c0ff0a3c19', 18),
(832, '0b2a15ac-8f87-4997-9de2-6bd970a141ab', 18),
(833, '0258f117-ab0f-428d-9efc-9703c900a2d4', 18),
(834, 'b7712cf7-c5ab-4c3f-9b34-d7109d621f34', 18),
(835, 'da844c78-644a-43fc-bf0a-bcb3620c1306', 18),
(836, 'cc60eeb2-f850-4502-8612-8263d0d22070', 18),
(837, 'c4255288-bdfa-4db4-adb2-1af9a19067fd', 18),
(838, '9c674797-261b-461f-a3c6-9ac2f06ae8d2', 18),
(839, '4d3a58a4-6fcc-4a3e-a85e-77a167626084', 18),
(840, 'd77282de-1eed-4b69-9ea5-b772759906a7', 18),
(841, 'bd56bb37-3abc-471a-b0d6-54aab686a36a', 18),
(842, '97583d16-550c-4afe-affb-200b305c3aa9', 18),
(843, 'f99054c9-6545-4744-bff5-8989941c9168', 18),
(844, 'c92d2256-40c7-436d-b707-197d6e41d1ed', 18),
(845, 'f7e1521f-baf1-4518-94cf-0b96ea97ad5a', 18),
(846, '9a6f45a1-d426-45be-879d-9d6aab01d27c', 18),
(847, '585e211e-c18a-44cb-9e36-722d39673984', 18),
(848, '49f5a410-4e62-4b6f-8187-ab43850cc180', 18),
(849, '61f8bb67-f46a-4248-9c17-4af05804b9a4', 18),
(850, '62f4f5b8-4e9e-4d6c-a3d0-11509c2c3b2a', 18),
(851, '409329e9-2404-4224-8ad1-2a4684b5c789', 18),
(852, '6caa97ab-7ca8-4379-89c3-da0a2d3386bf', 18),
(853, 'abc5cb1d-bee0-4376-aac3-c9294e5b1dca', 18),
(854, '7dfbe131-6b42-4175-bc2a-30f7db243a52', 18),
(855, 'a2a4cda4-1548-4f74-95b2-bbec18e3940c', 18),
(856, '41fe33f7-0fcc-402c-983a-2302cb5b2b84', 18),
(857, '4d18b578-2b49-4511-898f-50c53bf1ae8e', 18),
(858, '8dcc4b4f-5f4b-4f67-87fd-1584673ebeba', 18),
(859, '9d49c597-58c7-4edf-bc12-e0989ff12a0a', 18),
(860, '51a4d03d-5485-4d0f-9614-3444faac1ad8', 18),
(861, '6b821dff-bd5d-465e-b3f7-33673b56b025', 18),
(862, '561993db-7832-404c-a4e3-8180b217923b', 18),
(863, '4dc1f582-4fdf-4379-948d-9b92cf148fde', 18),
(864, 'a5af1583-d59c-4f21-97ce-6f2ddc645a3b', 18),
(865, '74a8090c-89e9-460c-a008-a226447dad62', 18),
(866, '2e44d76e-0b1b-4d5e-b877-7324a65f59a7', 18),
(867, '9024bad6-bd44-4c81-92fa-1a5533e463e0', 18),
(868, '07a595c1-2df8-4676-b4c6-b6c723c2b733', 18),
(869, '948688a8-c59f-4d7b-a495-9e6fdc50912f', 18),
(870, '816e8bb8-2237-4f8b-aa8c-f8a7932f59c2', 18),
(871, 'de3ac7c9-a3dd-4c60-8da9-4f8f8d2957a0', 18),
(872, '480c4a08-3900-4c18-a87d-7d13ef9625ac', 18),
(873, '9c60d352-32ac-4730-a9ff-0b8ccce40e56', 18),
(874, '017f922e-7a24-45d6-8942-88e8a5ed65f7', 18),
(875, '19f3d024-1a18-4828-9f6e-57c61599660b', 18),
(876, '075e6adb-c9c5-4620-80f7-ce4aadd2bc51', 18),
(877, '0adde757-20ab-4885-a0a6-a6c5a7df85d6', 18),
(878, '4cb35ff4-d380-4840-b210-50ca4b251f8b', 18),
(879, '2e99028c-cc0c-4295-ace6-3e5e28711884', 18),
(880, '2e7cc81a-c580-4c51-9f16-23e0fe8b38a5', 18),
(881, '330c6c01-f3ab-4f5a-b818-79c9314f5f23', 18),
(882, '86c4852f-12ae-4e94-aa49-0cce0d5d7bbb', 18),
(883, 'a97adcd8-8583-48a3-8a2b-f37bc432b66e', 18),
(884, '51d7946a-1aa1-4a3f-a4a1-c8a14a9e54bb', 18),
(885, 'cdc162cd-501d-43b6-a6c8-cc23f15d9720', 18),
(886, '8f3f9992-318c-4038-922e-1b22c2ac9f73', 18),
(887, '486eab69-9aac-4311-97bd-4cf860a646ab', 18),
(888, '5a6788de-bd7c-4047-b33e-2556ab2ee8b8', 18),
(889, 'c9635f01-53a1-4736-8e07-027cf03541a9', 18),
(890, 'db5a151f-a43b-4ac3-98f4-7f6f264f8086', 18),
(891, '48bb12d3-68a7-4c38-90e4-bc68e2c0235a', 18),
(893, '69abe0de-7812-41bd-9124-6a7238aee7d1', 14),
(895, '4cf5f84c-4c34-4e4b-ba1c-81bb773f7f14', 10),
(902, '69abe0de-7812-41bd-9124-6a7238aee7d1', 21),
(903, '69abe0de-7812-41bd-9124-6a7238aee7d1', 26);

--
-- Indexes for dumped tables
--

--
-- Indexes for table `global_branch_office`
--
ALTER TABLE `global_branch_office`
  ADD PRIMARY KEY (`relative`),
  ADD UNIQUE KEY `global_branch_office.relative` (`relative`);

--
-- Indexes for table `global_catalog_items`
--
ALTER TABLE `global_catalog_items`
  ADD PRIMARY KEY (`id`),
  ADD KEY `value` (`value`);

--
-- Indexes for table `global_cities`
--
ALTER TABLE `global_cities`
  ADD PRIMARY KEY (`id`),
  ADD KEY `cities_test_ibfk_1` (`state_id`),
  ADD KEY `cities_test_ibfk_2` (`country_id`);

--
-- Indexes for table `global_configuration`
--
ALTER TABLE `global_configuration`
  ADD PRIMARY KEY (`relative`),
  ADD UNIQUE KEY `global_configuration.relative` (`relative`);

--
-- Indexes for table `global_countries`
--
ALTER TABLE `global_countries`
  ADD PRIMARY KEY (`id`);

--
-- Indexes for table `global_currency`
--
ALTER TABLE `global_currency`
  ADD PRIMARY KEY (`id`);

--
-- Indexes for table `global_dosage`
--
ALTER TABLE `global_dosage`
  ADD PRIMARY KEY (`id`);

--
-- Indexes for table `global_exchange_rate`
--
ALTER TABLE `global_exchange_rate`
  ADD PRIMARY KEY (`id`);

--
-- Indexes for table `global_history`
--
ALTER TABLE `global_history`
  ADD PRIMARY KEY (`id`);

--
-- Indexes for table `global_holidays`
--
ALTER TABLE `global_holidays`
  ADD PRIMARY KEY (`id`);

--
-- Indexes for table `global_license_server`
--
ALTER TABLE `global_license_server`
  ADD PRIMARY KEY (`id`);

--
-- Indexes for table `global_person`
--
ALTER TABLE `global_person`
  ADD PRIMARY KEY (`id`);

--
-- Indexes for table `global_rol`
--
ALTER TABLE `global_rol`
  ADD PRIMARY KEY (`id`);

--
-- Indexes for table `global_rol_perm`
--
ALTER TABLE `global_rol_perm`
  ADD PRIMARY KEY (`id`);

--
-- Indexes for table `global_system`
--
ALTER TABLE `global_system`
  ADD PRIMARY KEY (`id`);

--
-- Indexes for table `global_system_behavior`
--
ALTER TABLE `global_system_behavior`
  ADD PRIMARY KEY (`id`);

--
-- Indexes for table `global_ufv`
--
ALTER TABLE `global_ufv`
  ADD PRIMARY KEY (`id`);

--
-- Indexes for table `global_users`
--
ALTER TABLE `global_users`
  ADD PRIMARY KEY (`id`),
  ADD UNIQUE KEY `email` (`email`),
  ADD UNIQUE KEY `sid` (`sid`);

--
-- Indexes for table `global_users_passwords`
--
ALTER TABLE `global_users_passwords`
  ADD PRIMARY KEY (`id`);

--
-- Indexes for table `global_users_rol`
--
ALTER TABLE `global_users_rol`
  ADD PRIMARY KEY (`id`);

--
-- AUTO_INCREMENT for dumped tables
--

--
-- AUTO_INCREMENT for table `global_catalog_items`
--
ALTER TABLE `global_catalog_items`
  MODIFY `id` int NOT NULL AUTO_INCREMENT, AUTO_INCREMENT=329;

--
-- AUTO_INCREMENT for table `global_cities`
--
ALTER TABLE `global_cities`
  MODIFY `id` mediumint UNSIGNED NOT NULL AUTO_INCREMENT, AUTO_INCREMENT=146133;

--
-- AUTO_INCREMENT for table `global_countries`
--
ALTER TABLE `global_countries`
  MODIFY `id` mediumint UNSIGNED NOT NULL AUTO_INCREMENT, AUTO_INCREMENT=249;

--
-- AUTO_INCREMENT for table `global_currency`
--
ALTER TABLE `global_currency`
  MODIFY `id` int NOT NULL AUTO_INCREMENT, AUTO_INCREMENT=6;

--
-- AUTO_INCREMENT for table `global_dosage`
--
ALTER TABLE `global_dosage`
  MODIFY `id` int NOT NULL AUTO_INCREMENT, AUTO_INCREMENT=3;

--
-- AUTO_INCREMENT for table `global_exchange_rate`
--
ALTER TABLE `global_exchange_rate`
  MODIFY `id` int NOT NULL AUTO_INCREMENT, AUTO_INCREMENT=4;

--
-- AUTO_INCREMENT for table `global_history`
--
ALTER TABLE `global_history`
  MODIFY `id` int NOT NULL AUTO_INCREMENT, AUTO_INCREMENT=3;

--
-- AUTO_INCREMENT for table `global_holidays`
--
ALTER TABLE `global_holidays`
  MODIFY `id` int NOT NULL AUTO_INCREMENT, AUTO_INCREMENT=24;

--
-- AUTO_INCREMENT for table `global_license_server`
--
ALTER TABLE `global_license_server`
  MODIFY `id` smallint NOT NULL AUTO_INCREMENT, AUTO_INCREMENT=16;

--
-- AUTO_INCREMENT for table `global_person`
--
ALTER TABLE `global_person`
  MODIFY `id` int NOT NULL AUTO_INCREMENT, AUTO_INCREMENT=221;

--
-- AUTO_INCREMENT for table `global_rol`
--
ALTER TABLE `global_rol`
  MODIFY `id` int NOT NULL AUTO_INCREMENT, AUTO_INCREMENT=28;

--
-- AUTO_INCREMENT for table `global_rol_perm`
--
ALTER TABLE `global_rol_perm`
  MODIFY `id` int NOT NULL AUTO_INCREMENT, AUTO_INCREMENT=16;

--
-- AUTO_INCREMENT for table `global_system`
--
ALTER TABLE `global_system`
  MODIFY `id` int NOT NULL AUTO_INCREMENT, AUTO_INCREMENT=17;

--
-- AUTO_INCREMENT for table `global_system_behavior`
--
ALTER TABLE `global_system_behavior`
  MODIFY `id` int NOT NULL AUTO_INCREMENT;

--
-- AUTO_INCREMENT for table `global_ufv`
--
ALTER TABLE `global_ufv`
  MODIFY `id` int NOT NULL AUTO_INCREMENT, AUTO_INCREMENT=4;

--
-- AUTO_INCREMENT for table `global_users`
--
ALTER TABLE `global_users`
  MODIFY `id` bigint NOT NULL AUTO_INCREMENT, AUTO_INCREMENT=220;

--
-- AUTO_INCREMENT for table `global_users_passwords`
--
ALTER TABLE `global_users_passwords`
  MODIFY `id` int NOT NULL AUTO_INCREMENT, AUTO_INCREMENT=219;

--
-- AUTO_INCREMENT for table `global_users_rol`
--
ALTER TABLE `global_users_rol`
  MODIFY `id` int NOT NULL AUTO_INCREMENT, AUTO_INCREMENT=904;
COMMIT;

