-- phpMyAdmin SQL Dump
-- version 5.1.4deb1+focal1
-- https://www.phpmyadmin.net/
--
-- Servidor: localhost:3306
-- Tiempo de generación: 16-12-2022 a las 09:37:13
-- Versión del servidor: 8.0.31-0ubuntu0.20.04.2
-- Versión de PHP: 7.4.3

SET SQL_MODE = "NO_AUTO_VALUE_ON_ZERO";
START TRANSACTION;
SET time_zone = "+00:00";


CREATE TABLE `dna_catalog_items` (
  `id` int NOT NULL,
  `catalogs_id` int NOT NULL,
  `users_sid` varchar(50) NOT NULL,
  `global_branch_office_id` varchar(50) NOT NULL COMMENT 'related to branch office',
  `value` int NOT NULL,
  `label` varchar(250) NOT NULL,
  `lang` varchar(5) NOT NULL,
  `orden` int DEFAULT NULL,
  `catalog_code` varchar(50) NOT NULL,
  `catalog_code_dep` varchar(50) NOT NULL,
  `catalog_id_dep` int NOT NULL,
  `description` varchar(512) NOT NULL,
  `svg_image` varchar(150) DEFAULT NULL,
  `status` varchar(2) NOT NULL DEFAULT 'A',
  `created_at` datetime NOT NULL DEFAULT CURRENT_TIMESTAMP,
  `updated_at` datetime NOT NULL DEFAULT CURRENT_TIMESTAMP
) ENGINE=InnoDB DEFAULT CHARSET=utf8mb3;

--
-- Volcado de datos para la tabla `dna_catalog_items`
--

INSERT INTO `dna_catalog_items` (`id`, `catalogs_id`, `users_sid`, `global_branch_office_id`, `value`, `label`, `lang`, `orden`, `catalog_code`, `catalog_code_dep`, `catalog_id_dep`, `description`, `svg_image`, `status`, `created_at`, `updated_at`) VALUES
(1, 1, '69abe0de-7812-41bd-9124-6a7238aee7d1', '69abe0de-7812-41bd-9124-6a7238aee7d1', 1, 'MADRE', 'es', NULL, 'PARENTEZCO', '0', 0, 'MADRE', NULL, 'A', '2022-12-01 06:56:49', '2022-12-01 06:56:49'),
(2, 1, '69abe0de-7812-41bd-9124-6a7238aee7d1', '69abe0de-7812-41bd-9124-6a7238aee7d1', 2, 'PADRE', 'es', NULL, 'PARENTEZCO', '0', 0, 'PADRE', NULL, 'A', '2022-12-01 06:56:55', '2022-12-01 06:56:55'),
(3, 1, '69abe0de-7812-41bd-9124-6a7238aee7d1', '69abe0de-7812-41bd-9124-6a7238aee7d1', 3, 'ABUELA(O)', 'es', NULL, 'PARENTEZCO', '0', 0, 'ABUELA(O)', NULL, 'A', '2022-12-01 06:57:10', '2022-12-01 06:57:10'),
(4, 1, '69abe0de-7812-41bd-9124-6a7238aee7d1', '69abe0de-7812-41bd-9124-6a7238aee7d1', 4, 'TIA(O)', 'es', NULL, 'PARENTEZCO', '0', 0, 'TIA(O)', NULL, 'A', '2022-12-01 06:57:21', '2022-12-01 06:57:21'),
(5, 1, '69abe0de-7812-41bd-9124-6a7238aee7d1', '69abe0de-7812-41bd-9124-6a7238aee7d1', 1, 'ASISTENCIA FAMILIAR', 'es', NULL, 'TYPOLOGY', '0', 0, 'ASISTENCIA FAMILIAR', NULL, 'A', '2022-12-01 07:02:49', '2022-12-06 14:52:45'),
(6, 1, '69abe0de-7812-41bd-9124-6a7238aee7d1', '69abe0de-7812-41bd-9124-6a7238aee7d1', 1, 'SLIM', 'es', NULL, 'INSTITUTIONS', '0', 0, 'SLIM', NULL, 'A', '2022-12-01 07:02:59', '2022-12-01 07:02:59'),
(7, 1, '69abe0de-7812-41bd-9124-6a7238aee7d1', '69abe0de-7812-41bd-9124-6a7238aee7d1', 2, 'FELCV', 'es', NULL, 'INSTITUTIONS', '0', 0, 'FELCV', NULL, 'A', '2022-12-01 07:03:05', '2022-12-01 07:03:05'),
(8, 1, '69abe0de-7812-41bd-9124-6a7238aee7d1', '69abe0de-7812-41bd-9124-6a7238aee7d1', 1, 'LIC. NOMBRE COMPLETO', 'es', NULL, 'DEPENDENTS', '0', 0, 'LIC. NOMBRE COMPLETO', NULL, 'A', '2022-12-01 07:03:19', '2022-12-01 07:03:19'),
(9, 1, '69abe0de-7812-41bd-9124-6a7238aee7d1', '69abe0de-7812-41bd-9124-6a7238aee7d1', 1, 'PRIMERO DE PRIMARIA', 'es', NULL, 'GRADES', '0', 0, 'PRIMERO DE PRIMARIA', NULL, 'A', '2022-12-01 07:24:11', '2022-12-01 07:24:11'),
(10, 1, '69abe0de-7812-41bd-9124-6a7238aee7d1', '69abe0de-7812-41bd-9124-6a7238aee7d1', 1, 'PROCESO CULMINADO', 'es', NULL, 'MOTIVOCIERRE', '0', 0, 'PROCESO CULMINADO', NULL, 'A', '2022-12-01 09:00:33', '2022-12-01 09:00:33'),
(11, 1, '69abe0de-7812-41bd-9124-6a7238aee7d1', '69abe0de-7812-41bd-9124-6a7238aee7d1', 2, 'TRANSFERENCIA A OTRA ENTIDAD', 'es', NULL, 'MOTIVOCIERRE', '0', 0, 'TRANSFERENCIA A OTRA ENTIDAD', NULL, 'A', '2022-12-01 09:00:40', '2022-12-01 09:00:40'),
(12, 1, '69abe0de-7812-41bd-9124-6a7238aee7d1', '69abe0de-7812-41bd-9124-6a7238aee7d1', 1, 'DENUNCIA', 'es', NULL, 'TIPO', '0', 0, 'DENUNCIA', NULL, 'A', '2022-12-01 09:05:47', '2022-12-01 09:05:47'),
(13, 1, '69abe0de-7812-41bd-9124-6a7238aee7d1', '69abe0de-7812-41bd-9124-6a7238aee7d1', 2, 'CONOCIMIENTO', 'es', NULL, 'TIPO', '0', 0, 'CONOCIMIENTO', NULL, 'A', '2022-12-01 09:05:52', '2022-12-01 09:05:52'),
(14, 1, '69abe0de-7812-41bd-9124-6a7238aee7d1', '69abe0de-7812-41bd-9124-6a7238aee7d1', 5, 'NINGUNO(A)', 'es', NULL, 'PARENTEZCO', '0', 0, 'NINGUNO(A)', NULL, 'A', '2022-12-06 14:46:43', '2022-12-06 14:46:43'),
(15, 1, '69abe0de-7812-41bd-9124-6a7238aee7d1', '69abe0de-7812-41bd-9124-6a7238aee7d1', 2, 'SUSPENSION DE LA AUTORIDAD MATERNA, PATERNA O DE AMBOS', 'es', NULL, 'TYPOLOGY', '0', 0, 'SUSPENSION DE LA AUTORIDAD MATERNA, PATERNA O DE AMBOS', NULL, 'A', '2022-12-06 14:52:56', '2022-12-06 14:52:56'),
(16, 1, '69abe0de-7812-41bd-9124-6a7238aee7d1', '69abe0de-7812-41bd-9124-6a7238aee7d1', 3, 'EXTINCION DE LA AUTORIDAD MATERNA, PATERNA O DE AMBOS', 'es', NULL, 'TYPOLOGY', '0', 0, 'EXTINCION DE LA AUTORIDAD MATERNA, PATERNA O DE AMBOS', NULL, 'A', '2022-12-06 14:53:04', '2022-12-06 14:53:04'),
(17, 1, '69abe0de-7812-41bd-9124-6a7238aee7d1', '69abe0de-7812-41bd-9124-6a7238aee7d1', 4, 'EXTINCION DE LA AUTORIDAD MATERNA, PATERNA O DE AMBOS POR RENUNCIA PARA ADOPCION', 'es', NULL, 'TYPOLOGY', '0', 0, 'EXTINCION DE LA AUTORIDAD MATERNA, PATERNA O DE AMBOS POR RENUNCIA PARA ADOPCION', NULL, 'A', '2022-12-06 14:53:15', '2022-12-06 14:53:15'),
(18, 1, '69abe0de-7812-41bd-9124-6a7238aee7d1', '69abe0de-7812-41bd-9124-6a7238aee7d1', 5, 'ABANDONO DE NNA', 'es', NULL, 'TYPOLOGY', '0', 0, 'ABANDONO DE NNA', NULL, 'A', '2022-12-06 14:53:22', '2022-12-06 14:53:22'),
(19, 1, '69abe0de-7812-41bd-9124-6a7238aee7d1', '69abe0de-7812-41bd-9124-6a7238aee7d1', 6, 'VIOLENCIA FISICA', 'es', NULL, 'TYPOLOGY', '0', 0, 'VIOLENCIA FISICA', NULL, 'A', '2022-12-06 14:53:37', '2022-12-06 14:53:37'),
(20, 1, '69abe0de-7812-41bd-9124-6a7238aee7d1', '69abe0de-7812-41bd-9124-6a7238aee7d1', 7, 'VIOLENCIA PSICOLOGICA', 'es', NULL, 'TYPOLOGY', '0', 0, 'VIOLENCIA PSICOLOGICA', NULL, 'A', '2022-12-06 14:53:42', '2022-12-06 14:53:42'),
(21, 1, '69abe0de-7812-41bd-9124-6a7238aee7d1', '69abe0de-7812-41bd-9124-6a7238aee7d1', 8, 'VIOLENCIA EN EL SISTEMA EDUCATIVO', 'es', NULL, 'TYPOLOGY', '0', 0, 'VIOLENCIA EN EL SISTEMA EDUCATIVO', NULL, 'A', '2022-12-06 14:53:48', '2022-12-06 15:28:41'),
(22, 1, '69abe0de-7812-41bd-9124-6a7238aee7d1', '69abe0de-7812-41bd-9124-6a7238aee7d1', 9, 'SOMETIMIENTO A CASTIGO', 'es', NULL, 'TYPOLOGY', '0', 0, 'SOMETIMIENTO A CASTIGO', NULL, 'A', '2022-12-06 14:53:56', '2022-12-06 14:53:56'),
(23, 1, '69abe0de-7812-41bd-9124-6a7238aee7d1', '69abe0de-7812-41bd-9124-6a7238aee7d1', 2, 'LIC. DE EJEMPLO', 'es', NULL, 'DEPENDENTS', '0', 0, 'LIC. DE EJEMPLO', NULL, 'A', '2022-12-06 14:54:06', '2022-12-06 14:54:06'),
(24, 1, '69abe0de-7812-41bd-9124-6a7238aee7d1', '69abe0de-7812-41bd-9124-6a7238aee7d1', 2, 'SEGUNDO DE PRIMARIA', 'es', NULL, 'GRADES', '0', 0, 'SEGUNDO DE PRIMARIA', NULL, 'A', '2022-12-06 14:54:17', '2022-12-06 14:54:17'),
(25, 1, '69abe0de-7812-41bd-9124-6a7238aee7d1', '69abe0de-7812-41bd-9124-6a7238aee7d1', 3, 'TERCERO DE PRIMARIA', 'es', NULL, 'GRADES', '0', 0, 'TERCERO DE PRIMARIA', NULL, 'A', '2022-12-06 14:54:25', '2022-12-06 14:54:25'),
(26, 1, '69abe0de-7812-41bd-9124-6a7238aee7d1', '69abe0de-7812-41bd-9124-6a7238aee7d1', 4, 'CUARTO DE PRIMARIA', 'es', NULL, 'GRADES', '0', 0, 'CUARTO DE PRIMARIA', NULL, 'A', '2022-12-06 14:54:30', '2022-12-06 14:54:30'),
(27, 1, '69abe0de-7812-41bd-9124-6a7238aee7d1', '69abe0de-7812-41bd-9124-6a7238aee7d1', 5, 'QUINTO DE PRIMARIA', 'es', NULL, 'GRADES', '0', 0, 'QUINTO DE PRIMARIA', NULL, 'A', '2022-12-06 14:54:36', '2022-12-06 14:54:36'),
(28, 1, '69abe0de-7812-41bd-9124-6a7238aee7d1', '69abe0de-7812-41bd-9124-6a7238aee7d1', 6, 'SEXTO DE PRIMARIA', 'es', NULL, 'GRADES', '0', 0, 'SEXTO DE PRIMARIA', NULL, 'A', '2022-12-06 14:54:41', '2022-12-06 14:54:41'),
(29, 1, '69abe0de-7812-41bd-9124-6a7238aee7d1', '69abe0de-7812-41bd-9124-6a7238aee7d1', 7, 'PRIMERO DE SECUNDARIA', 'es', NULL, 'GRADES', '0', 0, 'PRIMERO DE SECUNDARIA', NULL, 'A', '2022-12-06 14:54:50', '2022-12-06 14:54:50'),
(30, 1, '69abe0de-7812-41bd-9124-6a7238aee7d1', '69abe0de-7812-41bd-9124-6a7238aee7d1', 6, 'TUTOR(A)', 'es', NULL, 'PARENTEZCO', '0', 0, 'TUTOR(A)', NULL, 'A', '2022-12-06 15:27:16', '2022-12-06 15:27:16'),
(31, 1, '69abe0de-7812-41bd-9124-6a7238aee7d1', '69abe0de-7812-41bd-9124-6a7238aee7d1', 8, 'SEGUNDO DE SECUNDARIA', 'es', NULL, 'GRADES', '0', 0, 'SEGUNDO DE SECUNDARIA', NULL, 'A', '2022-12-06 15:29:30', '2022-12-06 15:29:30'),
(33, 1, '69abe0de-7812-41bd-9124-6a7238aee7d1', '69abe0de-7812-41bd-9124-6a7238aee7d1', 9, 'TERCERO DE SECUNDARIA', 'es', NULL, 'GRADES', '0', 0, 'TERCERO DE SECUNDARIA', NULL, 'A', '2022-12-13 15:14:31', '2022-12-13 15:14:31');

-- --------------------------------------------------------

--
-- Estructura de tabla para la tabla `dna_cierre_caso`
--

CREATE TABLE `dna_cierre_caso` (
  `id` int NOT NULL,
  `users_sid` varchar(50) NOT NULL COMMENT 'Related to users table',
  `global_branch_office_id` varchar(50) NOT NULL COMMENT 'Related to branch table',
  `denuncia_id` int NOT NULL COMMENT 'Relacionado a la denuncia',
  `fecha_cierre` date NOT NULL COMMENT 'Fecha de la evaluacion',
  `motivo_cierre_id` int NOT NULL COMMENT 'Relacionado al responsable catalogo = "MOTIVOCIERRE"',
  `comentarios` text CHARACTER SET utf8mb3 COLLATE utf8mb3_general_ci,
  `status` enum('A','X') NOT NULL DEFAULT 'A',
  `created_at` datetime NOT NULL DEFAULT CURRENT_TIMESTAMP,
  `updated_at` datetime NOT NULL
) ENGINE=InnoDB DEFAULT CHARSET=utf8mb3;

--
-- Volcado de datos para la tabla `dna_cierre_caso`
--

INSERT INTO `dna_cierre_caso` (`id`, `users_sid`, `global_branch_office_id`, `denuncia_id`, `fecha_cierre`, `motivo_cierre_id`, `comentarios`, `status`, `created_at`, `updated_at`) VALUES
(1, '69abe0de-7812-41bd-9124-6a7238aee7d1', '69abe0de-7812-41bd-9124-6a7238aee7d1', 3, '2022-12-06', 1, 'Es un hecho establecido hace demasiado tiempo que un lector se distraerá con el contenido del texto de un sitio mientras que mira su diseño. El punto de usar Lorem Ipsum es que tiene una distribución más o menos normal de las letras, al contrario de usar textos como por ejemplo \"Contenido aquí, contenido aquí\".', 'A', '2022-12-06 00:04:34', '2022-12-06 00:04:39'),
(2, '69abe0de-7812-41bd-9124-6a7238aee7d1', '69abe0de-7812-41bd-9124-6a7238aee7d1', 5, '2022-12-06', 1, 'Es un hecho establecido hace demasiado tiempo que un lector se distraerá con el contenido del texto de un sitio mientras que mira su diseño. El punto de usar Lorem Ipsum es que tiene una distribución más o menos normal de las letras, al contrario de usar textos como por ejemplo \"Contenido aquí, contenido aquí\". Estos textos hacen parecerlo un español que se puede leer. Muchos paquetes de autoedición y editores de páginas web usan el Lorem Ipsum como su texto por defecto, y al hacer una búsqueda de \"Lorem Ipsum\" va a dar por resultado muchos sitios web que usan este texto si se encuentran en estado de desarrollo.', 'A', '2022-12-06 15:43:45', '2022-12-06 15:43:45');

-- --------------------------------------------------------

--
-- Estructura de tabla para la tabla `dna_cierre_reapertura`
--

CREATE TABLE `dna_cierre_reapertura` (
  `id` int NOT NULL,
  `users_sid` varchar(50) NOT NULL COMMENT 'Related to users table',
  `global_branch_office_id` varchar(50) NOT NULL COMMENT 'Related to branch table',
  `denuncia_id` int NOT NULL COMMENT 'Relacionado a la denuncia',
  `fecha_reapertura` date NOT NULL COMMENT 'Fecha de la evaluacion',
  `motivo_reapertura` text CHARACTER SET utf8mb3 COLLATE utf8mb3_general_ci NOT NULL,
  `status` enum('A','X') NOT NULL DEFAULT 'A',
  `created_at` datetime NOT NULL DEFAULT CURRENT_TIMESTAMP,
  `updated_at` datetime NOT NULL
) ENGINE=InnoDB DEFAULT CHARSET=utf8mb3;

--
-- Volcado de datos para la tabla `dna_cierre_reapertura`
--

INSERT INTO `dna_cierre_reapertura` (`id`, `users_sid`, `global_branch_office_id`, `denuncia_id`, `fecha_reapertura`, `motivo_reapertura`, `status`, `created_at`, `updated_at`) VALUES
(1, '69abe0de-7812-41bd-9124-6a7238aee7d1', '69abe0de-7812-41bd-9124-6a7238aee7d1', 3, '2022-12-06', 'Es un hecho establecido hace demasiado tiempo que un lector se distraerá con el contenido del texto de un sitio mientras que mira su diseño. El punto de usar Lorem Ipsum es que tiene una distribución más o menos normal de las letras, al contrario de usar textos como por ejemplo \"Contenido aquí, contenido aquí\". Estos textos hacen parecerlo un español que se puede leer.', 'A', '2022-12-06 10:09:51', '2022-12-06 10:09:56');

-- --------------------------------------------------------

--
-- Estructura de tabla para la tabla `dna_cierre_transferencia`
--

CREATE TABLE `dna_cierre_transferencia` (
  `id` int NOT NULL,
  `users_sid` varchar(50) NOT NULL COMMENT 'Related to users table',
  `global_branch_office_id` varchar(50) NOT NULL COMMENT 'Related to branch table',
  `denuncia_id` int NOT NULL COMMENT 'Relacionado a la denuncia',
  `fecha_transferencia` date NOT NULL COMMENT 'Fecha de la evaluacion',
  `motivo_transferencia` text NOT NULL,
  `ciudad_id` int NOT NULL COMMENT 'Relacionado a la tabla ciudad',
  `distrito` varchar(150) DEFAULT NULL,
  `localidad` varchar(150) DEFAULT NULL,
  `status` enum('A','X') NOT NULL DEFAULT 'A',
  `created_at` datetime NOT NULL DEFAULT CURRENT_TIMESTAMP,
  `updated_at` datetime NOT NULL
) ENGINE=InnoDB DEFAULT CHARSET=utf8mb3;

--
-- Volcado de datos para la tabla `dna_cierre_transferencia`
--

INSERT INTO `dna_cierre_transferencia` (`id`, `users_sid`, `global_branch_office_id`, `denuncia_id`, `fecha_transferencia`, `motivo_transferencia`, `ciudad_id`, `distrito`, `localidad`, `status`, `created_at`, `updated_at`) VALUES
(1, '69abe0de-7812-41bd-9124-6a7238aee7d1', '69abe0de-7812-41bd-9124-6a7238aee7d1', 3, '2022-12-06', 'Es un hecho establecido hace demasiado tiempo que un lector se distraerá con el contenido del texto de un sitio mientras que mira su diseño. El punto de usar Lorem Ipsum es que tiene una distribución más o menos normal de las letras, al contrario de usar textos como por ejemplo \"Contenido aquí, contenido aquí\". Estos textos hacen parecerlo un español que se puede leer.', 10006, 'asdasd', 'asdasdasd', 'A', '2022-12-06 10:30:05', '2022-12-06 10:30:11'),
(2, '69abe0de-7812-41bd-9124-6a7238aee7d1', '69abe0de-7812-41bd-9124-6a7238aee7d1', 5, '2022-12-06', 'Es un hecho establecido hace demasiado tiempo que un lector se distraerá con el contenido del texto de un sitio mientras que mira su diseño. El punto de usar Lorem Ipsum es que tiene una distribución más o menos normal de las letras, al contrario de usar textos como por ejemplo \"Contenido aquí, contenido aquí\". Estos textos hacen parecerlo un español que se puede leer. Muchos paquetes de autoedición y editores de páginas web usan el Lorem Ipsum como su texto por defecto, y al hacer una búsqueda de \"Lorem Ipsum\" va a dar por resultado muchos sitios web que usan este texto si se encuentran en estado de desarrollo.', 10006, 'Distrito x', 'Localidad', 'A', '2022-12-06 15:44:13', '2022-12-06 15:44:13'),
(3, '69abe0de-7812-41bd-9124-6a7238aee7d1', '69abe0de-7812-41bd-9124-6a7238aee7d1', 7, '2022-12-13', 'Transferencia por ser de otra ciudad.', 10006, 'Distrito x', 'Localidad x', 'A', '2022-12-13 15:27:39', '2022-12-13 15:27:39');

-- --------------------------------------------------------

--
-- Estructura de tabla para la tabla `dna_denuncia`
--

CREATE TABLE `dna_denuncia` (
  `id` int NOT NULL,
  `users_sid` varchar(50) NOT NULL COMMENT 'Related to users table',
  `global_branch_office_id` varchar(50) NOT NULL COMMENT 'Related to branch table',
  `document_serial` varchar(50) DEFAULT NULL COMMENT 'The report serial number',
  `tipo_id` int NOT NULL COMMENT 'Relacionado a los catalogos="TIPO"',
  `report_date` date NOT NULL COMMENT 'The report date',
  `tipologia_id` int NOT NULL COMMENT 'Related to catalogs items = "TYPOLOGY"',
  `direccion` mediumtext NOT NULL COMMENT 'La direccion obligatoria',
  `telefono` varchar(50) DEFAULT NULL,
  `descripcion_denuncia` longtext NOT NULL COMMENT 'La descripcion larga de la denuncia',
  `acciones_a_seguir` text NOT NULL COMMENT 'Las acciones a seguir',
  `beneficiario_unicef_caritas` enum('Y','N') NOT NULL DEFAULT 'N',
  `status` enum('A','X') NOT NULL DEFAULT 'A',
  `created_at` datetime NOT NULL DEFAULT CURRENT_TIMESTAMP,
  `updated_at` datetime DEFAULT NULL
) ENGINE=InnoDB DEFAULT CHARSET=utf8mb3;

--
-- Volcado de datos para la tabla `dna_denuncia`
--

INSERT INTO `dna_denuncia` (`id`, `users_sid`, `global_branch_office_id`, `document_serial`, `tipo_id`, `report_date`, `tipologia_id`, `direccion`, `telefono`, `descripcion_denuncia`, `acciones_a_seguir`, `beneficiario_unicef_caritas`, `status`, `created_at`, `updated_at`) VALUES
(3, '69abe0de-7812-41bd-9124-6a7238aee7d1', '69abe0de-7812-41bd-9124-6a7238aee7d1', 'DNA/0003/20221201', 1, '2022-12-02', 1, 'Lorem Ipsum es simplemente el texto de relleno de las imprentas y archivos de texto. Lorem Ipsum ha sido el texto de relleno estándar de las industrias desde el año 1500, cuando un impresor (N. del T. persona que se dedica a la imprenta) desconocido usó una galería de textos y los mezcló de tal manera que logró hacer un libro de textos especimen.', '755412154', 'Lorem Ipsum es simplemente el texto de relleno de las imprentas y archivos de texto. Lorem Ipsum ha sido el texto de relleno estándar de las industrias desde el año 1500, cuando un impresor (N. del T. persona que se dedica a la imprenta) desconocido usó una galería de textos y los mezcló de tal manera que logró hacer un libro de textos especimen.', 'Lorem Ipsum es simplemente el texto de relleno de las imprentas y archivos de texto. Lorem Ipsum ha sido el texto de relleno estándar de las industrias desde el año 1500, cuando un impresor (N. del T. persona que se dedica a la imprenta) desconocido usó una galería de textos y los mezcló de tal manera que logró hacer un libro de textos especimen.', 'N', 'A', '2022-12-01 22:56:54', '2022-12-01 22:56:54'),
(4, '69abe0de-7812-41bd-9124-6a7238aee7d1', '69abe0de-7812-41bd-9124-6a7238aee7d1', 'DNA/0004/20221206', 2, '2022-12-06', 1, 'Direccion de la denuncia', '+59174125638', 'Es un hecho establecido hace demasiado tiempo que un lector se distraerá con el contenido del texto de un sitio mientras que mira su diseño. El punto de usar Lorem Ipsum es que tiene una distribución más o menos normal de las letras, al contrario de usar textos como por ejemplo \"Contenido aquí, contenido aquí\". Estos textos hacen parecerlo un español que se puede leer.', 'Acciones a seguir no determinadas.', 'N', 'A', '2022-12-06 11:14:42', '2022-12-06 11:14:42'),
(5, '69abe0de-7812-41bd-9124-6a7238aee7d1', '69abe0de-7812-41bd-9124-6a7238aee7d1', 'DNA/0005/20221206', 1, '2022-12-06', 6, 'Direccion de la denuncia', '72014523', 'En fecha 5 de diciembre del 2022, el denunciado comete violencia fisica en contra del NNA. En fecha 5 de diciembre del 2022, el denunciado comete violencia fisica en contra del NNA. En fecha 5 de diciembre del 2022, el denunciado comete violencia fisica en contra del NNA. En fecha 5 de diciembre del 2022, el denunciado comete violencia fisica en contra del NNA.', 'Acciones a seguir. Acciones a seguir, Acciones a seguir, Acciones a seguir, Acciones a seguir, Acciones a seguir, Acciones a seguir Acciones a seguir', 'N', 'A', '2022-12-06 15:37:41', '2022-12-06 15:37:41'),
(6, '69abe0de-7812-41bd-9124-6a7238aee7d1', '69abe0de-7812-41bd-9124-6a7238aee7d1', 'DNA/0006/20221208', 1, '2022-12-08', 6, 'Es un hecho establecido hace demasiado tiempo que un lector se distraerá con el contenido del texto de un sitio mientras que mira su diseño. El punto de usar Lorem Ipsum es que tiene una distribución más o menos normal de las letras, al contrario de usar textos como por ejemplo \"Contenido aquí, contenido aquí\". Estos textos hacen parecerlo un español que se puede leer.', '+591748256', 'Es un hecho establecido hace demasiado tiempo que un lector se distraerá con el contenido del texto de un sitio mientras que mira su diseño. El punto de usar Lorem Ipsum es que tiene una distribución más o menos normal de las letras, al contrario de usar textos como por ejemplo \"Contenido aquí, contenido aquí\". Estos textos hacen parecerlo un español que se puede leer.', 'Es un hecho establecido hace demasiado tiempo que un lector se distraerá con el contenido del texto de un sitio mientras que mira su diseño. El punto de usar Lorem Ipsum es que tiene una distribución más o menos normal de las letras, al contrario de usar textos como por ejemplo \"Contenido aquí, contenido aquí\". Estos textos hacen parecerlo un español que se puede leer.', 'N', 'A', '2022-12-08 14:43:05', '2022-12-08 14:43:05'),
(7, '69abe0de-7812-41bd-9124-6a7238aee7d1', '69abe0de-7812-41bd-9124-6a7238aee7d1', 'DNA/0007/20221213', 1, '2022-12-13', 6, 'Direccion de los hechos', '74125639', 'Descripcion larga de la denuncia, con lujo de detalles. Descripcion larga de la denuncia, con lujo de detalles. Descripcion larga de la denuncia, con lujo de detalles. Descripcion larga de la denuncia, con lujo de detalles. Descripcion larga de la denuncia, con lujo de detalles.', 'Acciones a seguir con lujo de detalles. Acciones a seguir con lujo de detalles. Acciones a seguir con lujo de detalles. Acciones a seguir con lujo de detalles.Acciones a seguir con lujo de detalles. Acciones a seguir con lujo de detalles.', 'N', 'A', '2022-12-13 15:20:29', '2022-12-13 15:20:29');

-- --------------------------------------------------------

--
-- Estructura de tabla para la tabla `dna_denuncia_datos_denunciados`
--

CREATE TABLE `dna_denuncia_datos_denunciados` (
  `id` int NOT NULL,
  `users_sid` varchar(50) NOT NULL COMMENT 'Related to users table',
  `global_branch_office_id` varchar(50) NOT NULL COMMENT 'Related to branch table',
  `denuncia_id` int DEFAULT NULL COMMENT 'Relacionado a la denuncia',
  `provisional` varchar(50) DEFAULT NULL COMMENT 'EL provisional',
  `nombre_completo` varchar(200) NOT NULL COMMENT 'Nombre completo del denunciante',
  `sexo` enum('M','F') NOT NULL DEFAULT 'F' COMMENT 'Sexo del denunciante',
  `edad` int NOT NULL COMMENT 'La edad del denunciado',
  `domicilio` mediumtext NOT NULL COMMENT 'Su domicilio',
  `telefono` varchar(50) DEFAULT NULL COMMENT 'Su telefono del denunciante',
  `ocupacion` varchar(200) NOT NULL COMMENT 'Ocupacion del denunciante',
  `lugar_de_trabajo` varchar(200) DEFAULT NULL COMMENT 'Lugar donde trabaja',
  `parentesco_id` int NOT NULL COMMENT 'Relacionado al catalogo PARENTEZCO',
  `status` enum('A','X') NOT NULL DEFAULT 'A',
  `created_at` datetime NOT NULL DEFAULT CURRENT_TIMESTAMP,
  `updated_at` datetime DEFAULT NULL
) ENGINE=InnoDB DEFAULT CHARSET=utf8mb3;

--
-- Volcado de datos para la tabla `dna_denuncia_datos_denunciados`
--

INSERT INTO `dna_denuncia_datos_denunciados` (`id`, `users_sid`, `global_branch_office_id`, `denuncia_id`, `provisional`, `nombre_completo`, `sexo`, `edad`, `domicilio`, `telefono`, `ocupacion`, `lugar_de_trabajo`, `parentesco_id`, `status`, `created_at`, `updated_at`) VALUES
(2, '69abe0de-7812-41bd-9124-6a7238aee7d1', '69abe0de-7812-41bd-9124-6a7238aee7d1', 3, NULL, 'Denunciado 1', 'M', 42, 'Domicilio denunciado 1', '78321684531', 'Carpintero', 'Carpinteria', 4, 'A', '2022-12-01 22:54:41', '2022-12-01 22:56:54'),
(3, '69abe0de-7812-41bd-9124-6a7238aee7d1', '69abe0de-7812-41bd-9124-6a7238aee7d1', 4, NULL, 'Carlos Argandoña Ferreira', 'M', 40, 'Desconocido', NULL, 'Carpintero', 'Desconocido', 2, 'A', '2022-12-06 11:14:28', '2022-12-06 11:14:42'),
(4, '69abe0de-7812-41bd-9124-6a7238aee7d1', '69abe0de-7812-41bd-9124-6a7238aee7d1', 5, NULL, 'Julio Mamani Quispe', 'M', 27, 'Desconocido', '789654123', 'Taxista', NULL, 5, 'A', '2022-12-06 15:36:26', '2022-12-06 15:37:41'),
(5, '69abe0de-7812-41bd-9124-6a7238aee7d1', '69abe0de-7812-41bd-9124-6a7238aee7d1', 6, NULL, 'Denunciado de ejemplo', 'M', 41, 'Domicilio del denunciado o desonocido', NULL, 'Ocupación del denunciado', 'Quizas no se conoce', 5, 'A', '2022-12-08 14:41:45', '2022-12-08 14:43:05'),
(6, '69abe0de-7812-41bd-9124-6a7238aee7d1', '69abe0de-7812-41bd-9124-6a7238aee7d1', 7, NULL, 'Nombre del denunciado o un alias', 'M', 28, 'Desconocido o domicilio conocido', '0', 'Desconocido', 'Lugar de trabajo desconocido', 5, 'A', '2022-12-13 15:19:12', '2022-12-13 15:20:29'),
(7, '69abe0de-7812-41bd-9124-6a7238aee7d1', '69abe0de-7812-41bd-9124-6a7238aee7d1', 7, NULL, 'Segundo denunciado', 'M', 17, 'Domicilio desconocido', '0', 'Ayudante de cocina', 'Mercado central', 5, 'A', '2022-12-13 15:19:54', '2022-12-13 15:20:29');

-- --------------------------------------------------------

--
-- Estructura de tabla para la tabla `dna_denuncia_datos_denunciante`
--

CREATE TABLE `dna_denuncia_datos_denunciante` (
  `id` int NOT NULL,
  `users_sid` varchar(50) NOT NULL COMMENT 'Related to users table',
  `global_branch_office_id` varchar(50) NOT NULL COMMENT 'Related to branch table',
  `denuncia_id` int DEFAULT NULL COMMENT 'Relacionado a la denuncia',
  `provisional` varchar(50) DEFAULT NULL COMMENT 'EL provisional',
  `nombre_completo` varchar(200) NOT NULL COMMENT 'Nombre completo del denunciante',
  `sexo` enum('M','F') NOT NULL DEFAULT 'F' COMMENT 'Sexo del denunciante',
  `domicilio` mediumtext NOT NULL COMMENT 'Su domicilio',
  `telefono` varchar(50) DEFAULT NULL COMMENT 'Su telefono del denunciante',
  `ocupacion` varchar(200) NOT NULL COMMENT 'Ocupacion del denunciante',
  `lugar_de_trabajo` varchar(200) DEFAULT NULL COMMENT 'Lugar donde trabaja',
  `parentesco_id` int NOT NULL COMMENT 'Relacionado al catalogo PARENTEZCO',
  `documento_identidad` varchar(50) NOT NULL COMMENT 'Numero de documento de identidad',
  `status` enum('A','X') NOT NULL DEFAULT 'A',
  `created_at` datetime NOT NULL DEFAULT CURRENT_TIMESTAMP,
  `updated_at` datetime DEFAULT NULL
) ENGINE=InnoDB DEFAULT CHARSET=utf8mb3;

--
-- Volcado de datos para la tabla `dna_denuncia_datos_denunciante`
--

INSERT INTO `dna_denuncia_datos_denunciante` (`id`, `users_sid`, `global_branch_office_id`, `denuncia_id`, `provisional`, `nombre_completo`, `sexo`, `domicilio`, `telefono`, `ocupacion`, `lugar_de_trabajo`, `parentesco_id`, `documento_identidad`, `status`, `created_at`, `updated_at`) VALUES
(3, '69abe0de-7812-41bd-9124-6a7238aee7d1', '69abe0de-7812-41bd-9124-6a7238aee7d1', 3, NULL, 'Juana Padilla', 'F', 'Domicilio', '761545454', 'Panadera', 'Panaderia Oriental', 1, '54123698', 'A', '2022-12-01 22:41:32', '2022-12-01 22:56:54'),
(4, '69abe0de-7812-41bd-9124-6a7238aee7d1', '69abe0de-7812-41bd-9124-6a7238aee7d1', 4, NULL, 'Romina Suarez', 'F', 'Direccion del domicilio', '+59174256328', 'Ama de casa', 'Su hogar', 1, '65498721 Pdo', 'A', '2022-12-06 11:12:58', '2022-12-06 11:14:42'),
(5, '69abe0de-7812-41bd-9124-6a7238aee7d1', '69abe0de-7812-41bd-9124-6a7238aee7d1', 5, NULL, 'Maria Mendez Lopez', 'F', 'Direccion del domicilio', '75632148', 'Cocinera', 'Mercado central', 1, '45612387 LP', 'A', '2022-12-06 15:34:41', '2022-12-06 15:37:41'),
(6, '69abe0de-7812-41bd-9124-6a7238aee7d1', '69abe0de-7812-41bd-9124-6a7238aee7d1', 6, NULL, 'Juana Denunciante', 'F', 'Domicilio de la denunciante', '+59174854121', 'Trabajadora del hogar, lava ropa', 'En su casa', 1, '65498712', 'A', '2022-12-08 14:33:14', '2022-12-08 14:43:05'),
(7, '69abe0de-7812-41bd-9124-6a7238aee7d1', '69abe0de-7812-41bd-9124-6a7238aee7d1', 7, NULL, 'Maria Rodriguez Calvo', 'F', 'Domicilio de la madre, mismo que del NNA', '75214863', 'Ama de casa', 'En su hogar', 1, '45217822', 'A', '2022-12-13 15:17:10', '2022-12-13 15:20:29');

-- --------------------------------------------------------

--
-- Estructura de tabla para la tabla `dna_denuncia_datos_nna`
--

CREATE TABLE `dna_denuncia_datos_nna` (
  `id` int NOT NULL,
  `users_sid` varchar(50) NOT NULL COMMENT 'Related to users table',
  `global_branch_office_id` varchar(50) NOT NULL COMMENT 'Related to branch table',
  `denuncia_id` int DEFAULT NULL COMMENT 'Relacionado a la denuncia',
  `provisional` varchar(50) DEFAULT NULL,
  `nna_nombres` varchar(200) NOT NULL,
  `nna_apellidos` varchar(200) NOT NULL,
  `certificado_nacimiento` enum('Y','N') NOT NULL,
  `estudia` enum('Y','N') NOT NULL,
  `curso_id` int DEFAULT NULL COMMENT 'Relacionado a curso = "GRADES"',
  `gestante` enum('Y','N') NOT NULL,
  `fecha_nacimiento` date NOT NULL,
  `sexo` enum('F','M') NOT NULL,
  `nna_trabaja` enum('Y','N') NOT NULL,
  `tipo_de_trabajo` varchar(200) DEFAULT NULL,
  `status` enum('A','X') NOT NULL DEFAULT 'A',
  `created_at` datetime NOT NULL DEFAULT CURRENT_TIMESTAMP,
  `updated_at` datetime DEFAULT NULL
) ENGINE=InnoDB DEFAULT CHARSET=utf8mb3;

--
-- Volcado de datos para la tabla `dna_denuncia_datos_nna`
--

INSERT INTO `dna_denuncia_datos_nna` (`id`, `users_sid`, `global_branch_office_id`, `denuncia_id`, `provisional`, `nna_nombres`, `nna_apellidos`, `certificado_nacimiento`, `estudia`, `curso_id`, `gestante`, `fecha_nacimiento`, `sexo`, `nna_trabaja`, `tipo_de_trabajo`, `status`, `created_at`, `updated_at`) VALUES
(1, '69abe0de-7812-41bd-9124-6a7238aee7d1', '69abe0de-7812-41bd-9124-6a7238aee7d1', 3, NULL, 'Nombres del nna', 'Apellidos del nna', 'Y', 'Y', 1, 'N', '2011-12-08', 'F', 'N', NULL, 'A', '2022-12-01 22:40:33', '2022-12-01 22:40:33'),
(2, '69abe0de-7812-41bd-9124-6a7238aee7d1', '69abe0de-7812-41bd-9124-6a7238aee7d1', 4, NULL, 'Sergio', 'Almendro Ferreira', 'Y', 'Y', 1, 'N', '2009-12-04', 'M', 'N', NULL, 'A', '2022-12-06 11:12:01', '2022-12-06 11:14:42'),
(3, '69abe0de-7812-41bd-9124-6a7238aee7d1', '69abe0de-7812-41bd-9124-6a7238aee7d1', 5, NULL, 'Julio Alberto', 'Rodriguez Mendez', 'Y', 'Y', 4, 'N', '2014-06-06', 'M', 'N', NULL, 'A', '2022-12-06 15:33:20', '2022-12-06 15:37:41'),
(4, '69abe0de-7812-41bd-9124-6a7238aee7d1', '69abe0de-7812-41bd-9124-6a7238aee7d1', 6, NULL, 'Sara Claudia', 'Moya Acha', 'Y', 'Y', 8, 'N', '2005-12-15', 'F', 'N', NULL, 'A', '2022-12-08 14:29:51', '2022-12-08 14:43:05'),
(5, '69abe0de-7812-41bd-9124-6a7238aee7d1', '69abe0de-7812-41bd-9124-6a7238aee7d1', 7, NULL, 'Julio', 'Ramos Rodriguez', 'Y', 'Y', 7, 'N', '2009-05-08', 'M', 'N', NULL, 'A', '2022-12-13 15:16:24', '2022-12-13 15:20:29');

-- --------------------------------------------------------

--
-- Estructura de tabla para la tabla `dna_denuncia_padres`
--

CREATE TABLE `dna_denuncia_padres` (
  `id` int NOT NULL,
  `users_sid` varchar(50) NOT NULL COMMENT 'Related to users table',
  `global_branch_office_id` varchar(50) NOT NULL COMMENT 'Related to branch table',
  `denuncia_id` int DEFAULT NULL COMMENT 'Related to denuncia table',
  `provisional` varchar(50) CHARACTER SET utf8mb3 COLLATE utf8mb3_general_ci DEFAULT NULL COMMENT 'Provisional para la denuncia',
  `nombre_completo` varchar(250) NOT NULL COMMENT 'Nombre completo del padre',
  `parentesco_id` int NOT NULL COMMENT 'Relacionado al catalogo PARENTEZCO',
  `fecha_nacimiento` date DEFAULT NULL,
  `telefono` varchar(100) DEFAULT NULL,
  `ocupacion` varchar(200) NOT NULL COMMENT 'Su ocupacion',
  `status` enum('A','X') NOT NULL DEFAULT 'A',
  `created_at` datetime NOT NULL DEFAULT CURRENT_TIMESTAMP,
  `updated_at` datetime DEFAULT NULL
) ENGINE=InnoDB DEFAULT CHARSET=utf8mb3;

--
-- Volcado de datos para la tabla `dna_denuncia_padres`
--

INSERT INTO `dna_denuncia_padres` (`id`, `users_sid`, `global_branch_office_id`, `denuncia_id`, `provisional`, `nombre_completo`, `parentesco_id`, `fecha_nacimiento`, `telefono`, `ocupacion`, `status`, `created_at`, `updated_at`) VALUES
(2, '69abe0de-7812-41bd-9124-6a7238aee7d1', '69abe0de-7812-41bd-9124-6a7238aee7d1', 3, NULL, 'Padre 1', 2, '1985-12-05', '7545154', 'Ocupacion', 'A', '2022-12-01 22:53:07', '2022-12-01 22:56:54'),
(3, '69abe0de-7812-41bd-9124-6a7238aee7d1', '69abe0de-7812-41bd-9124-6a7238aee7d1', 4, NULL, 'Romina Suarez', 1, '1981-07-10', '+59174225333', 'Ama de casa', 'A', '2022-12-06 11:13:39', '2022-12-06 11:14:42'),
(4, '69abe0de-7812-41bd-9124-6a7238aee7d1', '69abe0de-7812-41bd-9124-6a7238aee7d1', 5, NULL, 'Jose Rodriguez', 2, '1970-05-14', '755584856', 'Carpintero', 'A', '2022-12-06 15:35:26', '2022-12-06 15:37:41'),
(5, '69abe0de-7812-41bd-9124-6a7238aee7d1', '69abe0de-7812-41bd-9124-6a7238aee7d1', 6, NULL, 'Andres Perez', 2, '1988-12-08', '+591764878451', 'Moto taxista', 'A', '2022-12-08 14:40:08', '2022-12-08 14:43:05'),
(6, '69abe0de-7812-41bd-9124-6a7238aee7d1', '69abe0de-7812-41bd-9124-6a7238aee7d1', 7, NULL, 'Alberto Ramos Ferreira', 2, '1979-05-26', '74123658', 'Moto taxista', 'A', '2022-12-13 15:17:57', '2022-12-13 15:20:29');

-- --------------------------------------------------------

--
-- Estructura de tabla para la tabla `dna_evaluacion_informacion_externa_obtenida`
--

CREATE TABLE `dna_evaluacion_informacion_externa_obtenida` (
  `id` int NOT NULL,
  `users_sid` varchar(50) NOT NULL COMMENT 'Related to users table',
  `global_branch_office_id` varchar(50) NOT NULL COMMENT 'Related to branch table',
  `denuncia_id` int NOT NULL COMMENT 'Relacionado a la denuncia',
  `fecha_informacion` date NOT NULL COMMENT 'Fecha de la evaluacion',
  `institucion_id` int NOT NULL COMMENT 'Relacionado al responsable catalogo = "INSTITUTIONS"',
  `informacion_obtenida` text CHARACTER SET utf8mb3 COLLATE utf8mb3_general_ci NOT NULL,
  `status` enum('A','X') NOT NULL DEFAULT 'A',
  `created_at` datetime NOT NULL DEFAULT CURRENT_TIMESTAMP,
  `updated_at` datetime NOT NULL
) ENGINE=InnoDB DEFAULT CHARSET=utf8mb3;

--
-- Volcado de datos para la tabla `dna_evaluacion_informacion_externa_obtenida`
--

INSERT INTO `dna_evaluacion_informacion_externa_obtenida` (`id`, `users_sid`, `global_branch_office_id`, `denuncia_id`, `fecha_informacion`, `institucion_id`, `informacion_obtenida`, `status`, `created_at`, `updated_at`) VALUES
(1, '69abe0de-7812-41bd-9124-6a7238aee7d1', '69abe0de-7812-41bd-9124-6a7238aee7d1', 3, '2022-12-05', 2, 'Es un hecho establecido hace demasiado tiempo que un lector se distraerá con el contenido del texto de un sitio mientras que mira su diseño. El punto de usar Lorem Ipsum es que tiene una distribución más o menos normal de las letras, al contrario de usar textos como por ejemplo \"Contenido aquí, contenido aquí\". Estos textos hacen parecerlo un español que se puede leer.', 'A', '2022-12-05 00:17:34', '2022-12-05 00:17:34'),
(2, '69abe0de-7812-41bd-9124-6a7238aee7d1', '69abe0de-7812-41bd-9124-6a7238aee7d1', 7, '2022-12-13', 2, 'Informacion que hemos obtenido', 'A', '2022-12-13 15:23:51', '2022-12-13 15:23:51');

-- --------------------------------------------------------

--
-- Estructura de tabla para la tabla `dna_evaluacion_inicial_integradora`
--

CREATE TABLE `dna_evaluacion_inicial_integradora` (
  `id` int NOT NULL,
  `users_sid` varchar(50) NOT NULL COMMENT 'Related to users table',
  `global_branch_office_id` varchar(50) NOT NULL COMMENT 'Related to branch table',
  `denuncia_id` int NOT NULL COMMENT 'Relacionado a la denuncia',
  `fecha_evaluacion` date NOT NULL COMMENT 'Fecha de la evaluacion',
  `responsable_id` int NOT NULL COMMENT 'Relacionado al responsable catalogo = "DEPENDENTS"',
  `factores_de_riesgo` text CHARACTER SET utf8mb3 COLLATE utf8mb3_general_ci NOT NULL,
  `entrevista_nna_y_familia` longtext CHARACTER SET utf8mb3 COLLATE utf8mb3_general_ci NOT NULL,
  `status` enum('A','X') NOT NULL DEFAULT 'A',
  `created_at` datetime NOT NULL DEFAULT CURRENT_TIMESTAMP,
  `updated_at` datetime NOT NULL
) ENGINE=InnoDB DEFAULT CHARSET=utf8mb3;

--
-- Volcado de datos para la tabla `dna_evaluacion_inicial_integradora`
--

INSERT INTO `dna_evaluacion_inicial_integradora` (`id`, `users_sid`, `global_branch_office_id`, `denuncia_id`, `fecha_evaluacion`, `responsable_id`, `factores_de_riesgo`, `entrevista_nna_y_familia`, `status`, `created_at`, `updated_at`) VALUES
(1, '69abe0de-7812-41bd-9124-6a7238aee7d1', '69abe0de-7812-41bd-9124-6a7238aee7d1', 3, '2022-12-04', 1, 'Es un hecho establecido hace demasiado tiempo que un lector se distraerá con el contenido del texto de un sitio mientras que mira su diseño. El punto de usar Lorem Ipsum es que tiene una distribución más o menos normal de las letras, al contrario de usar textos como por ejemplo \"Contenido aquí, contenido aquí\". Estos textos hacen parecerlo un español que se puede leer.', 'Es un hecho establecido hace demasiado tiempo que un lector se distraerá con el contenido del texto de un sitio mientras que mira su diseño. El punto de usar Lorem Ipsum es que tiene una distribución más o menos normal de las letras, al contrario de usar textos como por ejemplo \"Contenido aquí, contenido aquí\". Estos textos hacen parecerlo un español que se puede leer.', 'A', '2022-12-04 23:59:41', '2022-12-05 00:01:07'),
(2, '69abe0de-7812-41bd-9124-6a7238aee7d1', '69abe0de-7812-41bd-9124-6a7238aee7d1', 5, '2022-12-06', 2, 'factores de riesgo', 'Es un hecho establecido hace demasiado tiempo que un lector se distraerá con el contenido del texto de un sitio mientras que mira su diseño. El punto de usar Lorem Ipsum es que tiene una distribución más o menos normal de las letras, al contrario de usar textos como por ejemplo \"Contenido aquí, contenido aquí\". Estos textos hacen parecerlo un español que se puede leer. Muchos paquetes de autoedición y editores de páginas web usan el Lorem Ipsum como su texto por defecto, y al hacer una búsqueda de \"Lorem Ipsum\" va a dar por resultado muchos sitios web que usan este texto si se encuentran en estado de desarrollo.', 'A', '2022-12-06 15:40:48', '2022-12-06 15:40:48'),
(3, '69abe0de-7812-41bd-9124-6a7238aee7d1', '69abe0de-7812-41bd-9124-6a7238aee7d1', 7, '2022-12-13', 1, 'Los factores de riesgo identificados', 'La entrevista del NNA y su familia', 'A', '2022-12-13 15:23:34', '2022-12-13 15:23:34');

-- --------------------------------------------------------

--
-- Estructura de tabla para la tabla `dna_evaluacion_inicial_psicologica`
--

CREATE TABLE `dna_evaluacion_inicial_psicologica` (
  `id` int NOT NULL,
  `users_sid` varchar(50) NOT NULL COMMENT 'Related to users table',
  `global_branch_office_id` varchar(50) NOT NULL COMMENT 'Related to branch table',
  `denuncia_id` int NOT NULL COMMENT 'Relacionado a la denuncia',
  `fecha_evaluacion` date NOT NULL COMMENT 'Fecha de la evaluacion',
  `tipologia_id` int NOT NULL COMMENT 'Related to catalogs items = "TYPOLOGY"	',
  `responsable_id` int NOT NULL COMMENT 'Relacionado al responsable catalogo = "DEPENDENTS"',
  `resultado` text NOT NULL,
  `conclusiones` text NOT NULL,
  `recomendaciones` text NOT NULL,
  `sugerencias_inmediatas` text,
  `attachments` text,
  `status` enum('A','X') NOT NULL DEFAULT 'A',
  `created_at` datetime NOT NULL DEFAULT CURRENT_TIMESTAMP,
  `updated_at` datetime NOT NULL
) ENGINE=InnoDB DEFAULT CHARSET=utf8mb3;

--
-- Volcado de datos para la tabla `dna_evaluacion_inicial_psicologica`
--

INSERT INTO `dna_evaluacion_inicial_psicologica` (`id`, `users_sid`, `global_branch_office_id`, `denuncia_id`, `fecha_evaluacion`, `tipologia_id`, `responsable_id`, `resultado`, `conclusiones`, `recomendaciones`, `sugerencias_inmediatas`, `attachments`, `status`, `created_at`, `updated_at`) VALUES
(1, '69abe0de-7812-41bd-9124-6a7238aee7d1', '69abe0de-7812-41bd-9124-6a7238aee7d1', 3, '2022-12-02', 1, 1, 'Lorem ipsum dolor sit amet, consectetur adipiscing elit. Integer tincidunt, nisi ut convallis venenatis, arcu velit accumsan sem, vitae lobortis purus erat at mi. Suspendisse potenti. Phasellus tincidunt hendrerit convallis. Nulla facilisi. Vivamus euismod convallis sollicitudin. Vivamus et consequat nulla. Suspendisse ut eros non erat lobortis vulputate. Nunc luctus felis id auctor efficitur. Maecenas eget aliquam metus. In eleifend lorem massa, id laoreet erat vehicula eu. Morbi sodales diam et arcu finibus, in pretium nulla scelerisque. Ut et faucibus felis. In imperdiet vel massa maximus laoreet. Pellentesque sit amet ullamcorper lorem. Phasellus eget justo venenatis, gravida nunc ut, tincidunt leo.', 'Lorem ipsum dolor sit amet, consectetur adipiscing elit. Integer tincidunt, nisi ut convallis venenatis, arcu velit accumsan sem, vitae lobortis purus erat at mi. Suspendisse potenti. Phasellus tincidunt hendrerit convallis. Nulla facilisi. Vivamus euismod convallis sollicitudin. Vivamus et consequat nulla. Suspendisse ut eros non erat lobortis vulputate. Nunc luctus felis id auctor efficitur. Maecenas eget aliquam metus. In eleifend lorem massa, id laoreet erat vehicula eu. Morbi sodales diam et arcu finibus, in pretium nulla scelerisque. Ut et faucibus felis. In imperdiet vel massa maximus laoreet. Pellentesque sit amet ullamcorper lorem. Phasellus eget justo venenatis, gravida nunc ut, tincidunt leo.', 'Lorem ipsum dolor sit amet, consectetur adipiscing elit. Integer tincidunt, nisi ut convallis venenatis, arcu velit accumsan sem, vitae lobortis purus erat at mi. Suspendisse potenti. Phasellus tincidunt hendrerit convallis. Nulla facilisi. Vivamus euismod convallis sollicitudin. Vivamus et consequat nulla. Suspendisse ut eros non erat lobortis vulputate. Nunc luctus felis id auctor efficitur. Maecenas eget aliquam metus. In eleifend lorem massa, id laoreet erat vehicula eu. Morbi sodales diam et arcu finibus, in pretium nulla scelerisque. Ut et faucibus felis. In imperdiet vel massa maximus laoreet. Pellentesque sit amet ullamcorper lorem. Phasellus eget justo venenatis, gravida nunc ut, tincidunt leo.', 'Lorem ipsum dolor sit amet, consectetur adipiscing elit. Integer tincidunt, nisi ut convallis venenatis, arcu velit accumsan sem, vitae lobortis purus erat at mi. Suspendisse potenti. Phasellus tincidunt hendrerit convallis. Nulla facilisi. Vivamus euismod convallis sollicitudin. Vivamus et consequat nulla. Suspendisse ut eros non erat lobortis vulputate. Nunc luctus felis id auctor efficitur. Maecenas eget aliquam metus. In eleifend lorem massa, id laoreet erat vehicula eu. Morbi sodales diam et arcu finibus, in pretium nulla scelerisque. Ut et faucibus felis. In imperdiet vel massa maximus laoreet. Pellentesque sit amet ullamcorper lorem. Phasellus eget justo venenatis, gravida nunc ut, tincidunt leo.', '1669978108-2404165-e0ddb15c-07f8-4dc5-aa63-e26cf00997a0.jpeg', 'A', '2022-12-02 06:48:28', '2022-12-02 06:48:28'),
(2, '69abe0de-7812-41bd-9124-6a7238aee7d1', '69abe0de-7812-41bd-9124-6a7238aee7d1', 3, '2022-12-04', 1, 1, 'Es un hecho establecido hace demasiado tiempo que un lector se distraerá con el contenido del texto de un sitio mientras que mira su diseño. El punto de usar Lorem Ipsum es que tiene una distribución más o menos normal de las letras, al contrario de usar textos como por ejemplo \"Contenido aquí, contenido aquí\". Estos textos hacen parecerlo un español que se puede leer.', 'Es un hecho establecido hace demasiado tiempo que un lector se distraerá con el contenido del texto de un sitio mientras que mira su diseño. El punto de usar Lorem Ipsum es que tiene una distribución más o menos normal de las letras, al contrario de usar textos como por ejemplo \"Contenido aquí, contenido aquí\". Estos textos hacen parecerlo un español que se puede leer.', 'Es un hecho establecido hace demasiado tiempo que un lector se distraerá con el contenido del texto de un sitio mientras que mira su diseño. El punto de usar Lorem Ipsum es que tiene una distribución más o menos normal de las letras, al contrario de usar textos como por ejemplo \"Contenido aquí, contenido aquí\". Estos textos hacen parecerlo un español que se puede leer.', 'Es un hecho establecido hace demasiado tiempo que un lector se distraerá con el contenido del texto de un sitio mientras que mira su diseño. El punto de usar Lorem Ipsum es que tiene una distribución más o menos normal de las letras, al contrario de usar textos como por ejemplo \"Contenido aquí, contenido aquí\". Estos textos hacen parecerlo un español que se puede leer.', '1670204749-1739917-0e3d89e8-d946-4270-aed6-8e9238db7fab.png', 'A', '2022-12-04 21:45:50', '2022-12-04 21:45:57'),
(3, '69abe0de-7812-41bd-9124-6a7238aee7d1', '69abe0de-7812-41bd-9124-6a7238aee7d1', 5, '2022-12-06', 6, 1, 'Es un hecho establecido hace demasiado tiempo que un lector se distraerá con el contenido del texto de un sitio mientras que mira su diseño. El punto de usar Lorem Ipsum es que tiene una distribución más o menos normal de las letras, al contrario de usar textos como por ejemplo \"Contenido aquí, contenido aquí\". Estos textos hacen parecerlo un español que se puede leer. Muchos paquetes de autoedición y editores de páginas web usan el Lorem Ipsum como su texto por defecto, y al hacer una búsqueda de \"Lorem Ipsum\" va a dar por resultado muchos sitios web que usan este texto si se encuentran en estado de desarrollo.', 'Es un hecho establecido hace demasiado tiempo que un lector se distraerá con el contenido del texto de un sitio mientras que mira su diseño. El punto de usar Lorem Ipsum es que tiene una distribución más o menos normal de las letras, al contrario de usar textos como por ejemplo \"Contenido aquí, contenido aquí\". Estos textos hacen parecerlo un español que se puede leer. Muchos paquetes de autoedición y editores de páginas web usan el Lorem Ipsum como su texto por defecto, y al hacer una búsqueda de \"Lorem Ipsum\" va a dar por resultado muchos sitios web que usan este texto si se encuentran en estado de desarrollo.', 'Es un hecho establecido hace demasiado tiempo que un lector se distraerá con el contenido del texto de un sitio mientras que mira su diseño. El punto de usar Lorem Ipsum es que tiene una distribución más o menos normal de las letras, al contrario de usar textos como por ejemplo \"Contenido aquí, contenido aquí\". Estos textos hacen parecerlo un español que se puede leer. Muchos paquetes de autoedición y editores de páginas web usan el Lorem Ipsum como su texto por defecto, y al hacer una búsqueda de \"Lorem Ipsum\" va a dar por resultado muchos sitios web que usan este texto si se encuentran en estado de desarrollo.', 'Es un hecho establecido hace demasiado tiempo que un lector se distraerá con el contenido del texto de un sitio mientras que mira su diseño. El punto de usar Lorem Ipsum es que tiene una distribución más o menos normal de las letras, al contrario de usar textos como por ejemplo \"Contenido aquí, contenido aquí\". Estos textos hacen parecerlo un español que se puede leer. Muchos paquetes de autoedición y editores de páginas web usan el Lorem Ipsum como su texto por defecto, y al hacer una búsqueda de \"Lorem Ipsum\" va a dar por resultado muchos sitios web que usan este texto si se encuentran en estado de desarrollo.', '1670355602-8696541-ee77ade0-8df9-49aa-892a-8ac120510e7d.png', 'A', '2022-12-06 15:40:02', '2022-12-06 15:40:02'),
(4, '69abe0de-7812-41bd-9124-6a7238aee7d1', '69abe0de-7812-41bd-9124-6a7238aee7d1', 7, '2022-12-06', 6, 1, 'Resultado de la evaluacion psicologica inicial', 'Conclusiones de la evaluacion psicologica inicial', 'Recomendaciones a llevar a cabo', 'Sugerencias', '1670959352-2564552-9511c812-57a3-4bf7-a274-7bf061b6b98f.png', 'A', '2022-12-13 15:22:32', '2022-12-13 15:22:32');

-- --------------------------------------------------------

--
-- Estructura de tabla para la tabla `dna_evaluacion_inicial_social`
--

CREATE TABLE `dna_evaluacion_inicial_social` (
  `id` int NOT NULL,
  `users_sid` varchar(50) NOT NULL COMMENT 'Related to users table',
  `global_branch_office_id` varchar(50) NOT NULL COMMENT 'Related to branch table',
  `denuncia_id` int NOT NULL COMMENT 'Relacionado a la denuncia',
  `fecha_evaluacion` date NOT NULL COMMENT 'Fecha de la evaluacion',
  `tipologia_id` int NOT NULL COMMENT 'Related to catalogs items = "TYPOLOGY"	',
  `responsable_id` int NOT NULL COMMENT 'Relacionado al responsable catalogo = "DEPENDENTS"',
  `resultado` text NOT NULL,
  `conclusiones` text NOT NULL,
  `recomendaciones` text NOT NULL,
  `sugerencias_inmediatas` text,
  `attachments` text,
  `status` enum('A','X') NOT NULL DEFAULT 'A',
  `created_at` datetime NOT NULL DEFAULT CURRENT_TIMESTAMP,
  `updated_at` datetime NOT NULL
) ENGINE=InnoDB DEFAULT CHARSET=utf8mb3;

--
-- Volcado de datos para la tabla `dna_evaluacion_inicial_social`
--

INSERT INTO `dna_evaluacion_inicial_social` (`id`, `users_sid`, `global_branch_office_id`, `denuncia_id`, `fecha_evaluacion`, `tipologia_id`, `responsable_id`, `resultado`, `conclusiones`, `recomendaciones`, `sugerencias_inmediatas`, `attachments`, `status`, `created_at`, `updated_at`) VALUES
(1, '69abe0de-7812-41bd-9124-6a7238aee7d1', '69abe0de-7812-41bd-9124-6a7238aee7d1', 3, '2022-12-04', 1, 1, 'Es un hecho establecido hace demasiado tiempo que un lector se distraerá con el contenido del texto de un sitio mientras que mira su diseño. El punto de usar Lorem Ipsum es que tiene una distribución más o menos normal de las letras, al contrario de usar textos como por ejemplo \"Contenido aquí, contenido aquí\". Estos textos hacen parecerlo un español que se puede leer.', 'Es un hecho establecido hace demasiado tiempo que un lector se distraerá con el contenido del texto de un sitio mientras que mira su diseño. El punto de usar Lorem Ipsum es que tiene una distribución más o menos normal de las letras, al contrario de usar textos como por ejemplo \"Contenido aquí, contenido aquí\". Estos textos hacen parecerlo un español que se puede leer.', 'Es un hecho establecido hace demasiado tiempo que un lector se distraerá con el contenido del texto de un sitio mientras que mira su diseño. El punto de usar Lorem Ipsum es que tiene una distribución más o menos normal de las letras, al contrario de usar textos como por ejemplo \"Contenido aquí, contenido aquí\". Estos textos hacen parecerlo un español que se puede leer.', 'Es un hecho establecido hace demasiado tiempo que un lector se distraerá con el contenido del texto de un sitio mientras que mira su diseño. El punto de usar Lorem Ipsum es que tiene una distribución más o menos normal de las letras, al contrario de usar textos como por ejemplo \"Contenido aquí, contenido aquí\". Estos textos hacen parecerlo un español que se puede leer.', '1670207384-1964450-0aa62e6d-70cf-4c5b-af8a-d0d39e5c9ec2.png', 'A', '2022-12-04 22:29:44', '2022-12-04 22:29:44'),
(2, '69abe0de-7812-41bd-9124-6a7238aee7d1', '69abe0de-7812-41bd-9124-6a7238aee7d1', 5, '2022-12-06', 6, 2, 'Es un hecho establecido hace demasiado tiempo que un lector se distraerá con el contenido del texto de un sitio mientras que mira su diseño. El punto de usar Lorem Ipsum es que tiene una distribución más o menos normal de las letras, al contrario de usar textos como por ejemplo \"Contenido aquí, contenido aquí\". Estos textos hacen parecerlo un español que se puede leer. Muchos paquetes de autoedición y editores de páginas web usan el Lorem Ipsum como su texto por defecto, y al hacer una búsqueda de \"Lorem Ipsum\" va a dar por resultado muchos sitios web que usan este texto si se encuentran en estado de desarrollo.', 'Es un hecho establecido hace demasiado tiempo que un lector se distraerá con el contenido del texto de un sitio mientras que mira su diseño. El punto de usar Lorem Ipsum es que tiene una distribución más o menos normal de las letras, al contrario de usar textos como por ejemplo \"Contenido aquí, contenido aquí\". Estos textos hacen parecerlo un español que se puede leer. Muchos paquetes de autoedición y editores de páginas web usan el Lorem Ipsum como su texto por defecto, y al hacer una búsqueda de \"Lorem Ipsum\" va a dar por resultado muchos sitios web que usan este texto si se encuentran en estado de desarrollo.', 'Es un hecho establecido hace demasiado tiempo que un lector se distraerá con el contenido del texto de un sitio mientras que mira su diseño. El punto de usar Lorem Ipsum es que tiene una distribución más o menos normal de las letras, al contrario de usar textos como por ejemplo \"Contenido aquí, contenido aquí\". Estos textos hacen parecerlo un español que se puede leer. Muchos paquetes de autoedición y editores de páginas web usan el Lorem Ipsum como su texto por defecto, y al hacer una búsqueda de \"Lorem Ipsum\" va a dar por resultado muchos sitios web que usan este texto si se encuentran en estado de desarrollo.', 'Es un hecho establecido hace demasiado tiempo que un lector se distraerá con el contenido del texto de un sitio mientras que mira su diseño. El punto de usar Lorem Ipsum es que tiene una distribución más o menos normal de las letras, al contrario de usar textos como por ejemplo \"Contenido aquí, contenido aquí\". Estos textos hacen parecerlo un español que se puede leer. Muchos paquetes de autoedición y editores de páginas web usan el Lorem Ipsum como su texto por defecto, y al hacer una búsqueda de \"Lorem Ipsum\" va a dar por resultado muchos sitios web que usan este texto si se encuentran en estado de desarrollo.', '1670355630-2705503-0b3f1c25-4232-4b25-9cb1-bb32e6dc2e25.png', 'A', '2022-12-06 15:40:31', '2022-12-06 15:40:31'),
(3, '69abe0de-7812-41bd-9124-6a7238aee7d1', '69abe0de-7812-41bd-9124-6a7238aee7d1', 7, '2022-12-13', 6, 2, 'Resultado evaluacion social', 'Conclusiones', 'Recomendaciones', 'Sugerencias', NULL, 'A', '2022-12-13 15:23:08', '2022-12-13 15:23:08');

-- --------------------------------------------------------

--
-- Estructura de tabla para la tabla `dna_planificacion_derivacion`
--

CREATE TABLE `dna_planificacion_derivacion` (
  `id` int NOT NULL,
  `users_sid` varchar(50) NOT NULL COMMENT 'Related to users table',
  `global_branch_office_id` varchar(50) NOT NULL COMMENT 'Related to branch table',
  `denuncia_id` int NOT NULL COMMENT 'Relacionado a la denuncia',
  `institucion_id` int NOT NULL COMMENT 'Relacionado a los catalogos="INSTITUTIONS"',
  `fecha_derivacion` date NOT NULL,
  `motivo_de_derivacion` longtext CHARACTER SET utf8mb3 COLLATE utf8mb3_general_ci NOT NULL,
  `status` enum('A','X') NOT NULL DEFAULT 'A',
  `created_at` datetime NOT NULL DEFAULT CURRENT_TIMESTAMP,
  `updated_at` datetime NOT NULL
) ENGINE=InnoDB DEFAULT CHARSET=utf8mb3;

--
-- Volcado de datos para la tabla `dna_planificacion_derivacion`
--

INSERT INTO `dna_planificacion_derivacion` (`id`, `users_sid`, `global_branch_office_id`, `denuncia_id`, `institucion_id`, `fecha_derivacion`, `motivo_de_derivacion`, `status`, `created_at`, `updated_at`) VALUES
(1, '69abe0de-7812-41bd-9124-6a7238aee7d1', '69abe0de-7812-41bd-9124-6a7238aee7d1', 3, 1, '2022-12-05', 'Es un hecho establecido hace demasiado tiempo que un lector se distraerá con el contenido del texto de un sitio mientras que mira su diseño. El punto de usar Lorem Ipsum es que tiene una distribución más o menos normal de las letras, al contrario de usar textos como por ejemplo \"Contenido aquí, contenido aquí\". Estos textos hacen parecerlo un español que se puede leer.', 'A', '2022-12-05 02:20:49', '2022-12-05 02:21:43'),
(2, '69abe0de-7812-41bd-9124-6a7238aee7d1', '69abe0de-7812-41bd-9124-6a7238aee7d1', 5, 2, '2022-12-06', 'Es un hecho establecido hace demasiado tiempo que un lector se distraerá con el contenido del texto de un sitio mientras que mira su diseño. El punto de usar Lorem Ipsum es que tiene una distribución más o menos normal de las letras, al contrario de usar textos como por ejemplo \"Contenido aquí, contenido aquí\". Estos textos hacen parecerlo un español que se puede leer. Muchos paquetes de autoedición y editores de páginas web usan el Lorem Ipsum como su texto por defecto, y al hacer una búsqueda de \"Lorem Ipsum\" va a dar por resultado muchos sitios web que usan este texto si se encuentran en estado de desarrollo.', 'A', '2022-12-06 15:42:09', '2022-12-06 15:42:09'),
(3, '69abe0de-7812-41bd-9124-6a7238aee7d1', '69abe0de-7812-41bd-9124-6a7238aee7d1', 7, 1, '2022-12-24', 'Se ha planificado derivar el caso e fecha 24', 'A', '2022-12-13 15:25:14', '2022-12-13 15:25:14');

-- --------------------------------------------------------

--
-- Estructura de tabla para la tabla `dna_planificacion_intervencion`
--

CREATE TABLE `dna_planificacion_intervencion` (
  `id` int NOT NULL,
  `users_sid` varchar(50) NOT NULL COMMENT 'Related to users table',
  `global_branch_office_id` varchar(50) NOT NULL COMMENT 'Related to branch table',
  `denuncia_id` int NOT NULL COMMENT 'Relacionado a la denuncia',
  `fecha_intervencion` date NOT NULL,
  `detalles_de_intervencion` longtext CHARACTER SET utf8mb3 COLLATE utf8mb3_general_ci NOT NULL,
  `status` enum('A','X') NOT NULL DEFAULT 'A',
  `created_at` datetime NOT NULL DEFAULT CURRENT_TIMESTAMP,
  `updated_at` datetime NOT NULL
) ENGINE=InnoDB DEFAULT CHARSET=utf8mb3;

--
-- Volcado de datos para la tabla `dna_planificacion_intervencion`
--

INSERT INTO `dna_planificacion_intervencion` (`id`, `users_sid`, `global_branch_office_id`, `denuncia_id`, `fecha_intervencion`, `detalles_de_intervencion`, `status`, `created_at`, `updated_at`) VALUES
(1, '69abe0de-7812-41bd-9124-6a7238aee7d1', '69abe0de-7812-41bd-9124-6a7238aee7d1', 3, '2022-12-05', 'Es un hecho establecido hace demasiado tiempo que un lector se distraerá con el contenido del texto de un sitio mientras que mira su diseño. El punto de usar Lorem Ipsum es que tiene una distribución más o menos normal de las letras, al contrario de usar textos como por ejemplo \"Contenido aquí, contenido aquí\". Estos textos hacen parecerlo un español que se puede leer.', 'A', '2022-12-05 02:04:56', '2022-12-05 02:05:15'),
(2, '69abe0de-7812-41bd-9124-6a7238aee7d1', '69abe0de-7812-41bd-9124-6a7238aee7d1', 5, '2022-12-06', 'Es un hecho establecido hace demasiado tiempo que un lector se distraerá con el contenido del texto de un sitio mientras que mira su diseño. El punto de usar Lorem Ipsum es que tiene una distribución más o menos normal de las letras, al contrario de usar textos como por ejemplo \"Contenido aquí, contenido aquí\". Estos textos hacen parecerlo un español que se puede leer. Muchos paquetes de autoedición y editores de páginas web usan el Lorem Ipsum como su texto por defecto, y al hacer una búsqueda de \"Lorem Ipsum\" va a dar por resultado muchos sitios web que usan este texto si se encuentran en estado de desarrollo.', 'A', '2022-12-06 15:41:59', '2022-12-06 15:41:59'),
(3, '69abe0de-7812-41bd-9124-6a7238aee7d1', '69abe0de-7812-41bd-9124-6a7238aee7d1', 7, '2022-12-13', 'Se ha planificado una intervencion.', 'A', '2022-12-13 15:24:56', '2022-12-13 15:24:56');

-- --------------------------------------------------------

--
-- Estructura de tabla para la tabla `dna_planificacion_planificacion_caso`
--

CREATE TABLE `dna_planificacion_planificacion_caso` (
  `id` int NOT NULL,
  `users_sid` varchar(50) NOT NULL COMMENT 'Related to users table',
  `global_branch_office_id` varchar(50) NOT NULL COMMENT 'Related to branch table',
  `denuncia_id` int NOT NULL COMMENT 'Relacionado a la denuncia',
  `resultados_del_monitoreo` longtext CHARACTER SET utf8mb3 COLLATE utf8mb3_general_ci NOT NULL,
  `acciones_de_conduccion_inmediata` longtext CHARACTER SET utf8mb3 COLLATE utf8mb3_general_ci NOT NULL,
  `acciones_a_mediano_plazo` text CHARACTER SET utf8mb3 COLLATE utf8mb3_general_ci,
  `acciones_de_largo_plazo` text CHARACTER SET utf8mb3 COLLATE utf8mb3_general_ci,
  `status` enum('A','X') NOT NULL DEFAULT 'A',
  `created_at` datetime NOT NULL DEFAULT CURRENT_TIMESTAMP,
  `updated_at` datetime NOT NULL
) ENGINE=InnoDB DEFAULT CHARSET=utf8mb3;

--
-- Volcado de datos para la tabla `dna_planificacion_planificacion_caso`
--

INSERT INTO `dna_planificacion_planificacion_caso` (`id`, `users_sid`, `global_branch_office_id`, `denuncia_id`, `resultados_del_monitoreo`, `acciones_de_conduccion_inmediata`, `acciones_a_mediano_plazo`, `acciones_de_largo_plazo`, `status`, `created_at`, `updated_at`) VALUES
(1, '69abe0de-7812-41bd-9124-6a7238aee7d1', '69abe0de-7812-41bd-9124-6a7238aee7d1', 3, 'Es un hecho establecido hace demasiado tiempo que un lector se distraerá con el contenido del texto de un sitio mientras que mira su diseño. El punto de usar Lorem Ipsum es que tiene una distribución más o menos normal de las letras, al contrario de usar textos como por ejemplo \"Contenido aquí, contenido aquí\". Estos textos hacen parecerlo un español que se puede leer.', 'Es un hecho establecido hace demasiado tiempo que un lector se distraerá con el contenido del texto de un sitio mientras que mira su diseño. El punto de usar Lorem Ipsum es que tiene una distribución más o menos normal de las letras, al contrario de usar textos como por ejemplo \"Contenido aquí, contenido aquí\". Estos textos hacen parecerlo un español que se puede leer.', 'Es un hecho establecido hace demasiado tiempo que un lector se distraerá con el contenido del texto de un sitio mientras que mira su diseño. El punto de usar Lorem Ipsum es que tiene una distribución más o menos normal de las letras, al contrario de usar textos como por ejemplo \"Contenido aquí, contenido aquí\". Estos textos hacen parecerlo un español que se puede leer.', 'Es un hecho establecido hace demasiado tiempo que un lector se distraerá con el contenido del texto de un sitio mientras que mira su diseño. El punto de usar Lorem Ipsum es que tiene una distribución más o menos normal de las letras, al contrario de usar textos como por ejemplo \"Contenido aquí, contenido aquí\". Estos textos hacen parecerlo un español que se puede leer.', 'A', '2022-12-05 01:51:18', '2022-12-05 01:51:27'),
(2, '69abe0de-7812-41bd-9124-6a7238aee7d1', '69abe0de-7812-41bd-9124-6a7238aee7d1', 5, 'Es un hecho establecido hace demasiado tiempo que un lector se distraerá con el contenido del texto de un sitio mientras que mira su diseño. El punto de usar Lorem Ipsum es que tiene una distribución más o menos normal de las letras, al contrario de usar textos como por ejemplo \"Contenido aquí, contenido aquí\". Estos textos hacen parecerlo un español que se puede leer. Muchos paquetes de autoedición y editores de páginas web usan el Lorem Ipsum como su texto por defecto, y al hacer una búsqueda de \"Lorem Ipsum\" va a dar por resultado muchos sitios web que usan este texto si se encuentran en estado de desarrollo.', 'Es un hecho establecido hace demasiado tiempo que un lector se distraerá con el contenido del texto de un sitio mientras que mira su diseño. El punto de usar Lorem Ipsum es que tiene una distribución más o menos normal de las letras, al contrario de usar textos como por ejemplo \"Contenido aquí, contenido aquí\". Estos textos hacen parecerlo un español que se puede leer. Muchos paquetes de autoedición y editores de páginas web usan el Lorem Ipsum como su texto por defecto, y al hacer una búsqueda de \"Lorem Ipsum\" va a dar por resultado muchos sitios web que usan este texto si se encuentran en estado de desarrollo.', 'Es un hecho establecido hace demasiado tiempo que un lector se distraerá con el contenido del texto de un sitio mientras que mira su diseño. El punto de usar Lorem Ipsum es que tiene una distribución más o menos normal de las letras, al contrario de usar textos como por ejemplo \"Contenido aquí, contenido aquí\". Estos textos hacen parecerlo un español que se puede leer. Muchos paquetes de autoedición y editores de páginas web usan el Lorem Ipsum como su texto por defecto, y al hacer una búsqueda de \"Lorem Ipsum\" va a dar por resultado muchos sitios web que usan este texto si se encuentran en estado de desarrollo.', 'Es un hecho establecido hace demasiado tiempo que un lector se distraerá con el contenido del texto de un sitio mientras que mira su diseño. El punto de usar Lorem Ipsum es que tiene una distribución más o menos normal de las letras, al contrario de usar textos como por ejemplo \"Contenido aquí, contenido aquí\". Estos textos hacen parecerlo un español que se puede leer. Muchos paquetes de autoedición y editores de páginas web usan el Lorem Ipsum como su texto por defecto, y al hacer una búsqueda de \"Lorem Ipsum\" va a dar por resultado muchos sitios web que usan este texto si se encuentran en estado de desarrollo.', 'X', '2022-12-06 15:41:44', '2022-12-06 15:41:47'),
(3, '69abe0de-7812-41bd-9124-6a7238aee7d1', '69abe0de-7812-41bd-9124-6a7238aee7d1', 5, 'Es un hecho establecido hace demasiado tiempo que un lector se distraerá con el contenido del texto de un sitio mientras que mira su diseño. El punto de usar Lorem Ipsum es que tiene una distribución más o menos normal de las letras, al contrario de usar textos como por ejemplo \"Contenido aquí, contenido aquí\". Estos textos hacen parecerlo un español que se puede leer. Muchos paquetes de autoedición y editores de páginas web usan el Lorem Ipsum como su texto por defecto, y al hacer una búsqueda de \"Lorem Ipsum\" va a dar por resultado muchos sitios web que usan este texto si se encuentran en estado de desarrollo.', 'Es un hecho establecido hace demasiado tiempo que un lector se distraerá con el contenido del texto de un sitio mientras que mira su diseño. El punto de usar Lorem Ipsum es que tiene una distribución más o menos normal de las letras, al contrario de usar textos como por ejemplo \"Contenido aquí, contenido aquí\". Estos textos hacen parecerlo un español que se puede leer. Muchos paquetes de autoedición y editores de páginas web usan el Lorem Ipsum como su texto por defecto, y al hacer una búsqueda de \"Lorem Ipsum\" va a dar por resultado muchos sitios web que usan este texto si se encuentran en estado de desarrollo.', 'Es un hecho establecido hace demasiado tiempo que un lector se distraerá con el contenido del texto de un sitio mientras que mira su diseño. El punto de usar Lorem Ipsum es que tiene una distribución más o menos normal de las letras, al contrario de usar textos como por ejemplo \"Contenido aquí, contenido aquí\". Estos textos hacen parecerlo un español que se puede leer. Muchos paquetes de autoedición y editores de páginas web usan el Lorem Ipsum como su texto por defecto, y al hacer una búsqueda de \"Lorem Ipsum\" va a dar por resultado muchos sitios web que usan este texto si se encuentran en estado de desarrollo.', 'Es un hecho establecido hace demasiado tiempo que un lector se distraerá con el contenido del texto de un sitio mientras que mira su diseño. El punto de usar Lorem Ipsum es que tiene una distribución más o menos normal de las letras, al contrario de usar textos como por ejemplo \"Contenido aquí, contenido aquí\". Estos textos hacen parecerlo un español que se puede leer. Muchos paquetes de autoedición y editores de páginas web usan el Lorem Ipsum como su texto por defecto, y al hacer una búsqueda de \"Lorem Ipsum\" va a dar por resultado muchos sitios web que usan este texto si se encuentran en estado de desarrollo.', 'A', '2022-12-06 15:41:52', '2022-12-06 15:41:52'),
(4, '69abe0de-7812-41bd-9124-6a7238aee7d1', '69abe0de-7812-41bd-9124-6a7238aee7d1', 7, 'Los resultados del monitoreo', 'Acciones de conduccion inmediata', 'Acciones a mediano plazo', 'Acciones a largo plazo', 'A', '2022-12-13 15:24:35', '2022-12-13 15:24:35');

-- --------------------------------------------------------

--
-- Estructura de tabla para la tabla `dna_puesta_en_marcha_coordinacion`
--

CREATE TABLE `dna_puesta_en_marcha_coordinacion` (
  `id` int NOT NULL,
  `users_sid` varchar(50) NOT NULL COMMENT 'Related to users table',
  `global_branch_office_id` varchar(50) NOT NULL COMMENT 'Related to branch table',
  `denuncia_id` int NOT NULL COMMENT 'Relacionado a la denuncia',
  `institucion_id` int NOT NULL COMMENT 'Relacionado a los catalogos="INSTITUTIONS"',
  `fecha_coordinacion` date NOT NULL,
  `informacion_de_la_coordinacion` longtext CHARACTER SET utf8mb3 COLLATE utf8mb3_general_ci NOT NULL,
  `status` enum('A','X') NOT NULL DEFAULT 'A',
  `created_at` datetime NOT NULL DEFAULT CURRENT_TIMESTAMP,
  `updated_at` datetime NOT NULL
) ENGINE=InnoDB DEFAULT CHARSET=utf8mb3;

--
-- Volcado de datos para la tabla `dna_puesta_en_marcha_coordinacion`
--

INSERT INTO `dna_puesta_en_marcha_coordinacion` (`id`, `users_sid`, `global_branch_office_id`, `denuncia_id`, `institucion_id`, `fecha_coordinacion`, `informacion_de_la_coordinacion`, `status`, `created_at`, `updated_at`) VALUES
(1, '69abe0de-7812-41bd-9124-6a7238aee7d1', '69abe0de-7812-41bd-9124-6a7238aee7d1', 3, 2, '2022-12-05', 'Es un hecho establecido hace demasiado tiempo que un lector se distraerá con el contenido del texto de un sitio mientras que mira su diseño. El punto de usar Lorem Ipsum es que tiene una distribución más o menos normal de las letras, al contrario de usar textos como por ejemplo \"Contenido aquí, contenido aquí\". Estos textos hacen parecerlo un español que se puede leer.', 'A', '2022-12-05 03:08:49', '2022-12-05 03:08:55'),
(2, '69abe0de-7812-41bd-9124-6a7238aee7d1', '69abe0de-7812-41bd-9124-6a7238aee7d1', 5, 1, '2022-12-06', 'Es un hecho establecido hace demasiado tiempo que un lector se distraerá con el contenido del texto de un sitio mientras que mira su diseño. El punto de usar Lorem Ipsum es que tiene una distribución más o menos normal de las letras, al contrario de usar textos como por ejemplo \"Contenido aquí, contenido aquí\". Estos textos hacen parecerlo un español que se puede leer. Muchos paquetes de autoedición y editores de páginas web usan el Lorem Ipsum como su texto por defecto, y al hacer una búsqueda de \"Lorem Ipsum\" va a dar por resultado muchos sitios web que usan este texto si se encuentran en estado de desarrollo.', 'A', '2022-12-06 15:42:42', '2022-12-06 15:42:42');

-- --------------------------------------------------------

--
-- Estructura de tabla para la tabla `dna_puesta_en_marcha_derivacion`
--

CREATE TABLE `dna_puesta_en_marcha_derivacion` (
  `id` int NOT NULL,
  `users_sid` varchar(50) NOT NULL COMMENT 'Related to users table',
  `global_branch_office_id` varchar(50) NOT NULL COMMENT 'Related to branch table',
  `denuncia_id` int NOT NULL COMMENT 'Relacionado a la denuncia',
  `institucion_id` int NOT NULL COMMENT 'Relacionado a los catalogos="INSTITUTIONS"',
  `fecha_derivacion` date NOT NULL,
  `motivo_de_derivacion` longtext CHARACTER SET utf8mb3 COLLATE utf8mb3_general_ci NOT NULL,
  `status` enum('A','X') NOT NULL DEFAULT 'A',
  `created_at` datetime NOT NULL DEFAULT CURRENT_TIMESTAMP,
  `updated_at` datetime NOT NULL
) ENGINE=InnoDB DEFAULT CHARSET=utf8mb3;

--
-- Volcado de datos para la tabla `dna_puesta_en_marcha_derivacion`
--

INSERT INTO `dna_puesta_en_marcha_derivacion` (`id`, `users_sid`, `global_branch_office_id`, `denuncia_id`, `institucion_id`, `fecha_derivacion`, `motivo_de_derivacion`, `status`, `created_at`, `updated_at`) VALUES
(1, '69abe0de-7812-41bd-9124-6a7238aee7d1', '69abe0de-7812-41bd-9124-6a7238aee7d1', 3, 2, '2022-12-05', 'Es un hecho establecido hace demasiado tiempo que un lector se distraerá con el contenido del texto de un sitio mientras que mira su diseño. El punto de usar Lorem Ipsum es que tiene una distribución más o menos normal de las letras, al contrario de usar textos como por ejemplo \"Contenido aquí, contenido aquí\". Estos textos hacen parecerlo un español que se puede leer.', 'A', '2022-12-05 02:59:10', '2022-12-05 02:59:18'),
(2, '69abe0de-7812-41bd-9124-6a7238aee7d1', '69abe0de-7812-41bd-9124-6a7238aee7d1', 5, 2, '2022-12-06', 'Es un hecho establecido hace demasiado tiempo que un lector se distraerá con el contenido del texto de un sitio mientras que mira su diseño. El punto de usar Lorem Ipsum es que tiene una distribución más o menos normal de las letras, al contrario de usar textos como por ejemplo \"Contenido aquí, contenido aquí\". Estos textos hacen parecerlo un español que se puede leer. Muchos paquetes de autoedición y editores de páginas web usan el Lorem Ipsum como su texto por defecto, y al hacer una búsqueda de \"Lorem Ipsum\" va a dar por resultado muchos sitios web que usan este texto si se encuentran en estado de desarrollo.', 'A', '2022-12-06 15:42:24', '2022-12-06 15:42:24'),
(3, '69abe0de-7812-41bd-9124-6a7238aee7d1', '69abe0de-7812-41bd-9124-6a7238aee7d1', 7, 1, '2022-12-24', 'Llevamos a cabo la derivacion del NNA por motivos establecidos en la planificacion.', 'A', '2022-12-13 15:25:56', '2022-12-13 15:25:56');

-- --------------------------------------------------------

--
-- Estructura de tabla para la tabla `dna_seguimiento`
--

CREATE TABLE `dna_seguimiento` (
  `id` int NOT NULL,
  `users_sid` varchar(50) NOT NULL COMMENT 'Related to users table',
  `global_branch_office_id` varchar(50) NOT NULL COMMENT 'Related to branch table',
  `denuncia_id` int NOT NULL COMMENT 'Relacionado a la denuncia',
  `fecha_seguimiento` date NOT NULL COMMENT 'Fecha de la evaluacion',
  `responsable_id` int NOT NULL COMMENT 'Relacionado al responsable catalogo = "DEPENDENTS"',
  `NUREJ` varchar(50) DEFAULT NULL,
  `cif` varchar(50) DEFAULT NULL,
  `detalle_del_seguimiento` longtext CHARACTER SET utf8mb3 COLLATE utf8mb3_general_ci NOT NULL,
  `attachments` text,
  `status` enum('A','X') NOT NULL DEFAULT 'A',
  `created_at` datetime NOT NULL DEFAULT CURRENT_TIMESTAMP,
  `updated_at` datetime NOT NULL
) ENGINE=InnoDB DEFAULT CHARSET=utf8mb3;

--
-- Volcado de datos para la tabla `dna_seguimiento`
--

INSERT INTO `dna_seguimiento` (`id`, `users_sid`, `global_branch_office_id`, `denuncia_id`, `fecha_seguimiento`, `responsable_id`, `NUREJ`, `cif`, `detalle_del_seguimiento`, `attachments`, `status`, `created_at`, `updated_at`) VALUES
(1, '69abe0de-7812-41bd-9124-6a7238aee7d1', '69abe0de-7812-41bd-9124-6a7238aee7d1', 3, '2022-12-05', 1, '321654', '321456', 'Es un hecho establecido hace demasiado tiempo que un lector se distraerá con el contenido del texto de un sitio mientras que mira su diseño. El punto de usar Lorem Ipsum es que tiene una distribución más o menos normal de las letras, al contrario de usar textos como por ejemplo \"Contenido aquí, contenido aquí\". Estos textos hacen parecerlo un español que se puede leer.', '1670241355-5231192-67cb3958-ee8a-44af-96b6-6b78589d6945.png', 'A', '2022-12-05 07:55:55', '2022-12-05 07:56:04'),
(2, '69abe0de-7812-41bd-9124-6a7238aee7d1', '69abe0de-7812-41bd-9124-6a7238aee7d1', 5, '2022-12-06', 2, '654654645', '687987987', 'Es un hecho establecido hace demasiado tiempo que un lector se distraerá con el contenido del texto de un sitio mientras que mira su diseño. El punto de usar Lorem Ipsum es que tiene una distribución más o menos normal de las letras, al contrario de usar textos como por ejemplo \"Contenido aquí, contenido aquí\". Estos textos hacen parecerlo un español que se puede leer. Muchos paquetes de autoedición y editores de páginas web usan el Lorem Ipsum como su texto por defecto, y al hacer una búsqueda de \"Lorem Ipsum\" va a dar por resultado muchos sitios web que usan este texto si se encuentran en estado de desarrollo.', '1670355785-6437773-e812735b-971c-426e-9980-11a1a5a4c741.png|1670355786-6259793-d50e4b0d-2924-400a-b2b1-6b834a00dc4b.png', 'A', '2022-12-06 15:43:06', '2022-12-06 15:43:06'),
(3, '69abe0de-7812-41bd-9124-6a7238aee7d1', '69abe0de-7812-41bd-9124-6a7238aee7d1', 5, '2022-12-02', 2, '123123', '123123', 'Es un hecho establecido hace demasiado tiempo que un lector se distraerá con el contenido del texto de un sitio mientras que mira su diseño. El punto de usar Lorem Ipsum es que tiene una distribución más o menos normal de las letras, al contrario de usar textos como por ejemplo \"Contenido aquí, contenido aquí\". Estos textos hacen parecerlo un español que se puede leer. Muchos paquetes de autoedición y editores de páginas web usan el Lorem Ipsum como su texto por defecto, y al hacer una búsqueda de \"Lorem Ipsum\" va a dar por resultado muchos sitios web que usan este texto si se encuentran en estado de desarrollo.', '1670355802-3438514-378d831d-b3e3-48cf-8d7f-b57b7d6e2386.png', 'A', '2022-12-06 15:43:22', '2022-12-06 15:43:22'),
(4, '69abe0de-7812-41bd-9124-6a7238aee7d1', '69abe0de-7812-41bd-9124-6a7238aee7d1', 7, '2022-12-13', 1, '654987', NULL, 'Detalles del seguimiento 1', NULL, 'A', '2022-12-13 15:26:31', '2022-12-13 15:26:31'),
(5, '69abe0de-7812-41bd-9124-6a7238aee7d1', '69abe0de-7812-41bd-9124-6a7238aee7d1', 7, '2022-12-23', 2, '3216547', NULL, 'Segundo seguimiento detallado', '1670959611-3152024-29aadf69-b3cc-45cd-bba6-6f106ae75c86.png', 'A', '2022-12-13 15:26:51', '2022-12-13 15:26:51');

--
-- Índices para tablas volcadas
--

--
-- Indices de la tabla `dna_catalog_items`
--
ALTER TABLE `dna_catalog_items`
  ADD PRIMARY KEY (`id`);

--
-- Indices de la tabla `dna_cierre_caso`
--
ALTER TABLE `dna_cierre_caso`
  ADD PRIMARY KEY (`id`);

--
-- Indices de la tabla `dna_cierre_reapertura`
--
ALTER TABLE `dna_cierre_reapertura`
  ADD PRIMARY KEY (`id`);

--
-- Indices de la tabla `dna_cierre_transferencia`
--
ALTER TABLE `dna_cierre_transferencia`
  ADD PRIMARY KEY (`id`);

--
-- Indices de la tabla `dna_denuncia`
--
ALTER TABLE `dna_denuncia`
  ADD PRIMARY KEY (`id`);

--
-- Indices de la tabla `dna_denuncia_datos_denunciados`
--
ALTER TABLE `dna_denuncia_datos_denunciados`
  ADD PRIMARY KEY (`id`);

--
-- Indices de la tabla `dna_denuncia_datos_denunciante`
--
ALTER TABLE `dna_denuncia_datos_denunciante`
  ADD PRIMARY KEY (`id`);

--
-- Indices de la tabla `dna_denuncia_datos_nna`
--
ALTER TABLE `dna_denuncia_datos_nna`
  ADD PRIMARY KEY (`id`);

--
-- Indices de la tabla `dna_denuncia_padres`
--
ALTER TABLE `dna_denuncia_padres`
  ADD PRIMARY KEY (`id`);

--
-- Indices de la tabla `dna_evaluacion_informacion_externa_obtenida`
--
ALTER TABLE `dna_evaluacion_informacion_externa_obtenida`
  ADD PRIMARY KEY (`id`);

--
-- Indices de la tabla `dna_evaluacion_inicial_integradora`
--
ALTER TABLE `dna_evaluacion_inicial_integradora`
  ADD PRIMARY KEY (`id`);

--
-- Indices de la tabla `dna_evaluacion_inicial_psicologica`
--
ALTER TABLE `dna_evaluacion_inicial_psicologica`
  ADD PRIMARY KEY (`id`);

--
-- Indices de la tabla `dna_evaluacion_inicial_social`
--
ALTER TABLE `dna_evaluacion_inicial_social`
  ADD PRIMARY KEY (`id`);

--
-- Indices de la tabla `dna_planificacion_derivacion`
--
ALTER TABLE `dna_planificacion_derivacion`
  ADD PRIMARY KEY (`id`);

--
-- Indices de la tabla `dna_planificacion_intervencion`
--
ALTER TABLE `dna_planificacion_intervencion`
  ADD PRIMARY KEY (`id`);

--
-- Indices de la tabla `dna_planificacion_planificacion_caso`
--
ALTER TABLE `dna_planificacion_planificacion_caso`
  ADD PRIMARY KEY (`id`);

--
-- Indices de la tabla `dna_puesta_en_marcha_coordinacion`
--
ALTER TABLE `dna_puesta_en_marcha_coordinacion`
  ADD PRIMARY KEY (`id`);

--
-- Indices de la tabla `dna_puesta_en_marcha_derivacion`
--
ALTER TABLE `dna_puesta_en_marcha_derivacion`
  ADD PRIMARY KEY (`id`);

--
-- Indices de la tabla `dna_seguimiento`
--
ALTER TABLE `dna_seguimiento`
  ADD PRIMARY KEY (`id`);

--
-- AUTO_INCREMENT de las tablas volcadas
--

--
-- AUTO_INCREMENT de la tabla `dna_catalog_items`
--
ALTER TABLE `dna_catalog_items`
  MODIFY `id` int NOT NULL AUTO_INCREMENT, AUTO_INCREMENT=34;

--
-- AUTO_INCREMENT de la tabla `dna_cierre_caso`
--
ALTER TABLE `dna_cierre_caso`
  MODIFY `id` int NOT NULL AUTO_INCREMENT, AUTO_INCREMENT=3;

--
-- AUTO_INCREMENT de la tabla `dna_cierre_reapertura`
--
ALTER TABLE `dna_cierre_reapertura`
  MODIFY `id` int NOT NULL AUTO_INCREMENT, AUTO_INCREMENT=2;

--
-- AUTO_INCREMENT de la tabla `dna_cierre_transferencia`
--
ALTER TABLE `dna_cierre_transferencia`
  MODIFY `id` int NOT NULL AUTO_INCREMENT, AUTO_INCREMENT=4;

--
-- AUTO_INCREMENT de la tabla `dna_denuncia`
--
ALTER TABLE `dna_denuncia`
  MODIFY `id` int NOT NULL AUTO_INCREMENT, AUTO_INCREMENT=8;

--
-- AUTO_INCREMENT de la tabla `dna_denuncia_datos_denunciados`
--
ALTER TABLE `dna_denuncia_datos_denunciados`
  MODIFY `id` int NOT NULL AUTO_INCREMENT, AUTO_INCREMENT=8;

--
-- AUTO_INCREMENT de la tabla `dna_denuncia_datos_denunciante`
--
ALTER TABLE `dna_denuncia_datos_denunciante`
  MODIFY `id` int NOT NULL AUTO_INCREMENT, AUTO_INCREMENT=8;

--
-- AUTO_INCREMENT de la tabla `dna_denuncia_datos_nna`
--
ALTER TABLE `dna_denuncia_datos_nna`
  MODIFY `id` int NOT NULL AUTO_INCREMENT, AUTO_INCREMENT=6;

--
-- AUTO_INCREMENT de la tabla `dna_denuncia_padres`
--
ALTER TABLE `dna_denuncia_padres`
  MODIFY `id` int NOT NULL AUTO_INCREMENT, AUTO_INCREMENT=7;

--
-- AUTO_INCREMENT de la tabla `dna_evaluacion_informacion_externa_obtenida`
--
ALTER TABLE `dna_evaluacion_informacion_externa_obtenida`
  MODIFY `id` int NOT NULL AUTO_INCREMENT, AUTO_INCREMENT=3;

--
-- AUTO_INCREMENT de la tabla `dna_evaluacion_inicial_integradora`
--
ALTER TABLE `dna_evaluacion_inicial_integradora`
  MODIFY `id` int NOT NULL AUTO_INCREMENT, AUTO_INCREMENT=4;

--
-- AUTO_INCREMENT de la tabla `dna_evaluacion_inicial_psicologica`
--
ALTER TABLE `dna_evaluacion_inicial_psicologica`
  MODIFY `id` int NOT NULL AUTO_INCREMENT, AUTO_INCREMENT=5;

--
-- AUTO_INCREMENT de la tabla `dna_evaluacion_inicial_social`
--
ALTER TABLE `dna_evaluacion_inicial_social`
  MODIFY `id` int NOT NULL AUTO_INCREMENT, AUTO_INCREMENT=4;

--
-- AUTO_INCREMENT de la tabla `dna_planificacion_derivacion`
--
ALTER TABLE `dna_planificacion_derivacion`
  MODIFY `id` int NOT NULL AUTO_INCREMENT, AUTO_INCREMENT=4;

--
-- AUTO_INCREMENT de la tabla `dna_planificacion_intervencion`
--
ALTER TABLE `dna_planificacion_intervencion`
  MODIFY `id` int NOT NULL AUTO_INCREMENT, AUTO_INCREMENT=4;

--
-- AUTO_INCREMENT de la tabla `dna_planificacion_planificacion_caso`
--
ALTER TABLE `dna_planificacion_planificacion_caso`
  MODIFY `id` int NOT NULL AUTO_INCREMENT, AUTO_INCREMENT=5;

--
-- AUTO_INCREMENT de la tabla `dna_puesta_en_marcha_coordinacion`
--
ALTER TABLE `dna_puesta_en_marcha_coordinacion`
  MODIFY `id` int NOT NULL AUTO_INCREMENT, AUTO_INCREMENT=3;

--
-- AUTO_INCREMENT de la tabla `dna_puesta_en_marcha_derivacion`
--
ALTER TABLE `dna_puesta_en_marcha_derivacion`
  MODIFY `id` int NOT NULL AUTO_INCREMENT, AUTO_INCREMENT=4;

--
-- AUTO_INCREMENT de la tabla `dna_seguimiento`
--
ALTER TABLE `dna_seguimiento`
  MODIFY `id` int NOT NULL AUTO_INCREMENT, AUTO_INCREMENT=6;
COMMIT;
